
{"id":17947,"date":"2021-07-26T17:46:25","date_gmt":"2021-07-26T15:46:25","guid":{"rendered":"https:\/\/www.comercialanma.es\/?post_type=product&#038;p=17947"},"modified":"2021-07-27T15:51:57","modified_gmt":"2021-07-27T13:51:57","slug":"salsa-soja-sakura","status":"publish","type":"product","link":"https:\/\/www.comercialanma.es\/?product=salsa-soja-sakura","title":{"rendered":"Salsa soja Sakura 1L."},"content":{"rendered":"<p>Marca: Sakura Nakaya<\/p>\n<p>Presentaci\u00f3n: Pet<\/p>\n<p>Cantidad: 1L.<\/p>\n","protected":false},"excerpt":{"rendered":"<div>Salsa soja | Sakura | 1L. |<\/div>\n<div>La salsa de soja Sakura se fabr\u00edca desde hace m\u00e1s de 70 a\u00f1os, seg\u00fan una milenaria receta japonesa. Es ideal para el uso culinario diario y recomendada para aderezar todo tipo de carnes, pescados, ensaladas y platos.<\/div>\n","protected":false},"featured_media":17948,"template":"","meta":{"spay_email":""},"yoast_head":"<!-- This site is optimized with the Yoast SEO plugin v15.9 - https:\/\/yoast.com\/wordpress\/plugins\/seo\/ -->\n<title>Salsa soja Sakura 1L. - Comercial de Hosteleria Anma<\/title>\n<meta name=\"description\" content=\"Salsa soja | Sakura | 1L. | La salsa de soja Sakura se fabr\u00edca desde hace m\u00e1s de 70 a\u00f1os, seg\u00fan una milenaria receta japonesa.\" \/>\n<meta name=\"robots\" content=\"index, follow, max-snippet:-1, max-image-preview:large, max-video-preview:-1\" \/>\n<link rel=\"canonical\" href=\"https:\/\/www.comercialanma.es\/?product=salsa-soja-sakura\" \/>\n<meta property=\"og:locale\" content=\"es_ES\" \/>\n<meta property=\"og:type\" content=\"article\" \/>\n<meta property=\"og:title\" content=\"Salsa soja Sakura 1L. - Comercial de Hosteleria Anma\" \/>\n<meta property=\"og:description\" content=\"Salsa soja | Sakura | 1L. | La salsa de soja Sakura se fabr\u00edca desde hace m\u00e1s de 70 a\u00f1os, seg\u00fan una milenaria receta japonesa.\" \/>\n<meta property=\"og:url\" content=\"https:\/\/www.comercialanma.es\/?product=salsa-soja-sakura\" \/>\n<meta property=\"og:site_name\" content=\"Comercial de Hosteleria Anma\" \/>\n<meta property=\"article:publisher\" content=\"https:\/\/www.facebook.com\/AnmaHosteleria\" \/>\n<meta property=\"article:modified_time\" content=\"2021-07-27T13:51:57+00:00\" \/>\n<meta property=\"og:image\" content=\"https:\/\/i0.wp.com\/www.comercialanma.es\/wp-content\/uploads\/2021\/07\/salsa-sakura-1l.jpg?fit=1080%2C1080&#038;ssl=1\" \/>\n\t<meta property=\"og:image:width\" content=\"1080\" \/>\n\t<meta property=\"og:image:height\" content=\"1080\" \/>\n<meta name=\"twitter:card\" content=\"summary_large_image\" \/>\n<meta name=\"twitter:label1\" content=\"Tiempo de lectura\">\n\t<meta name=\"twitter:data1\" content=\"1 minuto\">\n<script type=\"application\/ld+json\" class=\"yoast-schema-graph\">{\"@context\":\"https:\/\/schema.org\",\"@graph\":[{\"@type\":\"Organization\",\"@id\":\"https:\/\/www.comercialanma.es\/#organization\",\"name\":\"Comercial Anma\",\"url\":\"https:\/\/www.comercialanma.es\/\",\"sameAs\":[\"https:\/\/www.facebook.com\/AnmaHosteleria\",\"https:\/\/www.instagram.com\/anmahosteleria\/?hl=es\",\"https:\/\/www.youtube.com\/channel\/UCT2nmn08Ntks0hmpZPnDgCA\"],\"logo\":{\"@type\":\"ImageObject\",\"@id\":\"https:\/\/www.comercialanma.es\/#logo\",\"inLanguage\":\"es\",\"url\":\"https:\/\/i2.wp.com\/www.comercialanma.es\/wp-content\/uploads\/2019\/06\/logo-anma-color.png?fit=247%2C101&ssl=1\",\"width\":247,\"height\":101,\"caption\":\"Comercial Anma\"},\"image\":{\"@id\":\"https:\/\/www.comercialanma.es\/#logo\"}},{\"@type\":\"WebSite\",\"@id\":\"https:\/\/www.comercialanma.es\/#website\",\"url\":\"https:\/\/www.comercialanma.es\/\",\"name\":\"Comercial de Hosteleria Anma\",\"description\":\"\",\"publisher\":{\"@id\":\"https:\/\/www.comercialanma.es\/#organization\"},\"potentialAction\":[{\"@type\":\"SearchAction\",\"target\":\"https:\/\/www.comercialanma.es\/?s={search_term_string}\",\"query-input\":\"required name=search_term_string\"}],\"inLanguage\":\"es\"},{\"@type\":\"ImageObject\",\"@id\":\"https:\/\/www.comercialanma.es\/?product=salsa-soja-sakura#primaryimage\",\"inLanguage\":\"es\",\"url\":\"https:\/\/i0.wp.com\/www.comercialanma.es\/wp-content\/uploads\/2021\/07\/salsa-sakura-1l.jpg?fit=1080%2C1080&ssl=1\",\"width\":1080,\"height\":1080},{\"@type\":\"WebPage\",\"@id\":\"https:\/\/www.comercialanma.es\/?product=salsa-soja-sakura#webpage\",\"url\":\"https:\/\/www.comercialanma.es\/?product=salsa-soja-sakura\",\"name\":\"Salsa soja Sakura 1L. - Comercial de Hosteleria Anma\",\"isPartOf\":{\"@id\":\"https:\/\/www.comercialanma.es\/#website\"},\"primaryImageOfPage\":{\"@id\":\"https:\/\/www.comercialanma.es\/?product=salsa-soja-sakura#primaryimage\"},\"datePublished\":\"2021-07-26T15:46:25+00:00\",\"dateModified\":\"2021-07-27T13:51:57+00:00\",\"description\":\"Salsa soja | Sakura | 1L. | La salsa de soja Sakura se fabr\\u00edca desde hace m\\u00e1s de 70 a\\u00f1os, seg\\u00fan una milenaria receta japonesa.\",\"breadcrumb\":{\"@id\":\"https:\/\/www.comercialanma.es\/?product=salsa-soja-sakura#breadcrumb\"},\"inLanguage\":\"es\",\"potentialAction\":[{\"@type\":\"ReadAction\",\"target\":[\"https:\/\/www.comercialanma.es\/?product=salsa-soja-sakura\"]}]},{\"@type\":\"BreadcrumbList\",\"@id\":\"https:\/\/www.comercialanma.es\/?product=salsa-soja-sakura#breadcrumb\",\"itemListElement\":[{\"@type\":\"ListItem\",\"position\":1,\"item\":{\"@type\":\"WebPage\",\"@id\":\"https:\/\/www.comercialanma.es\/\",\"url\":\"https:\/\/www.comercialanma.es\/\",\"name\":\"Portada\"}},{\"@type\":\"ListItem\",\"position\":2,\"item\":{\"@type\":\"WebPage\",\"@id\":\"https:\/\/www.comercialanma.es\/?page_id=3963\",\"url\":\"https:\/\/www.comercialanma.es\/?page_id=3963\",\"name\":\"Cat\\u00e1logo de Productos\"}},{\"@type\":\"ListItem\",\"position\":3,\"item\":{\"@type\":\"WebPage\",\"@id\":\"https:\/\/www.comercialanma.es\/?product=salsa-soja-sakura\",\"url\":\"https:\/\/www.comercialanma.es\/?product=salsa-soja-sakura\",\"name\":\"Salsa soja Sakura 1L.\"}}]}]}<\/script>\n<!-- \/ Yoast SEO plugin. -->","_links":{"self":[{"href":"https:\/\/www.comercialanma.es\/index.php?rest_route=\/wp\/v2\/product\/17947"}],"collection":[{"href":"https:\/\/www.comercialanma.es\/index.php?rest_route=\/wp\/v2\/product"}],"about":[{"href":"https:\/\/www.comercialanma.es\/index.php?rest_route=\/wp\/v2\/types\/product"}],"version-history":[{"count":2,"href":"https:\/\/www.comercialanma.es\/index.php?rest_route=\/wp\/v2\/product\/17947\/revisions"}],"predecessor-version":[{"id":17950,"href":"https:\/\/www.comercialanma.es\/index.php?rest_route=\/wp\/v2\/product\/17947\/revisions\/17950"}],"wp:featuredmedia":[{"embeddable":true,"href":"https:\/\/www.comercialanma.es\/index.php?rest_route=\/wp\/v2\/media\/17948"}],"wp:attachment":[{"href":"https:\/\/www.comercialanma.es\/index.php?rest_route=%2Fwp%2Fv2%2Fmedia&parent=17947"}],"curies":[{"name":"wp","href":"https:\/\/api.w.org\/{rel}","templated":true}]}}

<p>Marca: Sakura Nakaya</p>
<p>Presentación: Pet</p>
<p>Cantidad: 1L.</p>

<div>Salsa soja | Sakura | 1L. |</div>
<div>La salsa de soja Sakura se fabríca desde hace más de 70 años, según una milenaria receta japonesa. Es ideal para el uso culinario diario y recomendada para aderezar todo tipo de carnes, pescados, ensaladas y platos.</div>

<!-- This site is optimized with the Yoast SEO plugin v15.9 - https://yoast.com/wordpress/plugins/seo/ -->
<title>Salsa soja Sakura 1L. - Comercial de Hosteleria Anma</title>
<meta name="description" content="Salsa soja | Sakura | 1L. | La salsa de soja Sakura se fabríca desde hace más de 70 años, según una milenaria receta japonesa." />
<meta name="robots" content="index, follow, max-snippet:-1, max-image-preview:large, max-video-preview:-1" />
<link rel="canonical" href="https://www.comercialanma.es/?product=salsa-soja-sakura" />
<meta property="og:locale" content="es_ES" />
<meta property="og:type" content="article" />
<meta property="og:title" content="Salsa soja Sakura 1L. - Comercial de Hosteleria Anma" />
<meta property="og:description" content="Salsa soja | Sakura | 1L. | La salsa de soja Sakura se fabríca desde hace más de 70 años, según una milenaria receta japonesa." />
<meta property="og:url" content="https://www.comercialanma.es/?product=salsa-soja-sakura" />
<meta property="og:site_name" content="Comercial de Hosteleria Anma" />
<meta property="article:publisher" content="https://www.facebook.com/AnmaHosteleria" />
<meta property="article:modified_time" content="2021-07-27T13:51:57+00:00" />
<meta property="og:image" content="https://i0.wp.com/www.comercialanma.es/wp-content/uploads/2021/07/salsa-sakura-1l.jpg?fit=1080%2C1080&#038;ssl=1" />
	<meta property="og:image:width" content="1080" />
	<meta property="og:image:height" content="1080" />
<meta name="twitter:card" content="summary_large_image" />
<meta name="twitter:label1" content="Tiempo de lectura">
	<meta name="twitter:data1" content="1 minuto">
<script type="application/ld+json" class="yoast-schema-graph">{"@context":"https://schema.org","@graph":[{"@type":"Organization","@id":"https://www.comercialanma.es/#organization","name":"Comercial Anma","url":"https://www.comercialanma.es/","sameAs":["https://www.facebook.com/AnmaHosteleria","https://www.instagram.com/anmahosteleria/?hl=es","https://www.youtube.com/channel/UCT2nmn08Ntks0hmpZPnDgCA"],"logo":{"@type":"ImageObject","@id":"https://www.comercialanma.es/#logo","inLanguage":"es","url":"https://i2.wp.com/www.comercialanma.es/wp-content/uploads/2019/06/logo-anma-color.png?fit=247%2C101&ssl=1","width":247,"height":101,"caption":"Comercial Anma"},"image":{"@id":"https://www.comercialanma.es/#logo"}},{"@type":"WebSite","@id":"https://www.comercialanma.es/#website","url":"https://www.comercialanma.es/","name":"Comercial de Hosteleria Anma","description":"","publisher":{"@id":"https://www.comercialanma.es/#organization"},"potentialAction":[{"@type":"SearchAction","target":"https://www.comercialanma.es/?s={search_term_string}","query-input":"required name=search_term_string"}],"inLanguage":"es"},{"@type":"ImageObject","@id":"https://www.comercialanma.es/?product=salsa-soja-sakura#primaryimage","inLanguage":"es","url":"https://i0.wp.com/www.comercialanma.es/wp-content/uploads/2021/07/salsa-sakura-1l.jpg?fit=1080%2C1080&ssl=1","width":1080,"height":1080},{"@type":"WebPage","@id":"https://www.comercialanma.es/?product=salsa-soja-sakura#webpage","url":"https://www.comercialanma.es/?product=salsa-soja-sakura","name":"Salsa soja Sakura 1L. - Comercial de Hosteleria Anma","isPartOf":{"@id":"https://www.comercialanma.es/#website"},"primaryImageOfPage":{"@id":"https://www.comercialanma.es/?product=salsa-soja-sakura#primaryimage"},"datePublished":"2021-07-26T15:46:25+00:00","dateModified":"2021-07-27T13:51:57+00:00","description":"Salsa soja | Sakura | 1L. | La salsa de soja Sakura se fabr\u00edca desde hace m\u00e1s de 70 a\u00f1os, seg\u00fan una milenaria receta japonesa.","breadcrumb":{"@id":"https://www.comercialanma.es/?product=salsa-soja-sakura#breadcrumb"},"inLanguage":"es","potentialAction":[{"@type":"ReadAction","target":["https://www.comercialanma.es/?product=salsa-soja-sakura"]}]},{"@type":"BreadcrumbList","@id":"https://www.comercialanma.es/?product=salsa-soja-sakura#breadcrumb","itemListElement":[{"@type":"ListItem","position":1,"item":{"@type":"WebPage","@id":"https://www.comercialanma.es/","url":"https://www.comercialanma.es/","name":"Portada"}},{"@type":"ListItem","position":2,"item":{"@type":"WebPage","@id":"https://www.comercialanma.es/?page_id=3963","url":"https://www.comercialanma.es/?page_id=3963","name":"Cat\u00e1logo de Productos"}},{"@type":"ListItem","position":3,"item":{"@type":"WebPage","@id":"https://www.comercialanma.es/?product=salsa-soja-sakura","url":"https://www.comercialanma.es/?product=salsa-soja-sakura","name":"Salsa soja Sakura 1L."}}]}]}</script>
<!-- / Yoast SEO plugin. -->
