
{"id":18119,"date":"2021-07-30T16:28:31","date_gmt":"2021-07-30T14:28:31","guid":{"rendered":"https:\/\/www.comercialanma.es\/?post_type=product&#038;p=18119"},"modified":"2021-07-30T16:36:34","modified_gmt":"2021-07-30T14:36:34","slug":"fumet-de-pescado","status":"publish","type":"product","link":"https:\/\/www.comercialanma.es\/?product=fumet-de-pescado","title":{"rendered":"Fumet de pescado y marisco Aneto 1L."},"content":{"rendered":"<div class=\"tab-content\">\n<section id=\"tab3\" class=\"tab-pane page-product-box active\">\n<div class=\"suggestion-container\">\n<h2>Ingredientes<\/h2>\n<div class=\"row\">\n<div class=\"col-sm-6\">\n<p>Agua, PESCADO DE ROCA (14%: CONGRIO, RAPE, ESCACHO, RAPE, MERLUZA, GALLINETA y CABRACHO), MARISCO (6%: GAMBA ROJA, GALERA y CANGREJO), Tomate, Cebolla, Zanahoria, Aceite de Oliva, Hinojo, Sal, Puerro, APIO, \u00d1ora, Ajo, Piment\u00f3n Dulce, Az\u00facar, Laurel.<\/p>\n<\/div>\n<\/div>\n<\/div>\n<\/section>\n<\/div>\n","protected":false},"excerpt":{"rendered":"<section>\n<div>Es un caldo de la cocina tradicional marinera elaborado con pescado de roca y marisco. Es ideal para preparar sopas, guisos, salsas marineras, arroces e incluso la mejor zarzuela.<\/div>\n<\/section>\n","protected":false},"featured_media":18120,"template":"","meta":{"spay_email":""},"yoast_head":"<!-- This site is optimized with the Yoast SEO plugin v15.9 - https:\/\/yoast.com\/wordpress\/plugins\/seo\/ -->\n<title>Fumet de pescado y marisco Aneto 1L. - Comercial de Hosteleria Anma<\/title>\n<meta name=\"description\" content=\"Fumet de pescado Aneto | 1L.| Sabrosos platos de pescado o marisco. Sus ingredientes variados son una aut\u00e9ntica selecci\u00f3n de gala.\" \/>\n<meta name=\"robots\" content=\"index, follow, max-snippet:-1, max-image-preview:large, max-video-preview:-1\" \/>\n<link rel=\"canonical\" href=\"https:\/\/www.comercialanma.es\/?product=fumet-de-pescado\" \/>\n<meta property=\"og:locale\" content=\"es_ES\" \/>\n<meta property=\"og:type\" content=\"article\" \/>\n<meta property=\"og:title\" content=\"Fumet de pescado y marisco Aneto 1L. - Comercial de Hosteleria Anma\" \/>\n<meta property=\"og:description\" content=\"Fumet de pescado Aneto | 1L.| Sabrosos platos de pescado o marisco. Sus ingredientes variados son una aut\u00e9ntica selecci\u00f3n de gala.\" \/>\n<meta property=\"og:url\" content=\"https:\/\/www.comercialanma.es\/?product=fumet-de-pescado\" \/>\n<meta property=\"og:site_name\" content=\"Comercial de Hosteleria Anma\" \/>\n<meta property=\"article:publisher\" content=\"https:\/\/www.facebook.com\/AnmaHosteleria\" \/>\n<meta property=\"article:modified_time\" content=\"2021-07-30T14:36:34+00:00\" \/>\n<meta property=\"og:image\" content=\"https:\/\/i0.wp.com\/www.comercialanma.es\/wp-content\/uploads\/2021\/07\/Fumet-de-pescado-aneto-1l.jpg?fit=1080%2C1080&#038;ssl=1\" \/>\n\t<meta property=\"og:image:width\" content=\"1080\" \/>\n\t<meta property=\"og:image:height\" content=\"1080\" \/>\n<meta name=\"twitter:card\" content=\"summary_large_image\" \/>\n<meta name=\"twitter:label1\" content=\"Tiempo de lectura\">\n\t<meta name=\"twitter:data1\" content=\"1 minuto\">\n<script type=\"application\/ld+json\" class=\"yoast-schema-graph\">{\"@context\":\"https:\/\/schema.org\",\"@graph\":[{\"@type\":\"Organization\",\"@id\":\"https:\/\/www.comercialanma.es\/#organization\",\"name\":\"Comercial Anma\",\"url\":\"https:\/\/www.comercialanma.es\/\",\"sameAs\":[\"https:\/\/www.facebook.com\/AnmaHosteleria\",\"https:\/\/www.instagram.com\/anmahosteleria\/?hl=es\",\"https:\/\/www.youtube.com\/channel\/UCT2nmn08Ntks0hmpZPnDgCA\"],\"logo\":{\"@type\":\"ImageObject\",\"@id\":\"https:\/\/www.comercialanma.es\/#logo\",\"inLanguage\":\"es\",\"url\":\"https:\/\/i2.wp.com\/www.comercialanma.es\/wp-content\/uploads\/2019\/06\/logo-anma-color.png?fit=247%2C101&ssl=1\",\"width\":247,\"height\":101,\"caption\":\"Comercial Anma\"},\"image\":{\"@id\":\"https:\/\/www.comercialanma.es\/#logo\"}},{\"@type\":\"WebSite\",\"@id\":\"https:\/\/www.comercialanma.es\/#website\",\"url\":\"https:\/\/www.comercialanma.es\/\",\"name\":\"Comercial de Hosteleria Anma\",\"description\":\"\",\"publisher\":{\"@id\":\"https:\/\/www.comercialanma.es\/#organization\"},\"potentialAction\":[{\"@type\":\"SearchAction\",\"target\":\"https:\/\/www.comercialanma.es\/?s={search_term_string}\",\"query-input\":\"required name=search_term_string\"}],\"inLanguage\":\"es\"},{\"@type\":\"ImageObject\",\"@id\":\"https:\/\/www.comercialanma.es\/?product=fumet-de-pescado#primaryimage\",\"inLanguage\":\"es\",\"url\":\"https:\/\/i0.wp.com\/www.comercialanma.es\/wp-content\/uploads\/2021\/07\/Fumet-de-pescado-aneto-1l.jpg?fit=1080%2C1080&ssl=1\",\"width\":1080,\"height\":1080},{\"@type\":\"WebPage\",\"@id\":\"https:\/\/www.comercialanma.es\/?product=fumet-de-pescado#webpage\",\"url\":\"https:\/\/www.comercialanma.es\/?product=fumet-de-pescado\",\"name\":\"Fumet de pescado y marisco Aneto 1L. - Comercial de Hosteleria Anma\",\"isPartOf\":{\"@id\":\"https:\/\/www.comercialanma.es\/#website\"},\"primaryImageOfPage\":{\"@id\":\"https:\/\/www.comercialanma.es\/?product=fumet-de-pescado#primaryimage\"},\"datePublished\":\"2021-07-30T14:28:31+00:00\",\"dateModified\":\"2021-07-30T14:36:34+00:00\",\"description\":\"Fumet de pescado Aneto | 1L.| Sabrosos platos de pescado o marisco. Sus ingredientes variados son una aut\\u00e9ntica selecci\\u00f3n de gala.\",\"breadcrumb\":{\"@id\":\"https:\/\/www.comercialanma.es\/?product=fumet-de-pescado#breadcrumb\"},\"inLanguage\":\"es\",\"potentialAction\":[{\"@type\":\"ReadAction\",\"target\":[\"https:\/\/www.comercialanma.es\/?product=fumet-de-pescado\"]}]},{\"@type\":\"BreadcrumbList\",\"@id\":\"https:\/\/www.comercialanma.es\/?product=fumet-de-pescado#breadcrumb\",\"itemListElement\":[{\"@type\":\"ListItem\",\"position\":1,\"item\":{\"@type\":\"WebPage\",\"@id\":\"https:\/\/www.comercialanma.es\/\",\"url\":\"https:\/\/www.comercialanma.es\/\",\"name\":\"Portada\"}},{\"@type\":\"ListItem\",\"position\":2,\"item\":{\"@type\":\"WebPage\",\"@id\":\"https:\/\/www.comercialanma.es\/?page_id=3963\",\"url\":\"https:\/\/www.comercialanma.es\/?page_id=3963\",\"name\":\"Cat\\u00e1logo de Productos\"}},{\"@type\":\"ListItem\",\"position\":3,\"item\":{\"@type\":\"WebPage\",\"@id\":\"https:\/\/www.comercialanma.es\/?product=fumet-de-pescado\",\"url\":\"https:\/\/www.comercialanma.es\/?product=fumet-de-pescado\",\"name\":\"Fumet de pescado y marisco Aneto 1L.\"}}]}]}<\/script>\n<!-- \/ Yoast SEO plugin. -->","_links":{"self":[{"href":"https:\/\/www.comercialanma.es\/index.php?rest_route=\/wp\/v2\/product\/18119"}],"collection":[{"href":"https:\/\/www.comercialanma.es\/index.php?rest_route=\/wp\/v2\/product"}],"about":[{"href":"https:\/\/www.comercialanma.es\/index.php?rest_route=\/wp\/v2\/types\/product"}],"version-history":[{"count":1,"href":"https:\/\/www.comercialanma.es\/index.php?rest_route=\/wp\/v2\/product\/18119\/revisions"}],"predecessor-version":[{"id":18121,"href":"https:\/\/www.comercialanma.es\/index.php?rest_route=\/wp\/v2\/product\/18119\/revisions\/18121"}],"wp:featuredmedia":[{"embeddable":true,"href":"https:\/\/www.comercialanma.es\/index.php?rest_route=\/wp\/v2\/media\/18120"}],"wp:attachment":[{"href":"https:\/\/www.comercialanma.es\/index.php?rest_route=%2Fwp%2Fv2%2Fmedia&parent=18119"}],"curies":[{"name":"wp","href":"https:\/\/api.w.org\/{rel}","templated":true}]}}