
{"id":18126,"date":"2021-07-30T17:28:17","date_gmt":"2021-07-30T15:28:17","guid":{"rendered":"https:\/\/www.comercialanma.es\/?post_type=product&#038;p=18126"},"modified":"2021-07-30T18:03:44","modified_gmt":"2021-07-30T16:03:44","slug":"dispensador-araven-26","status":"publish","type":"product","link":"https:\/\/www.comercialanma.es\/?product=dispensador-araven-26","title":{"rendered":"Dispensador salsas  Araven 2,6L."},"content":{"rendered":"<section class=\"content\">\n<ul class=\"keyFeatures__wrapper__list\">\n<li class=\"product-brand ng-star-inserted\">Fabricante: <span class=\"product-brand__name\">Araven<\/span><span class=\"ng-star-inserted\"><br \/>\n<\/span><\/li>\n<li class=\"ng-star-inserted\"><span class=\"ng-star-inserted\"><span class=\"ng-star-inserted\"> Material: PVC<br \/>\n<\/span><\/span><\/li>\n<li>Capacidad: 2,6L.<\/li>\n<\/ul>\n<\/section>\n","protected":false},"excerpt":{"rendered":"<p>Dispensador salsas | 2,6L.| Araven |<\/p>\n<p>Dispensador de 2,6 litros para salsas, aderezos ligeros y jarabes. Facilita la carga, permite trasvasar condimentos o aderezos en la cantidad deseada para bombear. La v\u00e1lvula de cierre mantiene el circuito de bombeo cerrado para una mejor conservaci\u00f3n del producto en el mismo envase, incluso en c\u00e1mara. Reduce el nivel de mermas. Dispensador en direcci\u00f3n vertical, mayor facilidad para los usuarios y evita derrames accidentales.<\/p>\n","protected":false},"featured_media":18127,"template":"","meta":{"spay_email":""},"yoast_head":"<!-- This site is optimized with the Yoast SEO plugin v15.9 - https:\/\/yoast.com\/wordpress\/plugins\/seo\/ -->\n<title>Dispensador salsas Araven 2,6L. - Comercial de Hosteleria Anma<\/title>\n<meta name=\"description\" content=\"Dispensador de 2,6 litros | Facilita la carga, permite trasvasar condimentos o aderezos en la cantidad deseada para bombear.\" \/>\n<meta name=\"robots\" content=\"index, follow, max-snippet:-1, max-image-preview:large, max-video-preview:-1\" \/>\n<link rel=\"canonical\" href=\"https:\/\/www.comercialanma.es\/?product=dispensador-araven-26\" \/>\n<meta property=\"og:locale\" content=\"es_ES\" \/>\n<meta property=\"og:type\" content=\"article\" \/>\n<meta property=\"og:title\" content=\"Dispensador salsas Araven 2,6L. - Comercial de Hosteleria Anma\" \/>\n<meta property=\"og:description\" content=\"Dispensador de 2,6 litros | Facilita la carga, permite trasvasar condimentos o aderezos en la cantidad deseada para bombear.\" \/>\n<meta property=\"og:url\" content=\"https:\/\/www.comercialanma.es\/?product=dispensador-araven-26\" \/>\n<meta property=\"og:site_name\" content=\"Comercial de Hosteleria Anma\" \/>\n<meta property=\"article:publisher\" content=\"https:\/\/www.facebook.com\/AnmaHosteleria\" \/>\n<meta property=\"article:modified_time\" content=\"2021-07-30T16:03:44+00:00\" \/>\n<meta property=\"og:image\" content=\"https:\/\/i2.wp.com\/www.comercialanma.es\/wp-content\/uploads\/2021\/07\/Dispensador-Araven-26.jpg?fit=1080%2C1080&#038;ssl=1\" \/>\n\t<meta property=\"og:image:width\" content=\"1080\" \/>\n\t<meta property=\"og:image:height\" content=\"1080\" \/>\n<meta name=\"twitter:card\" content=\"summary_large_image\" \/>\n<meta name=\"twitter:label1\" content=\"Tiempo de lectura\">\n\t<meta name=\"twitter:data1\" content=\"1 minuto\">\n<script type=\"application\/ld+json\" class=\"yoast-schema-graph\">{\"@context\":\"https:\/\/schema.org\",\"@graph\":[{\"@type\":\"Organization\",\"@id\":\"https:\/\/www.comercialanma.es\/#organization\",\"name\":\"Comercial Anma\",\"url\":\"https:\/\/www.comercialanma.es\/\",\"sameAs\":[\"https:\/\/www.facebook.com\/AnmaHosteleria\",\"https:\/\/www.instagram.com\/anmahosteleria\/?hl=es\",\"https:\/\/www.youtube.com\/channel\/UCT2nmn08Ntks0hmpZPnDgCA\"],\"logo\":{\"@type\":\"ImageObject\",\"@id\":\"https:\/\/www.comercialanma.es\/#logo\",\"inLanguage\":\"es\",\"url\":\"https:\/\/i2.wp.com\/www.comercialanma.es\/wp-content\/uploads\/2019\/06\/logo-anma-color.png?fit=247%2C101&ssl=1\",\"width\":247,\"height\":101,\"caption\":\"Comercial Anma\"},\"image\":{\"@id\":\"https:\/\/www.comercialanma.es\/#logo\"}},{\"@type\":\"WebSite\",\"@id\":\"https:\/\/www.comercialanma.es\/#website\",\"url\":\"https:\/\/www.comercialanma.es\/\",\"name\":\"Comercial de Hosteleria Anma\",\"description\":\"\",\"publisher\":{\"@id\":\"https:\/\/www.comercialanma.es\/#organization\"},\"potentialAction\":[{\"@type\":\"SearchAction\",\"target\":\"https:\/\/www.comercialanma.es\/?s={search_term_string}\",\"query-input\":\"required name=search_term_string\"}],\"inLanguage\":\"es\"},{\"@type\":\"ImageObject\",\"@id\":\"https:\/\/www.comercialanma.es\/?product=dispensador-araven-26#primaryimage\",\"inLanguage\":\"es\",\"url\":\"https:\/\/i2.wp.com\/www.comercialanma.es\/wp-content\/uploads\/2021\/07\/Dispensador-Araven-26.jpg?fit=1080%2C1080&ssl=1\",\"width\":1080,\"height\":1080},{\"@type\":\"WebPage\",\"@id\":\"https:\/\/www.comercialanma.es\/?product=dispensador-araven-26#webpage\",\"url\":\"https:\/\/www.comercialanma.es\/?product=dispensador-araven-26\",\"name\":\"Dispensador salsas Araven 2,6L. - Comercial de Hosteleria Anma\",\"isPartOf\":{\"@id\":\"https:\/\/www.comercialanma.es\/#website\"},\"primaryImageOfPage\":{\"@id\":\"https:\/\/www.comercialanma.es\/?product=dispensador-araven-26#primaryimage\"},\"datePublished\":\"2021-07-30T15:28:17+00:00\",\"dateModified\":\"2021-07-30T16:03:44+00:00\",\"description\":\"Dispensador de 2,6 litros | Facilita la carga, permite trasvasar condimentos o aderezos en la cantidad deseada para bombear.\",\"breadcrumb\":{\"@id\":\"https:\/\/www.comercialanma.es\/?product=dispensador-araven-26#breadcrumb\"},\"inLanguage\":\"es\",\"potentialAction\":[{\"@type\":\"ReadAction\",\"target\":[\"https:\/\/www.comercialanma.es\/?product=dispensador-araven-26\"]}]},{\"@type\":\"BreadcrumbList\",\"@id\":\"https:\/\/www.comercialanma.es\/?product=dispensador-araven-26#breadcrumb\",\"itemListElement\":[{\"@type\":\"ListItem\",\"position\":1,\"item\":{\"@type\":\"WebPage\",\"@id\":\"https:\/\/www.comercialanma.es\/\",\"url\":\"https:\/\/www.comercialanma.es\/\",\"name\":\"Portada\"}},{\"@type\":\"ListItem\",\"position\":2,\"item\":{\"@type\":\"WebPage\",\"@id\":\"https:\/\/www.comercialanma.es\/?page_id=3963\",\"url\":\"https:\/\/www.comercialanma.es\/?page_id=3963\",\"name\":\"Cat\\u00e1logo de Productos\"}},{\"@type\":\"ListItem\",\"position\":3,\"item\":{\"@type\":\"WebPage\",\"@id\":\"https:\/\/www.comercialanma.es\/?product=dispensador-araven-26\",\"url\":\"https:\/\/www.comercialanma.es\/?product=dispensador-araven-26\",\"name\":\"Dispensador salsas Araven 2,6L.\"}}]}]}<\/script>\n<!-- \/ Yoast SEO plugin. -->","_links":{"self":[{"href":"https:\/\/www.comercialanma.es\/index.php?rest_route=\/wp\/v2\/product\/18126"}],"collection":[{"href":"https:\/\/www.comercialanma.es\/index.php?rest_route=\/wp\/v2\/product"}],"about":[{"href":"https:\/\/www.comercialanma.es\/index.php?rest_route=\/wp\/v2\/types\/product"}],"version-history":[{"count":1,"href":"https:\/\/www.comercialanma.es\/index.php?rest_route=\/wp\/v2\/product\/18126\/revisions"}],"predecessor-version":[{"id":18128,"href":"https:\/\/www.comercialanma.es\/index.php?rest_route=\/wp\/v2\/product\/18126\/revisions\/18128"}],"wp:featuredmedia":[{"embeddable":true,"href":"https:\/\/www.comercialanma.es\/index.php?rest_route=\/wp\/v2\/media\/18127"}],"wp:attachment":[{"href":"https:\/\/www.comercialanma.es\/index.php?rest_route=%2Fwp%2Fv2%2Fmedia&parent=18126"}],"curies":[{"name":"wp","href":"https:\/\/api.w.org\/{rel}","templated":true}]}}