
{"id":18209,"date":"2021-08-19T11:18:59","date_gmt":"2021-08-19T09:18:59","guid":{"rendered":"https:\/\/www.comercialanma.es\/?post_type=product&#038;p=18209"},"modified":"2021-10-11T12:36:13","modified_gmt":"2021-10-11T10:36:13","slug":"cuchillo-cocinero-alhambra-azul","status":"publish","type":"product","link":"https:\/\/www.comercialanma.es\/?product=cuchillo-cocinero-alhambra-azul","title":{"rendered":"Cuchillo Cocinero serie Alhambra azul 25,5cm."},"content":{"rendered":"<p>Material hoja: ACERO MOVA<\/p>\n<p>Material mango: Pp Fibra<\/p>\n<p>Medida hoja: 255mm<\/p>\n<p>Uso: Cocinero<\/p>\n<p>Color: Azul<\/p>\n","protected":false},"excerpt":{"rendered":"<p>Cuchillo Cocinero serie Atenas | mango fibra pp azul | Medida 25.5cm. |<\/p>\n<div id=\"tab-label-product.info.description\" tabindex=\"0\" role=\"tab\" aria-labeledby=\"tab-label-product.info.description-title\" data-role=\"collapsible\" data-collapsible=\"true\" aria-controls=\"product.info.description\" aria-selected=\"false\" aria-expanded=\"true\">Cuchillo cocinero de 25,5 cm con mango prolipropileno serie Alhambra. Tambien conocido como Cebollero es el perfecto todoterreno para los profesionales m\u00e1s exigentes. El amplio abanico de usos lo convierte en una herramienta imprescindible gracias a su hoja ancha y larga con la que no s\u00f3lo podr\u00e1 cortar carne, pescado o verduras, si no tambi\u00e9n picar y trocear hierbas arom\u00e1ticas o lechugas.<\/div>\n<div id=\"product.info.description\" role=\"tabpanel\" data-role=\"content\" aria-labelledby=\"tab-label-product.info.description\" aria-hidden=\"false\">\n<div>\n<div>\n<p>La hoja de este cuchillo esta fabricado en acero inox + molybdenum vanadium, con excelentes propiedades, alto rendimiento y durabilidad.<\/p>\n<p>El mango polipropileno, un material pl\u00e1stico e higi\u00e9nico con gran estabilidad a los golpes.<\/p>\n<\/div>\n<\/div>\n<\/div>\n<p>&nbsp;<\/p>\n<p>&nbsp;<\/p>\n<p>&nbsp;<\/p>\n","protected":false},"featured_media":18210,"template":"","meta":{"spay_email":""},"yoast_head":"<!-- This site is optimized with the Yoast SEO plugin v15.9 - https:\/\/yoast.com\/wordpress\/plugins\/seo\/ -->\n<title>Cuchillo Cocinero serie Alhambra azul 25,5cm. - Comercial de Hosteleria Anma<\/title>\n<meta name=\"description\" content=\"Cuchillo Cocinero serie Alhambra | mango fibra pp azul | Medida 25.5cm. | Fabricado en acero mova. Calidad y durabilidad garantizada.\" \/>\n<meta name=\"robots\" content=\"index, follow, max-snippet:-1, max-image-preview:large, max-video-preview:-1\" \/>\n<link rel=\"canonical\" href=\"https:\/\/www.comercialanma.es\/?product=cuchillo-cocinero-alhambra-azul\" \/>\n<meta property=\"og:locale\" content=\"es_ES\" \/>\n<meta property=\"og:type\" content=\"article\" \/>\n<meta property=\"og:title\" content=\"Cuchillo Cocinero serie Alhambra azul 25,5cm. - Comercial de Hosteleria Anma\" \/>\n<meta property=\"og:description\" content=\"Cuchillo Cocinero serie Alhambra | mango fibra pp azul | Medida 25.5cm. | Fabricado en acero mova. Calidad y durabilidad garantizada.\" \/>\n<meta property=\"og:url\" content=\"https:\/\/www.comercialanma.es\/?product=cuchillo-cocinero-alhambra-azul\" \/>\n<meta property=\"og:site_name\" content=\"Comercial de Hosteleria Anma\" \/>\n<meta property=\"article:publisher\" content=\"https:\/\/www.facebook.com\/AnmaHosteleria\" \/>\n<meta property=\"article:modified_time\" content=\"2021-10-11T10:36:13+00:00\" \/>\n<meta property=\"og:image\" content=\"https:\/\/i0.wp.com\/www.comercialanma.es\/wp-content\/uploads\/2021\/08\/cuchillo-cocinero-mango-azul-alhambra.jpg?fit=1080%2C1080&#038;ssl=1\" \/>\n\t<meta property=\"og:image:width\" content=\"1080\" \/>\n\t<meta property=\"og:image:height\" content=\"1080\" \/>\n<meta name=\"twitter:card\" content=\"summary_large_image\" \/>\n<meta name=\"twitter:label1\" content=\"Tiempo de lectura\">\n\t<meta name=\"twitter:data1\" content=\"1 minuto\">\n<script type=\"application\/ld+json\" class=\"yoast-schema-graph\">{\"@context\":\"https:\/\/schema.org\",\"@graph\":[{\"@type\":\"Organization\",\"@id\":\"https:\/\/www.comercialanma.es\/#organization\",\"name\":\"Comercial Anma\",\"url\":\"https:\/\/www.comercialanma.es\/\",\"sameAs\":[\"https:\/\/www.facebook.com\/AnmaHosteleria\",\"https:\/\/www.instagram.com\/anmahosteleria\/?hl=es\",\"https:\/\/www.youtube.com\/channel\/UCT2nmn08Ntks0hmpZPnDgCA\"],\"logo\":{\"@type\":\"ImageObject\",\"@id\":\"https:\/\/www.comercialanma.es\/#logo\",\"inLanguage\":\"es\",\"url\":\"https:\/\/i2.wp.com\/www.comercialanma.es\/wp-content\/uploads\/2019\/06\/logo-anma-color.png?fit=247%2C101&ssl=1\",\"width\":247,\"height\":101,\"caption\":\"Comercial Anma\"},\"image\":{\"@id\":\"https:\/\/www.comercialanma.es\/#logo\"}},{\"@type\":\"WebSite\",\"@id\":\"https:\/\/www.comercialanma.es\/#website\",\"url\":\"https:\/\/www.comercialanma.es\/\",\"name\":\"Comercial de Hosteleria Anma\",\"description\":\"\",\"publisher\":{\"@id\":\"https:\/\/www.comercialanma.es\/#organization\"},\"potentialAction\":[{\"@type\":\"SearchAction\",\"target\":\"https:\/\/www.comercialanma.es\/?s={search_term_string}\",\"query-input\":\"required name=search_term_string\"}],\"inLanguage\":\"es\"},{\"@type\":\"ImageObject\",\"@id\":\"https:\/\/www.comercialanma.es\/?product=cuchillo-cocinero-alhambra-azul#primaryimage\",\"inLanguage\":\"es\",\"url\":\"https:\/\/i0.wp.com\/www.comercialanma.es\/wp-content\/uploads\/2021\/08\/cuchillo-cocinero-mango-azul-alhambra.jpg?fit=1080%2C1080&ssl=1\",\"width\":1080,\"height\":1080},{\"@type\":\"WebPage\",\"@id\":\"https:\/\/www.comercialanma.es\/?product=cuchillo-cocinero-alhambra-azul#webpage\",\"url\":\"https:\/\/www.comercialanma.es\/?product=cuchillo-cocinero-alhambra-azul\",\"name\":\"Cuchillo Cocinero serie Alhambra azul 25,5cm. - Comercial de Hosteleria Anma\",\"isPartOf\":{\"@id\":\"https:\/\/www.comercialanma.es\/#website\"},\"primaryImageOfPage\":{\"@id\":\"https:\/\/www.comercialanma.es\/?product=cuchillo-cocinero-alhambra-azul#primaryimage\"},\"datePublished\":\"2021-08-19T09:18:59+00:00\",\"dateModified\":\"2021-10-11T10:36:13+00:00\",\"description\":\"Cuchillo Cocinero serie Alhambra | mango fibra pp azul | Medida 25.5cm. | Fabricado en acero mova. Calidad y durabilidad garantizada.\",\"breadcrumb\":{\"@id\":\"https:\/\/www.comercialanma.es\/?product=cuchillo-cocinero-alhambra-azul#breadcrumb\"},\"inLanguage\":\"es\",\"potentialAction\":[{\"@type\":\"ReadAction\",\"target\":[\"https:\/\/www.comercialanma.es\/?product=cuchillo-cocinero-alhambra-azul\"]}]},{\"@type\":\"BreadcrumbList\",\"@id\":\"https:\/\/www.comercialanma.es\/?product=cuchillo-cocinero-alhambra-azul#breadcrumb\",\"itemListElement\":[{\"@type\":\"ListItem\",\"position\":1,\"item\":{\"@type\":\"WebPage\",\"@id\":\"https:\/\/www.comercialanma.es\/\",\"url\":\"https:\/\/www.comercialanma.es\/\",\"name\":\"Portada\"}},{\"@type\":\"ListItem\",\"position\":2,\"item\":{\"@type\":\"WebPage\",\"@id\":\"https:\/\/www.comercialanma.es\/?page_id=3963\",\"url\":\"https:\/\/www.comercialanma.es\/?page_id=3963\",\"name\":\"Cat\\u00e1logo de Productos\"}},{\"@type\":\"ListItem\",\"position\":3,\"item\":{\"@type\":\"WebPage\",\"@id\":\"https:\/\/www.comercialanma.es\/?product=cuchillo-cocinero-alhambra-azul\",\"url\":\"https:\/\/www.comercialanma.es\/?product=cuchillo-cocinero-alhambra-azul\",\"name\":\"Cuchillo Cocinero serie Alhambra azul 25,5cm.\"}}]}]}<\/script>\n<!-- \/ Yoast SEO plugin. -->","_links":{"self":[{"href":"https:\/\/www.comercialanma.es\/index.php?rest_route=\/wp\/v2\/product\/18209"}],"collection":[{"href":"https:\/\/www.comercialanma.es\/index.php?rest_route=\/wp\/v2\/product"}],"about":[{"href":"https:\/\/www.comercialanma.es\/index.php?rest_route=\/wp\/v2\/types\/product"}],"version-history":[{"count":1,"href":"https:\/\/www.comercialanma.es\/index.php?rest_route=\/wp\/v2\/product\/18209\/revisions"}],"predecessor-version":[{"id":18211,"href":"https:\/\/www.comercialanma.es\/index.php?rest_route=\/wp\/v2\/product\/18209\/revisions\/18211"}],"wp:featuredmedia":[{"embeddable":true,"href":"https:\/\/www.comercialanma.es\/index.php?rest_route=\/wp\/v2\/media\/18210"}],"wp:attachment":[{"href":"https:\/\/www.comercialanma.es\/index.php?rest_route=%2Fwp%2Fv2%2Fmedia&parent=18209"}],"curies":[{"name":"wp","href":"https:\/\/api.w.org\/{rel}","templated":true}]}}

<p>Cuchillo Cocinero serie Atenas | mango fibra pp azul | Medida 25.5cm. |</p>
<div id="tab-label-product.info.description" tabindex="0" role="tab" aria-labeledby="tab-label-product.info.description-title" data-role="collapsible" data-collapsible="true" aria-controls="product.info.description" aria-selected="false" aria-expanded="true">Cuchillo cocinero de 25,5 cm con mango prolipropileno serie Alhambra. Tambien conocido como Cebollero es el perfecto todoterreno para los profesionales más exigentes. El amplio abanico de usos lo convierte en una herramienta imprescindible gracias a su hoja ancha y larga con la que no sólo podrá cortar carne, pescado o verduras, si no también picar y trocear hierbas aromáticas o lechugas.</div>
<div id="product.info.description" role="tabpanel" data-role="content" aria-labelledby="tab-label-product.info.description" aria-hidden="false">
<div>
<div>
<p>La hoja de este cuchillo esta fabricado en acero inox + molybdenum vanadium, con excelentes propiedades, alto rendimiento y durabilidad.</p>
<p>El mango polipropileno, un material plástico e higiénico con gran estabilidad a los golpes.</p>
</div>
</div>
</div>
<p>&nbsp;</p>
<p>&nbsp;</p>
<p>&nbsp;</p>
