
{"id":18421,"date":"2021-08-31T12:24:59","date_gmt":"2021-08-31T10:24:59","guid":{"rendered":"https:\/\/www.comercialanma.es\/?post_type=product&#038;p=18421"},"modified":"2021-09-02T09:50:59","modified_gmt":"2021-09-02T07:50:59","slug":"olla-a-presion-clasica-fagor-inox-15l","status":"publish","type":"product","link":"https:\/\/www.comercialanma.es\/?product=olla-a-presion-clasica-fagor-inox-15l","title":{"rendered":"Olla a presi\u00f3n clasica Fagor Inox. 15L."},"content":{"rendered":"<p>Marca: Fagor<\/p>\n<p>Medida: 40cm.<\/p>\n<p>Capacidad: 15l.<\/p>\n<p>Material: Acero inoxidable<\/p>\n<p>&nbsp;<\/p>\n<p>&nbsp;<\/p>\n","protected":false},"excerpt":{"rendered":"<div id=\"product.info.description\" class=\"data item content\" role=\"tabpanel\" data-role=\"content\" aria-labelledby=\"tab-label-product.info.description\" aria-hidden=\"false\">Olla a presi\u00f3n clasica | Fagor | 15L. |<\/div>\n<div role=\"tabpanel\" data-role=\"content\" aria-labelledby=\"tab-label-product.info.description\" aria-hidden=\"false\">\n<p><span class=\"a-list-item\"> Olla a presi\u00f3n fabricada en acero inoxidable 18\/10, Material no poroso que no transmite sabores extra\u00f1os a los alimentos; en el interior de la olla a presi\u00f3n hay una escala en litros con marca de m\u00ednimo y m\u00e1ximo para controlar su llenado. Fondo difusor tipo s\u00e1ndwich, formado por 1 capa de aluminio entre 2 capas de acero; apta para cocinas de gas, el\u00e9ctricas, vitrocer\u00e1micas y de inducci\u00f3n <\/span><\/p>\n<\/div>\n","protected":false},"featured_media":18423,"template":"","meta":{"spay_email":""},"yoast_head":"<!-- This site is optimized with the Yoast SEO plugin v15.9 - https:\/\/yoast.com\/wordpress\/plugins\/seo\/ -->\n<title>Olla a presi\u00f3n clasica Fagor Inox. 15L. - Comercial de Hosteleria Anma<\/title>\n<meta name=\"description\" content=\"Olla a presi\u00f3n clasica | Fagor | 15L. | Olla a presi\u00f3n fabricada en acero inoxidable 18\/10. Con escala de litros.\" \/>\n<meta name=\"robots\" content=\"index, follow, max-snippet:-1, max-image-preview:large, max-video-preview:-1\" \/>\n<link rel=\"canonical\" href=\"https:\/\/www.comercialanma.es\/?product=olla-a-presion-clasica-fagor-inox-15l\" \/>\n<meta property=\"og:locale\" content=\"es_ES\" \/>\n<meta property=\"og:type\" content=\"article\" \/>\n<meta property=\"og:title\" content=\"Olla a presi\u00f3n clasica Fagor Inox. 15L. - Comercial de Hosteleria Anma\" \/>\n<meta property=\"og:description\" content=\"Olla a presi\u00f3n clasica | Fagor | 15L. | Olla a presi\u00f3n fabricada en acero inoxidable 18\/10. Con escala de litros.\" \/>\n<meta property=\"og:url\" content=\"https:\/\/www.comercialanma.es\/?product=olla-a-presion-clasica-fagor-inox-15l\" \/>\n<meta property=\"og:site_name\" content=\"Comercial de Hosteleria Anma\" \/>\n<meta property=\"article:publisher\" content=\"https:\/\/www.facebook.com\/AnmaHosteleria\" \/>\n<meta property=\"article:modified_time\" content=\"2021-09-02T07:50:59+00:00\" \/>\n<meta property=\"og:image\" content=\"https:\/\/i0.wp.com\/www.comercialanma.es\/wp-content\/uploads\/2021\/08\/Olla-a-presion-clasic-15l.jpg?fit=1080%2C1080&#038;ssl=1\" \/>\n\t<meta property=\"og:image:width\" content=\"1080\" \/>\n\t<meta property=\"og:image:height\" content=\"1080\" \/>\n<meta name=\"twitter:card\" content=\"summary_large_image\" \/>\n<meta name=\"twitter:label1\" content=\"Tiempo de lectura\">\n\t<meta name=\"twitter:data1\" content=\"1 minuto\">\n<script type=\"application\/ld+json\" class=\"yoast-schema-graph\">{\"@context\":\"https:\/\/schema.org\",\"@graph\":[{\"@type\":\"Organization\",\"@id\":\"https:\/\/www.comercialanma.es\/#organization\",\"name\":\"Comercial Anma\",\"url\":\"https:\/\/www.comercialanma.es\/\",\"sameAs\":[\"https:\/\/www.facebook.com\/AnmaHosteleria\",\"https:\/\/www.instagram.com\/anmahosteleria\/?hl=es\",\"https:\/\/www.youtube.com\/channel\/UCT2nmn08Ntks0hmpZPnDgCA\"],\"logo\":{\"@type\":\"ImageObject\",\"@id\":\"https:\/\/www.comercialanma.es\/#logo\",\"inLanguage\":\"es\",\"url\":\"https:\/\/i2.wp.com\/www.comercialanma.es\/wp-content\/uploads\/2019\/06\/logo-anma-color.png?fit=247%2C101&ssl=1\",\"width\":247,\"height\":101,\"caption\":\"Comercial Anma\"},\"image\":{\"@id\":\"https:\/\/www.comercialanma.es\/#logo\"}},{\"@type\":\"WebSite\",\"@id\":\"https:\/\/www.comercialanma.es\/#website\",\"url\":\"https:\/\/www.comercialanma.es\/\",\"name\":\"Comercial de Hosteleria Anma\",\"description\":\"\",\"publisher\":{\"@id\":\"https:\/\/www.comercialanma.es\/#organization\"},\"potentialAction\":[{\"@type\":\"SearchAction\",\"target\":\"https:\/\/www.comercialanma.es\/?s={search_term_string}\",\"query-input\":\"required name=search_term_string\"}],\"inLanguage\":\"es\"},{\"@type\":\"ImageObject\",\"@id\":\"https:\/\/www.comercialanma.es\/?product=olla-a-presion-clasica-fagor-inox-15l#primaryimage\",\"inLanguage\":\"es\",\"url\":\"https:\/\/i0.wp.com\/www.comercialanma.es\/wp-content\/uploads\/2021\/08\/Olla-a-presion-clasic-15l.jpg?fit=1080%2C1080&ssl=1\",\"width\":1080,\"height\":1080},{\"@type\":\"WebPage\",\"@id\":\"https:\/\/www.comercialanma.es\/?product=olla-a-presion-clasica-fagor-inox-15l#webpage\",\"url\":\"https:\/\/www.comercialanma.es\/?product=olla-a-presion-clasica-fagor-inox-15l\",\"name\":\"Olla a presi\\u00f3n clasica Fagor Inox. 15L. - Comercial de Hosteleria Anma\",\"isPartOf\":{\"@id\":\"https:\/\/www.comercialanma.es\/#website\"},\"primaryImageOfPage\":{\"@id\":\"https:\/\/www.comercialanma.es\/?product=olla-a-presion-clasica-fagor-inox-15l#primaryimage\"},\"datePublished\":\"2021-08-31T10:24:59+00:00\",\"dateModified\":\"2021-09-02T07:50:59+00:00\",\"description\":\"Olla a presi\\u00f3n clasica | Fagor | 15L. | Olla a presi\\u00f3n fabricada en acero inoxidable 18\/10. Con escala de litros.\",\"breadcrumb\":{\"@id\":\"https:\/\/www.comercialanma.es\/?product=olla-a-presion-clasica-fagor-inox-15l#breadcrumb\"},\"inLanguage\":\"es\",\"potentialAction\":[{\"@type\":\"ReadAction\",\"target\":[\"https:\/\/www.comercialanma.es\/?product=olla-a-presion-clasica-fagor-inox-15l\"]}]},{\"@type\":\"BreadcrumbList\",\"@id\":\"https:\/\/www.comercialanma.es\/?product=olla-a-presion-clasica-fagor-inox-15l#breadcrumb\",\"itemListElement\":[{\"@type\":\"ListItem\",\"position\":1,\"item\":{\"@type\":\"WebPage\",\"@id\":\"https:\/\/www.comercialanma.es\/\",\"url\":\"https:\/\/www.comercialanma.es\/\",\"name\":\"Portada\"}},{\"@type\":\"ListItem\",\"position\":2,\"item\":{\"@type\":\"WebPage\",\"@id\":\"https:\/\/www.comercialanma.es\/?page_id=3963\",\"url\":\"https:\/\/www.comercialanma.es\/?page_id=3963\",\"name\":\"Cat\\u00e1logo de Productos\"}},{\"@type\":\"ListItem\",\"position\":3,\"item\":{\"@type\":\"WebPage\",\"@id\":\"https:\/\/www.comercialanma.es\/?product=olla-a-presion-clasica-fagor-inox-15l\",\"url\":\"https:\/\/www.comercialanma.es\/?product=olla-a-presion-clasica-fagor-inox-15l\",\"name\":\"Olla a presi\\u00f3n clasica Fagor Inox. 15L.\"}}]}]}<\/script>\n<!-- \/ Yoast SEO plugin. -->","_links":{"self":[{"href":"https:\/\/www.comercialanma.es\/index.php?rest_route=\/wp\/v2\/product\/18421"}],"collection":[{"href":"https:\/\/www.comercialanma.es\/index.php?rest_route=\/wp\/v2\/product"}],"about":[{"href":"https:\/\/www.comercialanma.es\/index.php?rest_route=\/wp\/v2\/types\/product"}],"version-history":[{"count":3,"href":"https:\/\/www.comercialanma.es\/index.php?rest_route=\/wp\/v2\/product\/18421\/revisions"}],"predecessor-version":[{"id":18426,"href":"https:\/\/www.comercialanma.es\/index.php?rest_route=\/wp\/v2\/product\/18421\/revisions\/18426"}],"wp:featuredmedia":[{"embeddable":true,"href":"https:\/\/www.comercialanma.es\/index.php?rest_route=\/wp\/v2\/media\/18423"}],"wp:attachment":[{"href":"https:\/\/www.comercialanma.es\/index.php?rest_route=%2Fwp%2Fv2%2Fmedia&parent=18421"}],"curies":[{"name":"wp","href":"https:\/\/api.w.org\/{rel}","templated":true}]}}