
{"id":18774,"date":"2021-09-07T11:42:22","date_gmt":"2021-09-07T09:42:22","guid":{"rendered":"https:\/\/www.comercialanma.es\/?post_type=product&#038;p=18774"},"modified":"2021-09-07T12:08:14","modified_gmt":"2021-09-07T10:08:14","slug":"flaneros-alumino-lacor","status":"publish","type":"product","link":"https:\/\/www.comercialanma.es\/?product=flaneros-alumino-lacor","title":{"rendered":"Flaneros Aluminio Antiadherente 4u.x 8cm."},"content":{"rendered":"<ul class=\"keyFeatures__wrapper__list\">\n<li class=\"product-brand ng-star-inserted\">Marca: <span class=\"product-brand__name\"> LACOR<\/span><\/li>\n<li><label class=\"a-form-label\">Tama\u00f1o: <\/label> <span class=\"selection\">8 \u00d8(cm)<\/span><\/li>\n<li class=\"ng-star-inserted\"><span class=\"ng-star-inserted\"> Material<\/span>: <span class=\"ng-star-inserted\"> Aluminio &#8211; Antiadherente <\/span><\/li>\n<\/ul>\n","protected":false},"excerpt":{"rendered":"<p>Lacor dispone de una amplia gama de\u00a0moldes\u00a0de aluminio con recubrimiento\u00a0antiadherente\u00a0para uso en horno. Los moldes met\u00e1licos son resistentes a altas temperaturas, por lo que son \u00f3ptimos para recetas que requieran una alta temperatura de cocci\u00f3n para levantar, como las masas fermentadas. El aluminio es un excelente conductor del calor, se calienta con mucha rapidez y por su magn\u00edfica distribuci\u00f3n del calor consigue una cocci\u00f3n uniforme. Los moldes de aluminio son ligeros, de c\u00f3modo manejo. Son adecuados tanto para uso profesional (pasteler\u00edas, restaurantes) como dom\u00e9stico.<\/p>\n","protected":false},"featured_media":18775,"template":"","meta":{"spay_email":""},"yoast_head":"<!-- This site is optimized with the Yoast SEO plugin v15.9 - https:\/\/yoast.com\/wordpress\/plugins\/seo\/ -->\n<title>Flaneros Aluminio Antiadherente 4u.x 8cm. - Comercial de Hosteleria Anma<\/title>\n<meta name=\"description\" content=\"Flaneros aluminio | Lacor | 4u. x 8cm. | Ligeros, de c\u00f3modo manejo. Adecuados tanto para uso profesional como dom\u00e9stico.\" \/>\n<meta name=\"robots\" content=\"index, follow, max-snippet:-1, max-image-preview:large, max-video-preview:-1\" \/>\n<link rel=\"canonical\" href=\"https:\/\/www.comercialanma.es\/?product=flaneros-alumino-lacor\" \/>\n<meta property=\"og:locale\" content=\"es_ES\" \/>\n<meta property=\"og:type\" content=\"article\" \/>\n<meta property=\"og:title\" content=\"Flaneros Aluminio Antiadherente 4u.x 8cm. - Comercial de Hosteleria Anma\" \/>\n<meta property=\"og:description\" content=\"Flaneros aluminio | Lacor | 4u. x 8cm. | Ligeros, de c\u00f3modo manejo. Adecuados tanto para uso profesional como dom\u00e9stico.\" \/>\n<meta property=\"og:url\" content=\"https:\/\/www.comercialanma.es\/?product=flaneros-alumino-lacor\" \/>\n<meta property=\"og:site_name\" content=\"Comercial de Hosteleria Anma\" \/>\n<meta property=\"article:publisher\" content=\"https:\/\/www.facebook.com\/AnmaHosteleria\" \/>\n<meta property=\"article:modified_time\" content=\"2021-09-07T10:08:14+00:00\" \/>\n<meta property=\"og:image\" content=\"https:\/\/i2.wp.com\/www.comercialanma.es\/wp-content\/uploads\/2021\/09\/Flanera-lacor.jpg?fit=1080%2C1080&#038;ssl=1\" \/>\n\t<meta property=\"og:image:width\" content=\"1080\" \/>\n\t<meta property=\"og:image:height\" content=\"1080\" \/>\n<meta name=\"twitter:card\" content=\"summary_large_image\" \/>\n<meta name=\"twitter:label1\" content=\"Tiempo de lectura\">\n\t<meta name=\"twitter:data1\" content=\"1 minuto\">\n<script type=\"application\/ld+json\" class=\"yoast-schema-graph\">{\"@context\":\"https:\/\/schema.org\",\"@graph\":[{\"@type\":\"Organization\",\"@id\":\"https:\/\/www.comercialanma.es\/#organization\",\"name\":\"Comercial Anma\",\"url\":\"https:\/\/www.comercialanma.es\/\",\"sameAs\":[\"https:\/\/www.facebook.com\/AnmaHosteleria\",\"https:\/\/www.instagram.com\/anmahosteleria\/?hl=es\",\"https:\/\/www.youtube.com\/channel\/UCT2nmn08Ntks0hmpZPnDgCA\"],\"logo\":{\"@type\":\"ImageObject\",\"@id\":\"https:\/\/www.comercialanma.es\/#logo\",\"inLanguage\":\"es\",\"url\":\"https:\/\/i2.wp.com\/www.comercialanma.es\/wp-content\/uploads\/2019\/06\/logo-anma-color.png?fit=247%2C101&ssl=1\",\"width\":247,\"height\":101,\"caption\":\"Comercial Anma\"},\"image\":{\"@id\":\"https:\/\/www.comercialanma.es\/#logo\"}},{\"@type\":\"WebSite\",\"@id\":\"https:\/\/www.comercialanma.es\/#website\",\"url\":\"https:\/\/www.comercialanma.es\/\",\"name\":\"Comercial de Hosteleria Anma\",\"description\":\"\",\"publisher\":{\"@id\":\"https:\/\/www.comercialanma.es\/#organization\"},\"potentialAction\":[{\"@type\":\"SearchAction\",\"target\":\"https:\/\/www.comercialanma.es\/?s={search_term_string}\",\"query-input\":\"required name=search_term_string\"}],\"inLanguage\":\"es\"},{\"@type\":\"ImageObject\",\"@id\":\"https:\/\/www.comercialanma.es\/?product=flaneros-alumino-lacor#primaryimage\",\"inLanguage\":\"es\",\"url\":\"https:\/\/i2.wp.com\/www.comercialanma.es\/wp-content\/uploads\/2021\/09\/Flanera-lacor.jpg?fit=1080%2C1080&ssl=1\",\"width\":1080,\"height\":1080},{\"@type\":\"WebPage\",\"@id\":\"https:\/\/www.comercialanma.es\/?product=flaneros-alumino-lacor#webpage\",\"url\":\"https:\/\/www.comercialanma.es\/?product=flaneros-alumino-lacor\",\"name\":\"Flaneros Aluminio Antiadherente 4u.x 8cm. - Comercial de Hosteleria Anma\",\"isPartOf\":{\"@id\":\"https:\/\/www.comercialanma.es\/#website\"},\"primaryImageOfPage\":{\"@id\":\"https:\/\/www.comercialanma.es\/?product=flaneros-alumino-lacor#primaryimage\"},\"datePublished\":\"2021-09-07T09:42:22+00:00\",\"dateModified\":\"2021-09-07T10:08:14+00:00\",\"description\":\"Flaneros aluminio | Lacor | 4u. x 8cm. | Ligeros, de c\\u00f3modo manejo. Adecuados tanto para uso profesional como dom\\u00e9stico.\",\"breadcrumb\":{\"@id\":\"https:\/\/www.comercialanma.es\/?product=flaneros-alumino-lacor#breadcrumb\"},\"inLanguage\":\"es\",\"potentialAction\":[{\"@type\":\"ReadAction\",\"target\":[\"https:\/\/www.comercialanma.es\/?product=flaneros-alumino-lacor\"]}]},{\"@type\":\"BreadcrumbList\",\"@id\":\"https:\/\/www.comercialanma.es\/?product=flaneros-alumino-lacor#breadcrumb\",\"itemListElement\":[{\"@type\":\"ListItem\",\"position\":1,\"item\":{\"@type\":\"WebPage\",\"@id\":\"https:\/\/www.comercialanma.es\/\",\"url\":\"https:\/\/www.comercialanma.es\/\",\"name\":\"Portada\"}},{\"@type\":\"ListItem\",\"position\":2,\"item\":{\"@type\":\"WebPage\",\"@id\":\"https:\/\/www.comercialanma.es\/?page_id=3963\",\"url\":\"https:\/\/www.comercialanma.es\/?page_id=3963\",\"name\":\"Cat\\u00e1logo de Productos\"}},{\"@type\":\"ListItem\",\"position\":3,\"item\":{\"@type\":\"WebPage\",\"@id\":\"https:\/\/www.comercialanma.es\/?product=flaneros-alumino-lacor\",\"url\":\"https:\/\/www.comercialanma.es\/?product=flaneros-alumino-lacor\",\"name\":\"Flaneros Aluminio Antiadherente 4u.x 8cm.\"}}]}]}<\/script>\n<!-- \/ Yoast SEO plugin. -->","_links":{"self":[{"href":"https:\/\/www.comercialanma.es\/index.php?rest_route=\/wp\/v2\/product\/18774"}],"collection":[{"href":"https:\/\/www.comercialanma.es\/index.php?rest_route=\/wp\/v2\/product"}],"about":[{"href":"https:\/\/www.comercialanma.es\/index.php?rest_route=\/wp\/v2\/types\/product"}],"version-history":[{"count":1,"href":"https:\/\/www.comercialanma.es\/index.php?rest_route=\/wp\/v2\/product\/18774\/revisions"}],"predecessor-version":[{"id":18776,"href":"https:\/\/www.comercialanma.es\/index.php?rest_route=\/wp\/v2\/product\/18774\/revisions\/18776"}],"wp:featuredmedia":[{"embeddable":true,"href":"https:\/\/www.comercialanma.es\/index.php?rest_route=\/wp\/v2\/media\/18775"}],"wp:attachment":[{"href":"https:\/\/www.comercialanma.es\/index.php?rest_route=%2Fwp%2Fv2%2Fmedia&parent=18774"}],"curies":[{"name":"wp","href":"https:\/\/api.w.org\/{rel}","templated":true}]}}