
{"id":18790,"date":"2021-09-07T16:55:05","date_gmt":"2021-09-07T14:55:05","guid":{"rendered":"https:\/\/www.comercialanma.es\/?post_type=product&#038;p=18790"},"modified":"2021-09-07T17:07:29","modified_gmt":"2021-09-07T15:07:29","slug":"molde-cake-chapa-25x12","status":"publish","type":"product","link":"https:\/\/www.comercialanma.es\/?product=molde-cake-chapa-25x12","title":{"rendered":"Molde Cake Chapa Antiadherente 25x12cm."},"content":{"rendered":"<p>En este molde hornearas comidas y ricos postres que te quedaran perfectos ya que no se pegaran.<\/p>\n<p>Tienen una capa antiadherente de alta calidad y gran resistencia.<\/p>\n<p>Lo puedes usar en hornos de gas o el\u00e9ctricos y de convicci\u00f3n sin correr el riesgo de que se da\u00f1e.<\/p>\n<p>Apto para el lavavajillas.<\/p>\n<p>Tiene una capacidad de 1.70litros.<\/p>\n","protected":false},"excerpt":{"rendered":"<p>Molde Cake Chapa Antiadherente| Lacor | 25x12cm.|<\/p>\n<p>Si te encanta hacer platos horneados o eres fan\u00e1tico de la reposter\u00eda, debes de contar con buenos moldes en tu cocina ya que este utensilio es indispensable a la hora de preparar comidas o postres que van al horno.<\/p>\n<p>A la hora que quieras adquirir un buen molde no dudes en comprar el molde cake antiadherente de 25cms, de la marca LACOR ya que est\u00e1 fabricado con material de alta calidad profesional.<\/p>\n","protected":false},"featured_media":18791,"template":"","meta":{"spay_email":""},"yoast_head":"<!-- This site is optimized with the Yoast SEO plugin v15.9 - https:\/\/yoast.com\/wordpress\/plugins\/seo\/ -->\n<title>Molde Cake Chapa Antiadherente 25x12cm. - Comercial de Hosteleria Anma<\/title>\n<meta name=\"description\" content=\"Molde Cake Chapa Antiadherente| Lacor | 25x12cm.| Hornear\u00e1s comidas y ricos postres que te quedaran perfectos ya que no se pegaran.\" \/>\n<meta name=\"robots\" content=\"index, follow, max-snippet:-1, max-image-preview:large, max-video-preview:-1\" \/>\n<link rel=\"canonical\" href=\"https:\/\/www.comercialanma.es\/?product=molde-cake-chapa-25x12\" \/>\n<meta property=\"og:locale\" content=\"es_ES\" \/>\n<meta property=\"og:type\" content=\"article\" \/>\n<meta property=\"og:title\" content=\"Molde Cake Chapa Antiadherente 25x12cm. - Comercial de Hosteleria Anma\" \/>\n<meta property=\"og:description\" content=\"Molde Cake Chapa Antiadherente| Lacor | 25x12cm.| Hornear\u00e1s comidas y ricos postres que te quedaran perfectos ya que no se pegaran.\" \/>\n<meta property=\"og:url\" content=\"https:\/\/www.comercialanma.es\/?product=molde-cake-chapa-25x12\" \/>\n<meta property=\"og:site_name\" content=\"Comercial de Hosteleria Anma\" \/>\n<meta property=\"article:publisher\" content=\"https:\/\/www.facebook.com\/AnmaHosteleria\" \/>\n<meta property=\"article:modified_time\" content=\"2021-09-07T15:07:29+00:00\" \/>\n<meta property=\"og:image\" content=\"https:\/\/i0.wp.com\/www.comercialanma.es\/wp-content\/uploads\/2021\/09\/plum-cake-25.jpg?fit=1080%2C1080&#038;ssl=1\" \/>\n\t<meta property=\"og:image:width\" content=\"1080\" \/>\n\t<meta property=\"og:image:height\" content=\"1080\" \/>\n<meta name=\"twitter:card\" content=\"summary_large_image\" \/>\n<meta name=\"twitter:label1\" content=\"Tiempo de lectura\">\n\t<meta name=\"twitter:data1\" content=\"1 minuto\">\n<script type=\"application\/ld+json\" class=\"yoast-schema-graph\">{\"@context\":\"https:\/\/schema.org\",\"@graph\":[{\"@type\":\"Organization\",\"@id\":\"https:\/\/www.comercialanma.es\/#organization\",\"name\":\"Comercial Anma\",\"url\":\"https:\/\/www.comercialanma.es\/\",\"sameAs\":[\"https:\/\/www.facebook.com\/AnmaHosteleria\",\"https:\/\/www.instagram.com\/anmahosteleria\/?hl=es\",\"https:\/\/www.youtube.com\/channel\/UCT2nmn08Ntks0hmpZPnDgCA\"],\"logo\":{\"@type\":\"ImageObject\",\"@id\":\"https:\/\/www.comercialanma.es\/#logo\",\"inLanguage\":\"es\",\"url\":\"https:\/\/i2.wp.com\/www.comercialanma.es\/wp-content\/uploads\/2019\/06\/logo-anma-color.png?fit=247%2C101&ssl=1\",\"width\":247,\"height\":101,\"caption\":\"Comercial Anma\"},\"image\":{\"@id\":\"https:\/\/www.comercialanma.es\/#logo\"}},{\"@type\":\"WebSite\",\"@id\":\"https:\/\/www.comercialanma.es\/#website\",\"url\":\"https:\/\/www.comercialanma.es\/\",\"name\":\"Comercial de Hosteleria Anma\",\"description\":\"\",\"publisher\":{\"@id\":\"https:\/\/www.comercialanma.es\/#organization\"},\"potentialAction\":[{\"@type\":\"SearchAction\",\"target\":\"https:\/\/www.comercialanma.es\/?s={search_term_string}\",\"query-input\":\"required name=search_term_string\"}],\"inLanguage\":\"es\"},{\"@type\":\"ImageObject\",\"@id\":\"https:\/\/www.comercialanma.es\/?product=molde-cake-chapa-25x12#primaryimage\",\"inLanguage\":\"es\",\"url\":\"https:\/\/i0.wp.com\/www.comercialanma.es\/wp-content\/uploads\/2021\/09\/plum-cake-25.jpg?fit=1080%2C1080&ssl=1\",\"width\":1080,\"height\":1080},{\"@type\":\"WebPage\",\"@id\":\"https:\/\/www.comercialanma.es\/?product=molde-cake-chapa-25x12#webpage\",\"url\":\"https:\/\/www.comercialanma.es\/?product=molde-cake-chapa-25x12\",\"name\":\"Molde Cake Chapa Antiadherente 25x12cm. - Comercial de Hosteleria Anma\",\"isPartOf\":{\"@id\":\"https:\/\/www.comercialanma.es\/#website\"},\"primaryImageOfPage\":{\"@id\":\"https:\/\/www.comercialanma.es\/?product=molde-cake-chapa-25x12#primaryimage\"},\"datePublished\":\"2021-09-07T14:55:05+00:00\",\"dateModified\":\"2021-09-07T15:07:29+00:00\",\"description\":\"Molde Cake Chapa Antiadherente| Lacor | 25x12cm.| Hornear\\u00e1s comidas y ricos postres que te quedaran perfectos ya que no se pegaran.\",\"breadcrumb\":{\"@id\":\"https:\/\/www.comercialanma.es\/?product=molde-cake-chapa-25x12#breadcrumb\"},\"inLanguage\":\"es\",\"potentialAction\":[{\"@type\":\"ReadAction\",\"target\":[\"https:\/\/www.comercialanma.es\/?product=molde-cake-chapa-25x12\"]}]},{\"@type\":\"BreadcrumbList\",\"@id\":\"https:\/\/www.comercialanma.es\/?product=molde-cake-chapa-25x12#breadcrumb\",\"itemListElement\":[{\"@type\":\"ListItem\",\"position\":1,\"item\":{\"@type\":\"WebPage\",\"@id\":\"https:\/\/www.comercialanma.es\/\",\"url\":\"https:\/\/www.comercialanma.es\/\",\"name\":\"Portada\"}},{\"@type\":\"ListItem\",\"position\":2,\"item\":{\"@type\":\"WebPage\",\"@id\":\"https:\/\/www.comercialanma.es\/?page_id=3963\",\"url\":\"https:\/\/www.comercialanma.es\/?page_id=3963\",\"name\":\"Cat\\u00e1logo de Productos\"}},{\"@type\":\"ListItem\",\"position\":3,\"item\":{\"@type\":\"WebPage\",\"@id\":\"https:\/\/www.comercialanma.es\/?product=molde-cake-chapa-25x12\",\"url\":\"https:\/\/www.comercialanma.es\/?product=molde-cake-chapa-25x12\",\"name\":\"Molde Cake Chapa Antiadherente 25x12cm.\"}}]}]}<\/script>\n<!-- \/ Yoast SEO plugin. -->","_links":{"self":[{"href":"https:\/\/www.comercialanma.es\/index.php?rest_route=\/wp\/v2\/product\/18790"}],"collection":[{"href":"https:\/\/www.comercialanma.es\/index.php?rest_route=\/wp\/v2\/product"}],"about":[{"href":"https:\/\/www.comercialanma.es\/index.php?rest_route=\/wp\/v2\/types\/product"}],"version-history":[{"count":1,"href":"https:\/\/www.comercialanma.es\/index.php?rest_route=\/wp\/v2\/product\/18790\/revisions"}],"predecessor-version":[{"id":18792,"href":"https:\/\/www.comercialanma.es\/index.php?rest_route=\/wp\/v2\/product\/18790\/revisions\/18792"}],"wp:featuredmedia":[{"embeddable":true,"href":"https:\/\/www.comercialanma.es\/index.php?rest_route=\/wp\/v2\/media\/18791"}],"wp:attachment":[{"href":"https:\/\/www.comercialanma.es\/index.php?rest_route=%2Fwp%2Fv2%2Fmedia&parent=18790"}],"curies":[{"name":"wp","href":"https:\/\/api.w.org\/{rel}","templated":true}]}}