
{"id":18984,"date":"2021-09-15T11:25:42","date_gmt":"2021-09-15T09:25:42","guid":{"rendered":"https:\/\/www.comercialanma.es\/?post_type=product&#038;p=18984"},"modified":"2021-09-15T11:27:22","modified_gmt":"2021-09-15T09:27:22","slug":"cacillo-profesional-lacor-8","status":"publish","type":"product","link":"https:\/\/www.comercialanma.es\/?product=cacillo-profesional-lacor-8","title":{"rendered":"Cacillo Profesional 8cm Inox."},"content":{"rendered":"<p>Cacillo profesional<\/p>\n<p>Medida 8cm.<\/p>\n<p>Material: Acero Inox.<\/p>\n<p>&nbsp;<\/p>\n<p>&nbsp;<\/p>\n<p>&nbsp;<\/p>\n","protected":false},"excerpt":{"rendered":"<p>Cacillo Profesional | Lacor | 8cm | Inox. |<\/p>\n<p>Garantiza una excelente resistencia a la corrosi\u00f3n y a los \u00e1cidos alimentarios y sales. El acero es un material liso, no poroso y muy higi\u00e9nico; mantiene el sabor natural de los alimentos cocinados.<\/p>\n","protected":false},"featured_media":18982,"template":"","meta":{"spay_email":""},"yoast_head":"<!-- This site is optimized with the Yoast SEO plugin v15.9 - https:\/\/yoast.com\/wordpress\/plugins\/seo\/ -->\n<title>Cacillo Profesional 8cm Inox. - Comercial de Hosteleria Anma<\/title>\n<meta name=\"description\" content=\"Cacillo Profesional | Lacor | 8cm | Inox. | Garantiza una excelente resistencia a la corrosi\u00f3n y a los \u00e1cidos alimentarios y sales.\" \/>\n<meta name=\"robots\" content=\"index, follow, max-snippet:-1, max-image-preview:large, max-video-preview:-1\" \/>\n<link rel=\"canonical\" href=\"https:\/\/www.comercialanma.es\/?product=cacillo-profesional-lacor-8\" \/>\n<meta property=\"og:locale\" content=\"es_ES\" \/>\n<meta property=\"og:type\" content=\"article\" \/>\n<meta property=\"og:title\" content=\"Cacillo Profesional 8cm Inox. - Comercial de Hosteleria Anma\" \/>\n<meta property=\"og:description\" content=\"Cacillo Profesional | Lacor | 8cm | Inox. | Garantiza una excelente resistencia a la corrosi\u00f3n y a los \u00e1cidos alimentarios y sales.\" \/>\n<meta property=\"og:url\" content=\"https:\/\/www.comercialanma.es\/?product=cacillo-profesional-lacor-8\" \/>\n<meta property=\"og:site_name\" content=\"Comercial de Hosteleria Anma\" \/>\n<meta property=\"article:publisher\" content=\"https:\/\/www.facebook.com\/AnmaHosteleria\" \/>\n<meta property=\"article:modified_time\" content=\"2021-09-15T09:27:22+00:00\" \/>\n<meta property=\"og:image\" content=\"https:\/\/i0.wp.com\/www.comercialanma.es\/wp-content\/uploads\/2021\/09\/cacillo-profesional-10x37-1.jpg?fit=1080%2C1080&#038;ssl=1\" \/>\n\t<meta property=\"og:image:width\" content=\"1080\" \/>\n\t<meta property=\"og:image:height\" content=\"1080\" \/>\n<meta name=\"twitter:card\" content=\"summary_large_image\" \/>\n<meta name=\"twitter:label1\" content=\"Tiempo de lectura\">\n\t<meta name=\"twitter:data1\" content=\"1 minuto\">\n<script type=\"application\/ld+json\" class=\"yoast-schema-graph\">{\"@context\":\"https:\/\/schema.org\",\"@graph\":[{\"@type\":\"Organization\",\"@id\":\"https:\/\/www.comercialanma.es\/#organization\",\"name\":\"Comercial Anma\",\"url\":\"https:\/\/www.comercialanma.es\/\",\"sameAs\":[\"https:\/\/www.facebook.com\/AnmaHosteleria\",\"https:\/\/www.instagram.com\/anmahosteleria\/?hl=es\",\"https:\/\/www.youtube.com\/channel\/UCT2nmn08Ntks0hmpZPnDgCA\"],\"logo\":{\"@type\":\"ImageObject\",\"@id\":\"https:\/\/www.comercialanma.es\/#logo\",\"inLanguage\":\"es\",\"url\":\"https:\/\/i2.wp.com\/www.comercialanma.es\/wp-content\/uploads\/2019\/06\/logo-anma-color.png?fit=247%2C101&ssl=1\",\"width\":247,\"height\":101,\"caption\":\"Comercial Anma\"},\"image\":{\"@id\":\"https:\/\/www.comercialanma.es\/#logo\"}},{\"@type\":\"WebSite\",\"@id\":\"https:\/\/www.comercialanma.es\/#website\",\"url\":\"https:\/\/www.comercialanma.es\/\",\"name\":\"Comercial de Hosteleria Anma\",\"description\":\"\",\"publisher\":{\"@id\":\"https:\/\/www.comercialanma.es\/#organization\"},\"potentialAction\":[{\"@type\":\"SearchAction\",\"target\":\"https:\/\/www.comercialanma.es\/?s={search_term_string}\",\"query-input\":\"required name=search_term_string\"}],\"inLanguage\":\"es\"},{\"@type\":\"ImageObject\",\"@id\":\"https:\/\/www.comercialanma.es\/?product=cacillo-profesional-lacor-8#primaryimage\",\"inLanguage\":\"es\",\"url\":\"https:\/\/i0.wp.com\/www.comercialanma.es\/wp-content\/uploads\/2021\/09\/cacillo-profesional-10x37-1.jpg?fit=1080%2C1080&ssl=1\",\"width\":1080,\"height\":1080},{\"@type\":\"WebPage\",\"@id\":\"https:\/\/www.comercialanma.es\/?product=cacillo-profesional-lacor-8#webpage\",\"url\":\"https:\/\/www.comercialanma.es\/?product=cacillo-profesional-lacor-8\",\"name\":\"Cacillo Profesional 8cm Inox. - Comercial de Hosteleria Anma\",\"isPartOf\":{\"@id\":\"https:\/\/www.comercialanma.es\/#website\"},\"primaryImageOfPage\":{\"@id\":\"https:\/\/www.comercialanma.es\/?product=cacillo-profesional-lacor-8#primaryimage\"},\"datePublished\":\"2021-09-15T09:25:42+00:00\",\"dateModified\":\"2021-09-15T09:27:22+00:00\",\"description\":\"Cacillo Profesional | Lacor | 8cm | Inox. | Garantiza una excelente resistencia a la corrosi\\u00f3n y a los \\u00e1cidos alimentarios y sales.\",\"breadcrumb\":{\"@id\":\"https:\/\/www.comercialanma.es\/?product=cacillo-profesional-lacor-8#breadcrumb\"},\"inLanguage\":\"es\",\"potentialAction\":[{\"@type\":\"ReadAction\",\"target\":[\"https:\/\/www.comercialanma.es\/?product=cacillo-profesional-lacor-8\"]}]},{\"@type\":\"BreadcrumbList\",\"@id\":\"https:\/\/www.comercialanma.es\/?product=cacillo-profesional-lacor-8#breadcrumb\",\"itemListElement\":[{\"@type\":\"ListItem\",\"position\":1,\"item\":{\"@type\":\"WebPage\",\"@id\":\"https:\/\/www.comercialanma.es\/\",\"url\":\"https:\/\/www.comercialanma.es\/\",\"name\":\"Portada\"}},{\"@type\":\"ListItem\",\"position\":2,\"item\":{\"@type\":\"WebPage\",\"@id\":\"https:\/\/www.comercialanma.es\/?page_id=3963\",\"url\":\"https:\/\/www.comercialanma.es\/?page_id=3963\",\"name\":\"Cat\\u00e1logo de Productos\"}},{\"@type\":\"ListItem\",\"position\":3,\"item\":{\"@type\":\"WebPage\",\"@id\":\"https:\/\/www.comercialanma.es\/?product=cacillo-profesional-lacor-8\",\"url\":\"https:\/\/www.comercialanma.es\/?product=cacillo-profesional-lacor-8\",\"name\":\"Cacillo Profesional 8cm Inox.\"}}]}]}<\/script>\n<!-- \/ Yoast SEO plugin. -->","_links":{"self":[{"href":"https:\/\/www.comercialanma.es\/index.php?rest_route=\/wp\/v2\/product\/18984"}],"collection":[{"href":"https:\/\/www.comercialanma.es\/index.php?rest_route=\/wp\/v2\/product"}],"about":[{"href":"https:\/\/www.comercialanma.es\/index.php?rest_route=\/wp\/v2\/types\/product"}],"version-history":[{"count":1,"href":"https:\/\/www.comercialanma.es\/index.php?rest_route=\/wp\/v2\/product\/18984\/revisions"}],"predecessor-version":[{"id":18985,"href":"https:\/\/www.comercialanma.es\/index.php?rest_route=\/wp\/v2\/product\/18984\/revisions\/18985"}],"wp:featuredmedia":[{"embeddable":true,"href":"https:\/\/www.comercialanma.es\/index.php?rest_route=\/wp\/v2\/media\/18982"}],"wp:attachment":[{"href":"https:\/\/www.comercialanma.es\/index.php?rest_route=%2Fwp%2Fv2%2Fmedia&parent=18984"}],"curies":[{"name":"wp","href":"https:\/\/api.w.org\/{rel}","templated":true}]}}

<p>Cacillo Profesional | Lacor | 8cm | Inox. |</p>
<p>Garantiza una excelente resistencia a la corrosión y a los ácidos alimentarios y sales. El acero es un material liso, no poroso y muy higiénico; mantiene el sabor natural de los alimentos cocinados.</p>

<!-- This site is optimized with the Yoast SEO plugin v15.9 - https://yoast.com/wordpress/plugins/seo/ -->
<title>Cacillo Profesional 8cm Inox. - Comercial de Hosteleria Anma</title>
<meta name="description" content="Cacillo Profesional | Lacor | 8cm | Inox. | Garantiza una excelente resistencia a la corrosión y a los ácidos alimentarios y sales." />
<meta name="robots" content="index, follow, max-snippet:-1, max-image-preview:large, max-video-preview:-1" />
<link rel="canonical" href="https://www.comercialanma.es/?product=cacillo-profesional-lacor-8" />
<meta property="og:locale" content="es_ES" />
<meta property="og:type" content="article" />
<meta property="og:title" content="Cacillo Profesional 8cm Inox. - Comercial de Hosteleria Anma" />
<meta property="og:description" content="Cacillo Profesional | Lacor | 8cm | Inox. | Garantiza una excelente resistencia a la corrosión y a los ácidos alimentarios y sales." />
<meta property="og:url" content="https://www.comercialanma.es/?product=cacillo-profesional-lacor-8" />
<meta property="og:site_name" content="Comercial de Hosteleria Anma" />
<meta property="article:publisher" content="https://www.facebook.com/AnmaHosteleria" />
<meta property="article:modified_time" content="2021-09-15T09:27:22+00:00" />
<meta property="og:image" content="https://i0.wp.com/www.comercialanma.es/wp-content/uploads/2021/09/cacillo-profesional-10x37-1.jpg?fit=1080%2C1080&#038;ssl=1" />
	<meta property="og:image:width" content="1080" />
	<meta property="og:image:height" content="1080" />
<meta name="twitter:card" content="summary_large_image" />
<meta name="twitter:label1" content="Tiempo de lectura">
	<meta name="twitter:data1" content="1 minuto">
<script type="application/ld+json" class="yoast-schema-graph">{"@context":"https://schema.org","@graph":[{"@type":"Organization","@id":"https://www.comercialanma.es/#organization","name":"Comercial Anma","url":"https://www.comercialanma.es/","sameAs":["https://www.facebook.com/AnmaHosteleria","https://www.instagram.com/anmahosteleria/?hl=es","https://www.youtube.com/channel/UCT2nmn08Ntks0hmpZPnDgCA"],"logo":{"@type":"ImageObject","@id":"https://www.comercialanma.es/#logo","inLanguage":"es","url":"https://i2.wp.com/www.comercialanma.es/wp-content/uploads/2019/06/logo-anma-color.png?fit=247%2C101&ssl=1","width":247,"height":101,"caption":"Comercial Anma"},"image":{"@id":"https://www.comercialanma.es/#logo"}},{"@type":"WebSite","@id":"https://www.comercialanma.es/#website","url":"https://www.comercialanma.es/","name":"Comercial de Hosteleria Anma","description":"","publisher":{"@id":"https://www.comercialanma.es/#organization"},"potentialAction":[{"@type":"SearchAction","target":"https://www.comercialanma.es/?s={search_term_string}","query-input":"required name=search_term_string"}],"inLanguage":"es"},{"@type":"ImageObject","@id":"https://www.comercialanma.es/?product=cacillo-profesional-lacor-8#primaryimage","inLanguage":"es","url":"https://i0.wp.com/www.comercialanma.es/wp-content/uploads/2021/09/cacillo-profesional-10x37-1.jpg?fit=1080%2C1080&ssl=1","width":1080,"height":1080},{"@type":"WebPage","@id":"https://www.comercialanma.es/?product=cacillo-profesional-lacor-8#webpage","url":"https://www.comercialanma.es/?product=cacillo-profesional-lacor-8","name":"Cacillo Profesional 8cm Inox. - Comercial de Hosteleria Anma","isPartOf":{"@id":"https://www.comercialanma.es/#website"},"primaryImageOfPage":{"@id":"https://www.comercialanma.es/?product=cacillo-profesional-lacor-8#primaryimage"},"datePublished":"2021-09-15T09:25:42+00:00","dateModified":"2021-09-15T09:27:22+00:00","description":"Cacillo Profesional | Lacor | 8cm | Inox. | Garantiza una excelente resistencia a la corrosi\u00f3n y a los \u00e1cidos alimentarios y sales.","breadcrumb":{"@id":"https://www.comercialanma.es/?product=cacillo-profesional-lacor-8#breadcrumb"},"inLanguage":"es","potentialAction":[{"@type":"ReadAction","target":["https://www.comercialanma.es/?product=cacillo-profesional-lacor-8"]}]},{"@type":"BreadcrumbList","@id":"https://www.comercialanma.es/?product=cacillo-profesional-lacor-8#breadcrumb","itemListElement":[{"@type":"ListItem","position":1,"item":{"@type":"WebPage","@id":"https://www.comercialanma.es/","url":"https://www.comercialanma.es/","name":"Portada"}},{"@type":"ListItem","position":2,"item":{"@type":"WebPage","@id":"https://www.comercialanma.es/?page_id=3963","url":"https://www.comercialanma.es/?page_id=3963","name":"Cat\u00e1logo de Productos"}},{"@type":"ListItem","position":3,"item":{"@type":"WebPage","@id":"https://www.comercialanma.es/?product=cacillo-profesional-lacor-8","url":"https://www.comercialanma.es/?product=cacillo-profesional-lacor-8","name":"Cacillo Profesional 8cm Inox."}}]}]}</script>
<!-- / Yoast SEO plugin. -->
