
{"id":19058,"date":"2021-09-23T10:33:28","date_gmt":"2021-09-23T08:33:28","guid":{"rendered":"https:\/\/www.comercialanma.es\/?post_type=product&#038;p=19058"},"modified":"2021-09-23T10:45:57","modified_gmt":"2021-09-23T08:45:57","slug":"sobrasada-iberica-jabuguena-tarrina","status":"publish","type":"product","link":"https:\/\/www.comercialanma.es\/?product=sobrasada-iberica-jabuguena-tarrina","title":{"rendered":"Sobrasada Ib\u00e9rica tarrina 200gr. La Jabugue\u00f1a"},"content":{"rendered":"<p>La jabugue\u00f1a<\/p>\n<p class=\"titulo\">Sobrasada ib\u00e9rica de la Sierra de Huelva, Jabugo<\/p>\n<p>Presentaci\u00f3n en tarrina de 200gr.<\/p>\n","protected":false},"excerpt":{"rendered":"<div class=\"texto-producto\">Sobrasada ib\u00e9rica de la Sierra de Huelva, Jabugo | Sierra Morena |La Jabugue\u00f1a |<\/div>\n<div class=\"texto-producto\">Elaborada con el mejor magro del cerdo ib\u00e9rico de textura suave.<\/div>\n<p>&nbsp;<\/p>\n<p>&nbsp;<\/p>\n<p>&nbsp;<\/p>\n<p>&nbsp;<\/p>\n","protected":false},"featured_media":19059,"template":"","meta":{"spay_email":""},"yoast_head":"<!-- This site is optimized with the Yoast SEO plugin v15.9 - https:\/\/yoast.com\/wordpress\/plugins\/seo\/ -->\n<title>Sobrasada Ib\u00e9rica tarrina 200gr. La Jabugue\u00f1a - Comercial de Hosteleria Anma<\/title>\n<meta name=\"description\" content=\"Sobrasada ib\u00e9rica de la Sierra de Huelva, Jabugo | Sierra Morena | Elaborada con el mejor magro del cerdo ib\u00e9rico de textura suave.\" \/>\n<meta name=\"robots\" content=\"index, follow, max-snippet:-1, max-image-preview:large, max-video-preview:-1\" \/>\n<link rel=\"canonical\" href=\"https:\/\/www.comercialanma.es\/?product=sobrasada-iberica-jabuguena-tarrina\" \/>\n<meta property=\"og:locale\" content=\"es_ES\" \/>\n<meta property=\"og:type\" content=\"article\" \/>\n<meta property=\"og:title\" content=\"Sobrasada Ib\u00e9rica tarrina 200gr. La Jabugue\u00f1a - Comercial de Hosteleria Anma\" \/>\n<meta property=\"og:description\" content=\"Sobrasada ib\u00e9rica de la Sierra de Huelva, Jabugo | Sierra Morena | Elaborada con el mejor magro del cerdo ib\u00e9rico de textura suave.\" \/>\n<meta property=\"og:url\" content=\"https:\/\/www.comercialanma.es\/?product=sobrasada-iberica-jabuguena-tarrina\" \/>\n<meta property=\"og:site_name\" content=\"Comercial de Hosteleria Anma\" \/>\n<meta property=\"article:publisher\" content=\"https:\/\/www.facebook.com\/AnmaHosteleria\" \/>\n<meta property=\"article:modified_time\" content=\"2021-09-23T08:45:57+00:00\" \/>\n<meta property=\"og:image\" content=\"https:\/\/i2.wp.com\/www.comercialanma.es\/wp-content\/uploads\/2021\/09\/sobrasada-tarrina-la-jabuguena-200.jpg?fit=1080%2C1080&#038;ssl=1\" \/>\n\t<meta property=\"og:image:width\" content=\"1080\" \/>\n\t<meta property=\"og:image:height\" content=\"1080\" \/>\n<meta name=\"twitter:card\" content=\"summary_large_image\" \/>\n<meta name=\"twitter:label1\" content=\"Tiempo de lectura\">\n\t<meta name=\"twitter:data1\" content=\"1 minuto\">\n<script type=\"application\/ld+json\" class=\"yoast-schema-graph\">{\"@context\":\"https:\/\/schema.org\",\"@graph\":[{\"@type\":\"Organization\",\"@id\":\"https:\/\/www.comercialanma.es\/#organization\",\"name\":\"Comercial Anma\",\"url\":\"https:\/\/www.comercialanma.es\/\",\"sameAs\":[\"https:\/\/www.facebook.com\/AnmaHosteleria\",\"https:\/\/www.instagram.com\/anmahosteleria\/?hl=es\",\"https:\/\/www.youtube.com\/channel\/UCT2nmn08Ntks0hmpZPnDgCA\"],\"logo\":{\"@type\":\"ImageObject\",\"@id\":\"https:\/\/www.comercialanma.es\/#logo\",\"inLanguage\":\"es\",\"url\":\"https:\/\/i2.wp.com\/www.comercialanma.es\/wp-content\/uploads\/2019\/06\/logo-anma-color.png?fit=247%2C101&ssl=1\",\"width\":247,\"height\":101,\"caption\":\"Comercial Anma\"},\"image\":{\"@id\":\"https:\/\/www.comercialanma.es\/#logo\"}},{\"@type\":\"WebSite\",\"@id\":\"https:\/\/www.comercialanma.es\/#website\",\"url\":\"https:\/\/www.comercialanma.es\/\",\"name\":\"Comercial de Hosteleria Anma\",\"description\":\"\",\"publisher\":{\"@id\":\"https:\/\/www.comercialanma.es\/#organization\"},\"potentialAction\":[{\"@type\":\"SearchAction\",\"target\":\"https:\/\/www.comercialanma.es\/?s={search_term_string}\",\"query-input\":\"required name=search_term_string\"}],\"inLanguage\":\"es\"},{\"@type\":\"ImageObject\",\"@id\":\"https:\/\/www.comercialanma.es\/?product=sobrasada-iberica-jabuguena-tarrina#primaryimage\",\"inLanguage\":\"es\",\"url\":\"https:\/\/i2.wp.com\/www.comercialanma.es\/wp-content\/uploads\/2021\/09\/sobrasada-tarrina-la-jabuguena-200.jpg?fit=1080%2C1080&ssl=1\",\"width\":1080,\"height\":1080},{\"@type\":\"WebPage\",\"@id\":\"https:\/\/www.comercialanma.es\/?product=sobrasada-iberica-jabuguena-tarrina#webpage\",\"url\":\"https:\/\/www.comercialanma.es\/?product=sobrasada-iberica-jabuguena-tarrina\",\"name\":\"Sobrasada Ib\\u00e9rica tarrina 200gr. La Jabugue\\u00f1a - Comercial de Hosteleria Anma\",\"isPartOf\":{\"@id\":\"https:\/\/www.comercialanma.es\/#website\"},\"primaryImageOfPage\":{\"@id\":\"https:\/\/www.comercialanma.es\/?product=sobrasada-iberica-jabuguena-tarrina#primaryimage\"},\"datePublished\":\"2021-09-23T08:33:28+00:00\",\"dateModified\":\"2021-09-23T08:45:57+00:00\",\"description\":\"Sobrasada ib\\u00e9rica de la Sierra de Huelva, Jabugo | Sierra Morena | Elaborada con el mejor magro del cerdo ib\\u00e9rico de textura suave.\",\"breadcrumb\":{\"@id\":\"https:\/\/www.comercialanma.es\/?product=sobrasada-iberica-jabuguena-tarrina#breadcrumb\"},\"inLanguage\":\"es\",\"potentialAction\":[{\"@type\":\"ReadAction\",\"target\":[\"https:\/\/www.comercialanma.es\/?product=sobrasada-iberica-jabuguena-tarrina\"]}]},{\"@type\":\"BreadcrumbList\",\"@id\":\"https:\/\/www.comercialanma.es\/?product=sobrasada-iberica-jabuguena-tarrina#breadcrumb\",\"itemListElement\":[{\"@type\":\"ListItem\",\"position\":1,\"item\":{\"@type\":\"WebPage\",\"@id\":\"https:\/\/www.comercialanma.es\/\",\"url\":\"https:\/\/www.comercialanma.es\/\",\"name\":\"Portada\"}},{\"@type\":\"ListItem\",\"position\":2,\"item\":{\"@type\":\"WebPage\",\"@id\":\"https:\/\/www.comercialanma.es\/?page_id=3963\",\"url\":\"https:\/\/www.comercialanma.es\/?page_id=3963\",\"name\":\"Cat\\u00e1logo de Productos\"}},{\"@type\":\"ListItem\",\"position\":3,\"item\":{\"@type\":\"WebPage\",\"@id\":\"https:\/\/www.comercialanma.es\/?product=sobrasada-iberica-jabuguena-tarrina\",\"url\":\"https:\/\/www.comercialanma.es\/?product=sobrasada-iberica-jabuguena-tarrina\",\"name\":\"Sobrasada Ib\\u00e9rica tarrina 200gr. La Jabugue\\u00f1a\"}}]}]}<\/script>\n<!-- \/ Yoast SEO plugin. -->","_links":{"self":[{"href":"https:\/\/www.comercialanma.es\/index.php?rest_route=\/wp\/v2\/product\/19058"}],"collection":[{"href":"https:\/\/www.comercialanma.es\/index.php?rest_route=\/wp\/v2\/product"}],"about":[{"href":"https:\/\/www.comercialanma.es\/index.php?rest_route=\/wp\/v2\/types\/product"}],"version-history":[{"count":1,"href":"https:\/\/www.comercialanma.es\/index.php?rest_route=\/wp\/v2\/product\/19058\/revisions"}],"predecessor-version":[{"id":19060,"href":"https:\/\/www.comercialanma.es\/index.php?rest_route=\/wp\/v2\/product\/19058\/revisions\/19060"}],"wp:featuredmedia":[{"embeddable":true,"href":"https:\/\/www.comercialanma.es\/index.php?rest_route=\/wp\/v2\/media\/19059"}],"wp:attachment":[{"href":"https:\/\/www.comercialanma.es\/index.php?rest_route=%2Fwp%2Fv2%2Fmedia&parent=19058"}],"curies":[{"name":"wp","href":"https:\/\/api.w.org\/{rel}","templated":true}]}}