
{"id":19143,"date":"2021-09-27T17:04:02","date_gmt":"2021-09-27T15:04:02","guid":{"rendered":"https:\/\/www.comercialanma.es\/?post_type=product&#038;p=19143"},"modified":"2021-09-27T17:09:46","modified_gmt":"2021-09-27T15:09:46","slug":"jamon-iberico-lonchas-espuna","status":"publish","type":"product","link":"https:\/\/www.comercialanma.es\/?product=jamon-iberico-lonchas-espuna","title":{"rendered":"Jam\u00f3n Ib\u00e9rico en lonchas Espu\u00f1a 200gr."},"content":{"rendered":"<ul>\n<li>Formato bandeja<\/li>\n<li>200gr.<\/li>\n<li>Marca Espu\u00f1a<\/li>\n<\/ul>\n","protected":false},"excerpt":{"rendered":"<p>Jam\u00f3n Ib\u00e9rico lonchas| 200gr. | Espu\u00f1a |<\/p>\n<p>Paleta de cerdo de cebo ib\u00e9rico. Corte con color uniforme. Intenso aroma. Sabor delicado. Con microfilm separador de lonchas. Envase termoformado transparente de f\u00e1cil apertura. El sistema de envasado permite ver la totalidad del producto. F\u00e1cil separaci\u00f3n de las lonchas.<\/p>\n<p>&nbsp;<\/p>\n<p>&nbsp;<\/p>\n","protected":false},"featured_media":19146,"template":"","meta":{"spay_email":""},"yoast_head":"<!-- This site is optimized with the Yoast SEO plugin v15.9 - https:\/\/yoast.com\/wordpress\/plugins\/seo\/ -->\n<title>Jam\u00f3n Ib\u00e9rico en lonchas Espu\u00f1a 200gr. - Comercial de Hosteleria Anma<\/title>\n<meta name=\"description\" content=\"Jam\u00f3n Ib\u00e9rico lonchas| 200gr. | Espu\u00f1a | Paleta de cerdo de cebo ib\u00e9rico. Corte con color uniforme. Intenso aroma. Sabor delicado.\" \/>\n<meta name=\"robots\" content=\"index, follow, max-snippet:-1, max-image-preview:large, max-video-preview:-1\" \/>\n<link rel=\"canonical\" href=\"https:\/\/www.comercialanma.es\/?product=jamon-iberico-lonchas-espuna\" \/>\n<meta property=\"og:locale\" content=\"es_ES\" \/>\n<meta property=\"og:type\" content=\"article\" \/>\n<meta property=\"og:title\" content=\"Jam\u00f3n Ib\u00e9rico en lonchas Espu\u00f1a 200gr. - Comercial de Hosteleria Anma\" \/>\n<meta property=\"og:description\" content=\"Jam\u00f3n Ib\u00e9rico lonchas| 200gr. | Espu\u00f1a | Paleta de cerdo de cebo ib\u00e9rico. Corte con color uniforme. Intenso aroma. Sabor delicado.\" \/>\n<meta property=\"og:url\" content=\"https:\/\/www.comercialanma.es\/?product=jamon-iberico-lonchas-espuna\" \/>\n<meta property=\"og:site_name\" content=\"Comercial de Hosteleria Anma\" \/>\n<meta property=\"article:publisher\" content=\"https:\/\/www.facebook.com\/AnmaHosteleria\" \/>\n<meta property=\"article:modified_time\" content=\"2021-09-27T15:09:46+00:00\" \/>\n<meta property=\"og:image\" content=\"https:\/\/i1.wp.com\/www.comercialanma.es\/wp-content\/uploads\/2021\/09\/lonchas-jamon-iberico-espun\u0303a.jpg?fit=1080%2C1080&#038;ssl=1\" \/>\n\t<meta property=\"og:image:width\" content=\"1080\" \/>\n\t<meta property=\"og:image:height\" content=\"1080\" \/>\n<meta name=\"twitter:card\" content=\"summary_large_image\" \/>\n<meta name=\"twitter:label1\" content=\"Tiempo de lectura\">\n\t<meta name=\"twitter:data1\" content=\"1 minuto\">\n<script type=\"application\/ld+json\" class=\"yoast-schema-graph\">{\"@context\":\"https:\/\/schema.org\",\"@graph\":[{\"@type\":\"Organization\",\"@id\":\"https:\/\/www.comercialanma.es\/#organization\",\"name\":\"Comercial Anma\",\"url\":\"https:\/\/www.comercialanma.es\/\",\"sameAs\":[\"https:\/\/www.facebook.com\/AnmaHosteleria\",\"https:\/\/www.instagram.com\/anmahosteleria\/?hl=es\",\"https:\/\/www.youtube.com\/channel\/UCT2nmn08Ntks0hmpZPnDgCA\"],\"logo\":{\"@type\":\"ImageObject\",\"@id\":\"https:\/\/www.comercialanma.es\/#logo\",\"inLanguage\":\"es\",\"url\":\"https:\/\/i2.wp.com\/www.comercialanma.es\/wp-content\/uploads\/2019\/06\/logo-anma-color.png?fit=247%2C101&ssl=1\",\"width\":247,\"height\":101,\"caption\":\"Comercial Anma\"},\"image\":{\"@id\":\"https:\/\/www.comercialanma.es\/#logo\"}},{\"@type\":\"WebSite\",\"@id\":\"https:\/\/www.comercialanma.es\/#website\",\"url\":\"https:\/\/www.comercialanma.es\/\",\"name\":\"Comercial de Hosteleria Anma\",\"description\":\"\",\"publisher\":{\"@id\":\"https:\/\/www.comercialanma.es\/#organization\"},\"potentialAction\":[{\"@type\":\"SearchAction\",\"target\":\"https:\/\/www.comercialanma.es\/?s={search_term_string}\",\"query-input\":\"required name=search_term_string\"}],\"inLanguage\":\"es\"},{\"@type\":\"ImageObject\",\"@id\":\"https:\/\/www.comercialanma.es\/?product=jamon-iberico-lonchas-espuna#primaryimage\",\"inLanguage\":\"es\",\"url\":\"https:\/\/i1.wp.com\/www.comercialanma.es\/wp-content\/uploads\/2021\/09\/lonchas-jamon-iberico-espun\\u0303a.jpg?fit=1080%2C1080&ssl=1\",\"width\":1080,\"height\":1080},{\"@type\":\"WebPage\",\"@id\":\"https:\/\/www.comercialanma.es\/?product=jamon-iberico-lonchas-espuna#webpage\",\"url\":\"https:\/\/www.comercialanma.es\/?product=jamon-iberico-lonchas-espuna\",\"name\":\"Jam\\u00f3n Ib\\u00e9rico en lonchas Espu\\u00f1a 200gr. - Comercial de Hosteleria Anma\",\"isPartOf\":{\"@id\":\"https:\/\/www.comercialanma.es\/#website\"},\"primaryImageOfPage\":{\"@id\":\"https:\/\/www.comercialanma.es\/?product=jamon-iberico-lonchas-espuna#primaryimage\"},\"datePublished\":\"2021-09-27T15:04:02+00:00\",\"dateModified\":\"2021-09-27T15:09:46+00:00\",\"description\":\"Jam\\u00f3n Ib\\u00e9rico lonchas| 200gr. | Espu\\u00f1a | Paleta de cerdo de cebo ib\\u00e9rico. Corte con color uniforme. Intenso aroma. Sabor delicado.\",\"breadcrumb\":{\"@id\":\"https:\/\/www.comercialanma.es\/?product=jamon-iberico-lonchas-espuna#breadcrumb\"},\"inLanguage\":\"es\",\"potentialAction\":[{\"@type\":\"ReadAction\",\"target\":[\"https:\/\/www.comercialanma.es\/?product=jamon-iberico-lonchas-espuna\"]}]},{\"@type\":\"BreadcrumbList\",\"@id\":\"https:\/\/www.comercialanma.es\/?product=jamon-iberico-lonchas-espuna#breadcrumb\",\"itemListElement\":[{\"@type\":\"ListItem\",\"position\":1,\"item\":{\"@type\":\"WebPage\",\"@id\":\"https:\/\/www.comercialanma.es\/\",\"url\":\"https:\/\/www.comercialanma.es\/\",\"name\":\"Portada\"}},{\"@type\":\"ListItem\",\"position\":2,\"item\":{\"@type\":\"WebPage\",\"@id\":\"https:\/\/www.comercialanma.es\/?page_id=3963\",\"url\":\"https:\/\/www.comercialanma.es\/?page_id=3963\",\"name\":\"Cat\\u00e1logo de Productos\"}},{\"@type\":\"ListItem\",\"position\":3,\"item\":{\"@type\":\"WebPage\",\"@id\":\"https:\/\/www.comercialanma.es\/?product=jamon-iberico-lonchas-espuna\",\"url\":\"https:\/\/www.comercialanma.es\/?product=jamon-iberico-lonchas-espuna\",\"name\":\"Jam\\u00f3n Ib\\u00e9rico en lonchas Espu\\u00f1a 200gr.\"}}]}]}<\/script>\n<!-- \/ Yoast SEO plugin. -->","_links":{"self":[{"href":"https:\/\/www.comercialanma.es\/index.php?rest_route=\/wp\/v2\/product\/19143"}],"collection":[{"href":"https:\/\/www.comercialanma.es\/index.php?rest_route=\/wp\/v2\/product"}],"about":[{"href":"https:\/\/www.comercialanma.es\/index.php?rest_route=\/wp\/v2\/types\/product"}],"version-history":[{"count":1,"href":"https:\/\/www.comercialanma.es\/index.php?rest_route=\/wp\/v2\/product\/19143\/revisions"}],"predecessor-version":[{"id":19147,"href":"https:\/\/www.comercialanma.es\/index.php?rest_route=\/wp\/v2\/product\/19143\/revisions\/19147"}],"wp:featuredmedia":[{"embeddable":true,"href":"https:\/\/www.comercialanma.es\/index.php?rest_route=\/wp\/v2\/media\/19146"}],"wp:attachment":[{"href":"https:\/\/www.comercialanma.es\/index.php?rest_route=%2Fwp%2Fv2%2Fmedia&parent=19143"}],"curies":[{"name":"wp","href":"https:\/\/api.w.org\/{rel}","templated":true}]}}

Jamón Ibérico en lonchas Espuña 200gr.

<ul>
<li>Formato bandeja</li>
<li>200gr.</li>
<li>Marca Espuña</li>
</ul>

<p>Jamón Ibérico lonchas| 200gr. | Espuña |</p>
<p>Paleta de cerdo de cebo ibérico. Corte con color uniforme. Intenso aroma. Sabor delicado. Con microfilm separador de lonchas. Envase termoformado transparente de fácil apertura. El sistema de envasado permite ver la totalidad del producto. Fácil separación de las lonchas.</p>
<p>&nbsp;</p>
<p>&nbsp;</p>

<!-- This site is optimized with the Yoast SEO plugin v15.9 - https://yoast.com/wordpress/plugins/seo/ -->
<title>Jamón Ibérico en lonchas Espuña 200gr. - Comercial de Hosteleria Anma</title>
<meta name="description" content="Jamón Ibérico lonchas| 200gr. | Espuña | Paleta de cerdo de cebo ibérico. Corte con color uniforme. Intenso aroma. Sabor delicado." />
<meta name="robots" content="index, follow, max-snippet:-1, max-image-preview:large, max-video-preview:-1" />
<link rel="canonical" href="https://www.comercialanma.es/?product=jamon-iberico-lonchas-espuna" />
<meta property="og:locale" content="es_ES" />
<meta property="og:type" content="article" />
<meta property="og:title" content="Jamón Ibérico en lonchas Espuña 200gr. - Comercial de Hosteleria Anma" />
<meta property="og:description" content="Jamón Ibérico lonchas| 200gr. | Espuña | Paleta de cerdo de cebo ibérico. Corte con color uniforme. Intenso aroma. Sabor delicado." />
<meta property="og:url" content="https://www.comercialanma.es/?product=jamon-iberico-lonchas-espuna" />
<meta property="og:site_name" content="Comercial de Hosteleria Anma" />
<meta property="article:publisher" content="https://www.facebook.com/AnmaHosteleria" />
<meta property="article:modified_time" content="2021-09-27T15:09:46+00:00" />
<meta property="og:image" content="https://i1.wp.com/www.comercialanma.es/wp-content/uploads/2021/09/lonchas-jamon-iberico-espuña.jpg?fit=1080%2C1080&#038;ssl=1" />
	<meta property="og:image:width" content="1080" />
	<meta property="og:image:height" content="1080" />
<meta name="twitter:card" content="summary_large_image" />
<meta name="twitter:label1" content="Tiempo de lectura">
	<meta name="twitter:data1" content="1 minuto">
<script type="application/ld+json" class="yoast-schema-graph">{"@context":"https://schema.org","@graph":[{"@type":"Organization","@id":"https://www.comercialanma.es/#organization","name":"Comercial Anma","url":"https://www.comercialanma.es/","sameAs":["https://www.facebook.com/AnmaHosteleria","https://www.instagram.com/anmahosteleria/?hl=es","https://www.youtube.com/channel/UCT2nmn08Ntks0hmpZPnDgCA"],"logo":{"@type":"ImageObject","@id":"https://www.comercialanma.es/#logo","inLanguage":"es","url":"https://i2.wp.com/www.comercialanma.es/wp-content/uploads/2019/06/logo-anma-color.png?fit=247%2C101&ssl=1","width":247,"height":101,"caption":"Comercial Anma"},"image":{"@id":"https://www.comercialanma.es/#logo"}},{"@type":"WebSite","@id":"https://www.comercialanma.es/#website","url":"https://www.comercialanma.es/","name":"Comercial de Hosteleria Anma","description":"","publisher":{"@id":"https://www.comercialanma.es/#organization"},"potentialAction":[{"@type":"SearchAction","target":"https://www.comercialanma.es/?s={search_term_string}","query-input":"required name=search_term_string"}],"inLanguage":"es"},{"@type":"ImageObject","@id":"https://www.comercialanma.es/?product=jamon-iberico-lonchas-espuna#primaryimage","inLanguage":"es","url":"https://i1.wp.com/www.comercialanma.es/wp-content/uploads/2021/09/lonchas-jamon-iberico-espun\u0303a.jpg?fit=1080%2C1080&ssl=1","width":1080,"height":1080},{"@type":"WebPage","@id":"https://www.comercialanma.es/?product=jamon-iberico-lonchas-espuna#webpage","url":"https://www.comercialanma.es/?product=jamon-iberico-lonchas-espuna","name":"Jam\u00f3n Ib\u00e9rico en lonchas Espu\u00f1a 200gr. - Comercial de Hosteleria Anma","isPartOf":{"@id":"https://www.comercialanma.es/#website"},"primaryImageOfPage":{"@id":"https://www.comercialanma.es/?product=jamon-iberico-lonchas-espuna#primaryimage"},"datePublished":"2021-09-27T15:04:02+00:00","dateModified":"2021-09-27T15:09:46+00:00","description":"Jam\u00f3n Ib\u00e9rico lonchas| 200gr. | Espu\u00f1a | Paleta de cerdo de cebo ib\u00e9rico. Corte con color uniforme. Intenso aroma. Sabor delicado.","breadcrumb":{"@id":"https://www.comercialanma.es/?product=jamon-iberico-lonchas-espuna#breadcrumb"},"inLanguage":"es","potentialAction":[{"@type":"ReadAction","target":["https://www.comercialanma.es/?product=jamon-iberico-lonchas-espuna"]}]},{"@type":"BreadcrumbList","@id":"https://www.comercialanma.es/?product=jamon-iberico-lonchas-espuna#breadcrumb","itemListElement":[{"@type":"ListItem","position":1,"item":{"@type":"WebPage","@id":"https://www.comercialanma.es/","url":"https://www.comercialanma.es/","name":"Portada"}},{"@type":"ListItem","position":2,"item":{"@type":"WebPage","@id":"https://www.comercialanma.es/?page_id=3963","url":"https://www.comercialanma.es/?page_id=3963","name":"Cat\u00e1logo de Productos"}},{"@type":"ListItem","position":3,"item":{"@type":"WebPage","@id":"https://www.comercialanma.es/?product=jamon-iberico-lonchas-espuna","url":"https://www.comercialanma.es/?product=jamon-iberico-lonchas-espuna","name":"Jam\u00f3n Ib\u00e9rico en lonchas Espu\u00f1a 200gr."}}]}]}</script>
<!-- / Yoast SEO plugin. -->
