
{"id":19316,"date":"2021-10-06T15:36:17","date_gmt":"2021-10-06T13:36:17","guid":{"rendered":"https:\/\/www.comercialanma.es\/?post_type=product&#038;p=19316"},"modified":"2021-10-06T15:42:50","modified_gmt":"2021-10-06T13:42:50","slug":"martin-millers-winterful","status":"publish","type":"product","link":"https:\/\/www.comercialanma.es\/?product=martin-millers-winterful","title":{"rendered":"Martin Miller&#8217;s Winterful 70cl."},"content":{"rendered":"<div id=\"tabs_content_container\">\n<div id=\"tab_cata_0\" class=\"tab_content catas_review_container\">\n<ul>\n<li>Color: color blanco transparente<\/li>\n<li>Olor: aromas c\u00edtricos<\/li>\n<li>Sabor: nota cremosa de cuajada de c\u00edtricos conduce a una gran cantidad de enebro graso con mandarina picante seguida de un final c\u00e1lido de canela y cardamomo.<\/li>\n<li>Graduaci\u00f3n 40% vol.<\/li>\n<\/ul>\n<p>&nbsp;<\/p>\n<\/div>\n<\/div>\n","protected":false},"excerpt":{"rendered":"<p>Martin Miller&#8217;s Winterful | 70cl. |<\/p>\n<p>Inspirada en los ingredientes bot\u00e1nicos que se usan com\u00fanmente en las recetas caseras de Mulled Wine tanto en Inglaterra como en Islandia (donde se la conoce como J\u00f3la Gl\u00f6gg), esta edici\u00f3n especial invierno de Martin Miller&#8217;s Gin rinde homenaje a la doble herencia de la marca, una ginebra inglesa mezclada con el agua de manantial island\u00e9s, por su caracter\u00edstico sabor y suave sensaci\u00f3n en boca.<\/p>\n","protected":false},"featured_media":19317,"template":"","meta":{"spay_email":""},"yoast_head":"<!-- This site is optimized with the Yoast SEO plugin v15.9 - https:\/\/yoast.com\/wordpress\/plugins\/seo\/ -->\n<title>Martin Miller&#039;s Winterful 70cl. - Comercial de Hosteleria Anma<\/title>\n<meta name=\"description\" content=\"Martin Miller&#039;s Winterful | 70cl. | Edici\u00f3n especial invierno ginebra inglesa mezclada con el agua de manantial island\u00e9s.\" \/>\n<meta name=\"robots\" content=\"index, follow, max-snippet:-1, max-image-preview:large, max-video-preview:-1\" \/>\n<link rel=\"canonical\" href=\"https:\/\/www.comercialanma.es\/?product=martin-millers-winterful\" \/>\n<meta property=\"og:locale\" content=\"es_ES\" \/>\n<meta property=\"og:type\" content=\"article\" \/>\n<meta property=\"og:title\" content=\"Martin Miller&#039;s Winterful 70cl. - Comercial de Hosteleria Anma\" \/>\n<meta property=\"og:description\" content=\"Martin Miller&#039;s Winterful | 70cl. | Edici\u00f3n especial invierno ginebra inglesa mezclada con el agua de manantial island\u00e9s.\" \/>\n<meta property=\"og:url\" content=\"https:\/\/www.comercialanma.es\/?product=martin-millers-winterful\" \/>\n<meta property=\"og:site_name\" content=\"Comercial de Hosteleria Anma\" \/>\n<meta property=\"article:publisher\" content=\"https:\/\/www.facebook.com\/AnmaHosteleria\" \/>\n<meta property=\"article:modified_time\" content=\"2021-10-06T13:42:50+00:00\" \/>\n<meta property=\"og:image\" content=\"https:\/\/i2.wp.com\/www.comercialanma.es\/wp-content\/uploads\/2021\/10\/MARTIN-MILLERS-WINTERFUL.jpg?fit=1080%2C1080&#038;ssl=1\" \/>\n\t<meta property=\"og:image:width\" content=\"1080\" \/>\n\t<meta property=\"og:image:height\" content=\"1080\" \/>\n<meta name=\"twitter:card\" content=\"summary_large_image\" \/>\n<meta name=\"twitter:label1\" content=\"Tiempo de lectura\">\n\t<meta name=\"twitter:data1\" content=\"1 minuto\">\n<script type=\"application\/ld+json\" class=\"yoast-schema-graph\">{\"@context\":\"https:\/\/schema.org\",\"@graph\":[{\"@type\":\"Organization\",\"@id\":\"https:\/\/www.comercialanma.es\/#organization\",\"name\":\"Comercial Anma\",\"url\":\"https:\/\/www.comercialanma.es\/\",\"sameAs\":[\"https:\/\/www.facebook.com\/AnmaHosteleria\",\"https:\/\/www.instagram.com\/anmahosteleria\/?hl=es\",\"https:\/\/www.youtube.com\/channel\/UCT2nmn08Ntks0hmpZPnDgCA\"],\"logo\":{\"@type\":\"ImageObject\",\"@id\":\"https:\/\/www.comercialanma.es\/#logo\",\"inLanguage\":\"es\",\"url\":\"https:\/\/i2.wp.com\/www.comercialanma.es\/wp-content\/uploads\/2019\/06\/logo-anma-color.png?fit=247%2C101&ssl=1\",\"width\":247,\"height\":101,\"caption\":\"Comercial Anma\"},\"image\":{\"@id\":\"https:\/\/www.comercialanma.es\/#logo\"}},{\"@type\":\"WebSite\",\"@id\":\"https:\/\/www.comercialanma.es\/#website\",\"url\":\"https:\/\/www.comercialanma.es\/\",\"name\":\"Comercial de Hosteleria Anma\",\"description\":\"\",\"publisher\":{\"@id\":\"https:\/\/www.comercialanma.es\/#organization\"},\"potentialAction\":[{\"@type\":\"SearchAction\",\"target\":\"https:\/\/www.comercialanma.es\/?s={search_term_string}\",\"query-input\":\"required name=search_term_string\"}],\"inLanguage\":\"es\"},{\"@type\":\"ImageObject\",\"@id\":\"https:\/\/www.comercialanma.es\/?product=martin-millers-winterful#primaryimage\",\"inLanguage\":\"es\",\"url\":\"https:\/\/i2.wp.com\/www.comercialanma.es\/wp-content\/uploads\/2021\/10\/MARTIN-MILLERS-WINTERFUL.jpg?fit=1080%2C1080&ssl=1\",\"width\":1080,\"height\":1080},{\"@type\":\"WebPage\",\"@id\":\"https:\/\/www.comercialanma.es\/?product=martin-millers-winterful#webpage\",\"url\":\"https:\/\/www.comercialanma.es\/?product=martin-millers-winterful\",\"name\":\"Martin Miller's Winterful 70cl. - Comercial de Hosteleria Anma\",\"isPartOf\":{\"@id\":\"https:\/\/www.comercialanma.es\/#website\"},\"primaryImageOfPage\":{\"@id\":\"https:\/\/www.comercialanma.es\/?product=martin-millers-winterful#primaryimage\"},\"datePublished\":\"2021-10-06T13:36:17+00:00\",\"dateModified\":\"2021-10-06T13:42:50+00:00\",\"description\":\"Martin Miller's Winterful | 70cl. | Edici\\u00f3n especial invierno ginebra inglesa mezclada con el agua de manantial island\\u00e9s.\",\"breadcrumb\":{\"@id\":\"https:\/\/www.comercialanma.es\/?product=martin-millers-winterful#breadcrumb\"},\"inLanguage\":\"es\",\"potentialAction\":[{\"@type\":\"ReadAction\",\"target\":[\"https:\/\/www.comercialanma.es\/?product=martin-millers-winterful\"]}]},{\"@type\":\"BreadcrumbList\",\"@id\":\"https:\/\/www.comercialanma.es\/?product=martin-millers-winterful#breadcrumb\",\"itemListElement\":[{\"@type\":\"ListItem\",\"position\":1,\"item\":{\"@type\":\"WebPage\",\"@id\":\"https:\/\/www.comercialanma.es\/\",\"url\":\"https:\/\/www.comercialanma.es\/\",\"name\":\"Portada\"}},{\"@type\":\"ListItem\",\"position\":2,\"item\":{\"@type\":\"WebPage\",\"@id\":\"https:\/\/www.comercialanma.es\/?page_id=3963\",\"url\":\"https:\/\/www.comercialanma.es\/?page_id=3963\",\"name\":\"Cat\\u00e1logo de Productos\"}},{\"@type\":\"ListItem\",\"position\":3,\"item\":{\"@type\":\"WebPage\",\"@id\":\"https:\/\/www.comercialanma.es\/?product=martin-millers-winterful\",\"url\":\"https:\/\/www.comercialanma.es\/?product=martin-millers-winterful\",\"name\":\"Martin Miller&#8217;s Winterful 70cl.\"}}]}]}<\/script>\n<!-- \/ Yoast SEO plugin. -->","_links":{"self":[{"href":"https:\/\/www.comercialanma.es\/index.php?rest_route=\/wp\/v2\/product\/19316"}],"collection":[{"href":"https:\/\/www.comercialanma.es\/index.php?rest_route=\/wp\/v2\/product"}],"about":[{"href":"https:\/\/www.comercialanma.es\/index.php?rest_route=\/wp\/v2\/types\/product"}],"version-history":[{"count":1,"href":"https:\/\/www.comercialanma.es\/index.php?rest_route=\/wp\/v2\/product\/19316\/revisions"}],"predecessor-version":[{"id":19318,"href":"https:\/\/www.comercialanma.es\/index.php?rest_route=\/wp\/v2\/product\/19316\/revisions\/19318"}],"wp:featuredmedia":[{"embeddable":true,"href":"https:\/\/www.comercialanma.es\/index.php?rest_route=\/wp\/v2\/media\/19317"}],"wp:attachment":[{"href":"https:\/\/www.comercialanma.es\/index.php?rest_route=%2Fwp%2Fv2%2Fmedia&parent=19316"}],"curies":[{"name":"wp","href":"https:\/\/api.w.org\/{rel}","templated":true}]}}