
{"id":19543,"date":"2021-10-15T17:27:31","date_gmt":"2021-10-15T15:27:31","guid":{"rendered":"https:\/\/www.comercialanma.es\/?post_type=product&#038;p=19543"},"modified":"2021-10-15T17:38:43","modified_gmt":"2021-10-15T15:38:43","slug":"cortadora-electrica-fiambre-home-lacor","status":"publish","type":"product","link":"https:\/\/www.comercialanma.es\/?product=cortadora-electrica-fiambre-home-lacor","title":{"rendered":"Cortadora el\u00e9ctrica fiambre Home Lacor"},"content":{"rendered":"<ul class=\"a-unordered-list a-vertical a-spacing-mini\">\n<li><span class=\"a-list-item\"> Cortadora el\u00e9ctrica de uso dom\u00e9stico <\/span><\/li>\n<li><span class=\"a-list-item\"> Cuerpo fabricado en metal y bandeja en acero inoxidable <\/span><\/li>\n<li><span class=\"a-list-item\"> Bandeja inoxidable abatible y de limpieza f\u00e1cil <\/span><\/li>\n<li><span class=\"a-list-item\"> Pantalla protectora y cabezal ajustable de suave deslizamiento <\/span><\/li>\n<li><span class=\"a-list-item\"> Transmisi\u00f3n por engranaje <\/span><\/li>\n<li><span class=\"a-list-item\"> Di\u00e1metro 190 mm\/ 7, 5 <\/span><\/li>\n<li><span class=\"a-list-item\"> Rango de espesor ajustable de 0 &#8211; 15 mm <\/span><\/li>\n<li><span class=\"a-list-item\">Peso: 4,50 kg<\/span><\/li>\n<li>37,3 x 27,9 x 27,5 cm.<\/li>\n<\/ul>\n<div class=\"a-row a-expander-container a-expander-inline-container\" aria-live=\"polite\">\n<div class=\"a-expander-content a-expander-extend-content a-expander-content-expanded\" aria-expanded=\"true\"><\/div>\n<\/div>\n","protected":false},"excerpt":{"rendered":"<p>Con la cortafiambres Home\u00a0del fabricante nacional LACOR adquiriremos la costumbre de cortar los fiambres poco antes de ser degustados con lo que ganaremos en la calidad del alimento que no perder\u00e1 ni textura ni sabor, mejoraremos la presentaci\u00f3n y conseguiremos un ahorro en nuestra cesta de la compra.<\/p>\n<p>Sus materiales de calidad, caracter\u00edsticas t\u00e9cnicas, f\u00e1cil manejo y la simplicidad con que desmontaremos la cuchilla, el protector y carro para su limpieza\u00a0 hacen que esta cortafiambres sea recomendable en todos los hogares.<\/p>\n","protected":false},"featured_media":19544,"template":"","meta":{"spay_email":""},"yoast_head":"<!-- This site is optimized with the Yoast SEO plugin v15.9 - https:\/\/yoast.com\/wordpress\/plugins\/seo\/ -->\n<title>Cortadora el\u00e9ctrica fiambre Home Lacor - Comercial de Hosteleria Anma<\/title>\n<meta name=\"description\" content=\"Cortadora el\u00e9ctrica fiambre Home | Lacor | Facilit\u00e1ndonos el corte de todo tipo de quesos, embutidos, piezas de jam\u00f3n, cecina, etc...\" \/>\n<meta name=\"robots\" content=\"index, follow, max-snippet:-1, max-image-preview:large, max-video-preview:-1\" \/>\n<link rel=\"canonical\" href=\"https:\/\/www.comercialanma.es\/?product=cortadora-electrica-fiambre-home-lacor\" \/>\n<meta property=\"og:locale\" content=\"es_ES\" \/>\n<meta property=\"og:type\" content=\"article\" \/>\n<meta property=\"og:title\" content=\"Cortadora el\u00e9ctrica fiambre Home Lacor - Comercial de Hosteleria Anma\" \/>\n<meta property=\"og:description\" content=\"Cortadora el\u00e9ctrica fiambre Home | Lacor | Facilit\u00e1ndonos el corte de todo tipo de quesos, embutidos, piezas de jam\u00f3n, cecina, etc...\" \/>\n<meta property=\"og:url\" content=\"https:\/\/www.comercialanma.es\/?product=cortadora-electrica-fiambre-home-lacor\" \/>\n<meta property=\"og:site_name\" content=\"Comercial de Hosteleria Anma\" \/>\n<meta property=\"article:publisher\" content=\"https:\/\/www.facebook.com\/AnmaHosteleria\" \/>\n<meta property=\"article:modified_time\" content=\"2021-10-15T15:38:43+00:00\" \/>\n<meta property=\"og:image\" content=\"https:\/\/i0.wp.com\/www.comercialanma.es\/wp-content\/uploads\/2021\/10\/cortadopra-de-fiambre-lacor-1.png?fit=1080%2C1080&#038;ssl=1\" \/>\n\t<meta property=\"og:image:width\" content=\"1080\" \/>\n\t<meta property=\"og:image:height\" content=\"1080\" \/>\n<meta name=\"twitter:card\" content=\"summary_large_image\" \/>\n<meta name=\"twitter:label1\" content=\"Tiempo de lectura\">\n\t<meta name=\"twitter:data1\" content=\"1 minuto\">\n<script type=\"application\/ld+json\" class=\"yoast-schema-graph\">{\"@context\":\"https:\/\/schema.org\",\"@graph\":[{\"@type\":\"Organization\",\"@id\":\"https:\/\/www.comercialanma.es\/#organization\",\"name\":\"Comercial Anma\",\"url\":\"https:\/\/www.comercialanma.es\/\",\"sameAs\":[\"https:\/\/www.facebook.com\/AnmaHosteleria\",\"https:\/\/www.instagram.com\/anmahosteleria\/?hl=es\",\"https:\/\/www.youtube.com\/channel\/UCT2nmn08Ntks0hmpZPnDgCA\"],\"logo\":{\"@type\":\"ImageObject\",\"@id\":\"https:\/\/www.comercialanma.es\/#logo\",\"inLanguage\":\"es\",\"url\":\"https:\/\/i2.wp.com\/www.comercialanma.es\/wp-content\/uploads\/2019\/06\/logo-anma-color.png?fit=247%2C101&ssl=1\",\"width\":247,\"height\":101,\"caption\":\"Comercial Anma\"},\"image\":{\"@id\":\"https:\/\/www.comercialanma.es\/#logo\"}},{\"@type\":\"WebSite\",\"@id\":\"https:\/\/www.comercialanma.es\/#website\",\"url\":\"https:\/\/www.comercialanma.es\/\",\"name\":\"Comercial de Hosteleria Anma\",\"description\":\"\",\"publisher\":{\"@id\":\"https:\/\/www.comercialanma.es\/#organization\"},\"potentialAction\":[{\"@type\":\"SearchAction\",\"target\":\"https:\/\/www.comercialanma.es\/?s={search_term_string}\",\"query-input\":\"required name=search_term_string\"}],\"inLanguage\":\"es\"},{\"@type\":\"ImageObject\",\"@id\":\"https:\/\/www.comercialanma.es\/?product=cortadora-electrica-fiambre-home-lacor#primaryimage\",\"inLanguage\":\"es\",\"url\":\"https:\/\/i0.wp.com\/www.comercialanma.es\/wp-content\/uploads\/2021\/10\/cortadopra-de-fiambre-lacor-1.png?fit=1080%2C1080&ssl=1\",\"width\":1080,\"height\":1080},{\"@type\":\"WebPage\",\"@id\":\"https:\/\/www.comercialanma.es\/?product=cortadora-electrica-fiambre-home-lacor#webpage\",\"url\":\"https:\/\/www.comercialanma.es\/?product=cortadora-electrica-fiambre-home-lacor\",\"name\":\"Cortadora el\\u00e9ctrica fiambre Home Lacor - Comercial de Hosteleria Anma\",\"isPartOf\":{\"@id\":\"https:\/\/www.comercialanma.es\/#website\"},\"primaryImageOfPage\":{\"@id\":\"https:\/\/www.comercialanma.es\/?product=cortadora-electrica-fiambre-home-lacor#primaryimage\"},\"datePublished\":\"2021-10-15T15:27:31+00:00\",\"dateModified\":\"2021-10-15T15:38:43+00:00\",\"description\":\"Cortadora el\\u00e9ctrica fiambre Home | Lacor | Facilit\\u00e1ndonos el corte de todo tipo de quesos, embutidos, piezas de jam\\u00f3n, cecina, etc...\",\"breadcrumb\":{\"@id\":\"https:\/\/www.comercialanma.es\/?product=cortadora-electrica-fiambre-home-lacor#breadcrumb\"},\"inLanguage\":\"es\",\"potentialAction\":[{\"@type\":\"ReadAction\",\"target\":[\"https:\/\/www.comercialanma.es\/?product=cortadora-electrica-fiambre-home-lacor\"]}]},{\"@type\":\"BreadcrumbList\",\"@id\":\"https:\/\/www.comercialanma.es\/?product=cortadora-electrica-fiambre-home-lacor#breadcrumb\",\"itemListElement\":[{\"@type\":\"ListItem\",\"position\":1,\"item\":{\"@type\":\"WebPage\",\"@id\":\"https:\/\/www.comercialanma.es\/\",\"url\":\"https:\/\/www.comercialanma.es\/\",\"name\":\"Portada\"}},{\"@type\":\"ListItem\",\"position\":2,\"item\":{\"@type\":\"WebPage\",\"@id\":\"https:\/\/www.comercialanma.es\/?page_id=3963\",\"url\":\"https:\/\/www.comercialanma.es\/?page_id=3963\",\"name\":\"Cat\\u00e1logo de Productos\"}},{\"@type\":\"ListItem\",\"position\":3,\"item\":{\"@type\":\"WebPage\",\"@id\":\"https:\/\/www.comercialanma.es\/?product=cortadora-electrica-fiambre-home-lacor\",\"url\":\"https:\/\/www.comercialanma.es\/?product=cortadora-electrica-fiambre-home-lacor\",\"name\":\"Cortadora el\\u00e9ctrica fiambre Home Lacor\"}}]}]}<\/script>\n<!-- \/ Yoast SEO plugin. -->","_links":{"self":[{"href":"https:\/\/www.comercialanma.es\/index.php?rest_route=\/wp\/v2\/product\/19543"}],"collection":[{"href":"https:\/\/www.comercialanma.es\/index.php?rest_route=\/wp\/v2\/product"}],"about":[{"href":"https:\/\/www.comercialanma.es\/index.php?rest_route=\/wp\/v2\/types\/product"}],"version-history":[{"count":1,"href":"https:\/\/www.comercialanma.es\/index.php?rest_route=\/wp\/v2\/product\/19543\/revisions"}],"predecessor-version":[{"id":19546,"href":"https:\/\/www.comercialanma.es\/index.php?rest_route=\/wp\/v2\/product\/19543\/revisions\/19546"}],"wp:featuredmedia":[{"embeddable":true,"href":"https:\/\/www.comercialanma.es\/index.php?rest_route=\/wp\/v2\/media\/19544"}],"wp:attachment":[{"href":"https:\/\/www.comercialanma.es\/index.php?rest_route=%2Fwp%2Fv2%2Fmedia&parent=19543"}],"curies":[{"name":"wp","href":"https:\/\/api.w.org\/{rel}","templated":true}]}}

Cortadora eléctrica fiambre Home Lacor

<ul class="a-unordered-list a-vertical a-spacing-mini">
<li><span class="a-list-item"> Cortadora eléctrica de uso doméstico </span></li>
<li><span class="a-list-item"> Cuerpo fabricado en metal y bandeja en acero inoxidable </span></li>
<li><span class="a-list-item"> Bandeja inoxidable abatible y de limpieza fácil </span></li>
<li><span class="a-list-item"> Pantalla protectora y cabezal ajustable de suave deslizamiento </span></li>
<li><span class="a-list-item"> Transmisión por engranaje </span></li>
<li><span class="a-list-item"> Diámetro 190 mm/ 7, 5 </span></li>
<li><span class="a-list-item"> Rango de espesor ajustable de 0 &#8211; 15 mm </span></li>
<li><span class="a-list-item">Peso: 4,50 kg</span></li>
<li>37,3 x 27,9 x 27,5 cm.</li>
</ul>
<div class="a-row a-expander-container a-expander-inline-container" aria-live="polite">
<div class="a-expander-content a-expander-extend-content a-expander-content-expanded" aria-expanded="true"></div>
</div>

<p>Con la cortafiambres Home del fabricante nacional LACOR adquiriremos la costumbre de cortar los fiambres poco antes de ser degustados con lo que ganaremos en la calidad del alimento que no perderá ni textura ni sabor, mejoraremos la presentación y conseguiremos un ahorro en nuestra cesta de la compra.</p>
<p>Sus materiales de calidad, características técnicas, fácil manejo y la simplicidad con que desmontaremos la cuchilla, el protector y carro para su limpieza  hacen que esta cortafiambres sea recomendable en todos los hogares.</p>

<!-- This site is optimized with the Yoast SEO plugin v15.9 - https://yoast.com/wordpress/plugins/seo/ -->
<title>Cortadora eléctrica fiambre Home Lacor - Comercial de Hosteleria Anma</title>
<meta name="description" content="Cortadora eléctrica fiambre Home | Lacor | Facilitándonos el corte de todo tipo de quesos, embutidos, piezas de jamón, cecina, etc..." />
<meta name="robots" content="index, follow, max-snippet:-1, max-image-preview:large, max-video-preview:-1" />
<link rel="canonical" href="https://www.comercialanma.es/?product=cortadora-electrica-fiambre-home-lacor" />
<meta property="og:locale" content="es_ES" />
<meta property="og:type" content="article" />
<meta property="og:title" content="Cortadora eléctrica fiambre Home Lacor - Comercial de Hosteleria Anma" />
<meta property="og:description" content="Cortadora eléctrica fiambre Home | Lacor | Facilitándonos el corte de todo tipo de quesos, embutidos, piezas de jamón, cecina, etc..." />
<meta property="og:url" content="https://www.comercialanma.es/?product=cortadora-electrica-fiambre-home-lacor" />
<meta property="og:site_name" content="Comercial de Hosteleria Anma" />
<meta property="article:publisher" content="https://www.facebook.com/AnmaHosteleria" />
<meta property="article:modified_time" content="2021-10-15T15:38:43+00:00" />
<meta property="og:image" content="https://i0.wp.com/www.comercialanma.es/wp-content/uploads/2021/10/cortadopra-de-fiambre-lacor-1.png?fit=1080%2C1080&#038;ssl=1" />
	<meta property="og:image:width" content="1080" />
	<meta property="og:image:height" content="1080" />
<meta name="twitter:card" content="summary_large_image" />
<meta name="twitter:label1" content="Tiempo de lectura">
	<meta name="twitter:data1" content="1 minuto">
<script type="application/ld+json" class="yoast-schema-graph">{"@context":"https://schema.org","@graph":[{"@type":"Organization","@id":"https://www.comercialanma.es/#organization","name":"Comercial Anma","url":"https://www.comercialanma.es/","sameAs":["https://www.facebook.com/AnmaHosteleria","https://www.instagram.com/anmahosteleria/?hl=es","https://www.youtube.com/channel/UCT2nmn08Ntks0hmpZPnDgCA"],"logo":{"@type":"ImageObject","@id":"https://www.comercialanma.es/#logo","inLanguage":"es","url":"https://i2.wp.com/www.comercialanma.es/wp-content/uploads/2019/06/logo-anma-color.png?fit=247%2C101&ssl=1","width":247,"height":101,"caption":"Comercial Anma"},"image":{"@id":"https://www.comercialanma.es/#logo"}},{"@type":"WebSite","@id":"https://www.comercialanma.es/#website","url":"https://www.comercialanma.es/","name":"Comercial de Hosteleria Anma","description":"","publisher":{"@id":"https://www.comercialanma.es/#organization"},"potentialAction":[{"@type":"SearchAction","target":"https://www.comercialanma.es/?s={search_term_string}","query-input":"required name=search_term_string"}],"inLanguage":"es"},{"@type":"ImageObject","@id":"https://www.comercialanma.es/?product=cortadora-electrica-fiambre-home-lacor#primaryimage","inLanguage":"es","url":"https://i0.wp.com/www.comercialanma.es/wp-content/uploads/2021/10/cortadopra-de-fiambre-lacor-1.png?fit=1080%2C1080&ssl=1","width":1080,"height":1080},{"@type":"WebPage","@id":"https://www.comercialanma.es/?product=cortadora-electrica-fiambre-home-lacor#webpage","url":"https://www.comercialanma.es/?product=cortadora-electrica-fiambre-home-lacor","name":"Cortadora el\u00e9ctrica fiambre Home Lacor - Comercial de Hosteleria Anma","isPartOf":{"@id":"https://www.comercialanma.es/#website"},"primaryImageOfPage":{"@id":"https://www.comercialanma.es/?product=cortadora-electrica-fiambre-home-lacor#primaryimage"},"datePublished":"2021-10-15T15:27:31+00:00","dateModified":"2021-10-15T15:38:43+00:00","description":"Cortadora el\u00e9ctrica fiambre Home | Lacor | Facilit\u00e1ndonos el corte de todo tipo de quesos, embutidos, piezas de jam\u00f3n, cecina, etc...","breadcrumb":{"@id":"https://www.comercialanma.es/?product=cortadora-electrica-fiambre-home-lacor#breadcrumb"},"inLanguage":"es","potentialAction":[{"@type":"ReadAction","target":["https://www.comercialanma.es/?product=cortadora-electrica-fiambre-home-lacor"]}]},{"@type":"BreadcrumbList","@id":"https://www.comercialanma.es/?product=cortadora-electrica-fiambre-home-lacor#breadcrumb","itemListElement":[{"@type":"ListItem","position":1,"item":{"@type":"WebPage","@id":"https://www.comercialanma.es/","url":"https://www.comercialanma.es/","name":"Portada"}},{"@type":"ListItem","position":2,"item":{"@type":"WebPage","@id":"https://www.comercialanma.es/?page_id=3963","url":"https://www.comercialanma.es/?page_id=3963","name":"Cat\u00e1logo de Productos"}},{"@type":"ListItem","position":3,"item":{"@type":"WebPage","@id":"https://www.comercialanma.es/?product=cortadora-electrica-fiambre-home-lacor","url":"https://www.comercialanma.es/?product=cortadora-electrica-fiambre-home-lacor","name":"Cortadora el\u00e9ctrica fiambre Home Lacor"}}]}]}</script>
<!-- / Yoast SEO plugin. -->
