
{"id":19552,"date":"2021-10-18T09:11:51","date_gmt":"2021-10-18T07:11:51","guid":{"rendered":"https:\/\/www.comercialanma.es\/?post_type=product&#038;p=19552"},"modified":"2021-10-18T18:00:46","modified_gmt":"2021-10-18T16:00:46","slug":"termometro-digital-lacor","status":"publish","type":"product","link":"https:\/\/www.comercialanma.es\/?product=termometro-digital-lacor","title":{"rendered":"Term\u00f3metro digital Lacor"},"content":{"rendered":"<ul>\n<li>Fabricante: Lacor<\/li>\n<li><span class=\"a-list-item\"> El rango de temperaturas que mide este term\u00f3metro electr\u00f3nico va desde -40\u00ba c a 230\u00bac. <\/span><\/li>\n<li><span class=\"a-list-item\"> El term\u00f3metro electr\u00f3nico cuenta con la certificaci\u00f3n ce rohs. <\/span><\/li>\n<\/ul>\n","protected":false},"excerpt":{"rendered":"<p>Term\u00f3metro digital | Lacor |<\/p>\n<p>Este term\u00f3metro de cocina Lacor es una excelente herramienta para medir la temperatura de los alimentos fuera del horno, permiti\u00e9ndole controlar la temperatura de cocci\u00f3n de los mismos, de esta forma consiguiendo un seguimiento exacto de las indicaciones de cualquier receta de cocina, logrando con ello el punto ideal en nuestros asado, guisos o frituras.<\/p>\n<p>Este term\u00f3metro electr\u00f3nico de cocina soporta mediciones tanto de calor como frio extremos en un rango de que va de los -40C\u00b0 hasta 230C\u00b0. Se utiliza por medio de su sonda de acero inoxidable que se introduce en la carne o cualquier plato cocinado indic\u00e1ndole en la peque\u00f1a pantalla LED del dispositivo los grados de temperatura del alimento.<\/p>\n<p>Este term\u00f3metro digital de cocina marca Lacor se ha dise\u00f1ado para ofrecer una medici\u00f3n r\u00e1pida y exacta de la temperatura de los alimentos. Su pincho de acero inoxidable garantiza higiene en su uso, as\u00ed como resistencia y durabilidad de este instrumento.<\/p>\n","protected":false},"featured_media":19553,"template":"","meta":{"spay_email":""},"yoast_head":"<!-- This site is optimized with the Yoast SEO plugin v15.9 - https:\/\/yoast.com\/wordpress\/plugins\/seo\/ -->\n<title>Term\u00f3metro digital Lacor - Comercial de Hosteleria Anma<\/title>\n<meta name=\"description\" content=\"Term\u00f3metro digital | Lacor | Excelente herramienta para medir la temperatura de los alimentos fuera del horno.\" \/>\n<meta name=\"robots\" content=\"index, follow, max-snippet:-1, max-image-preview:large, max-video-preview:-1\" \/>\n<link rel=\"canonical\" href=\"https:\/\/www.comercialanma.es\/?product=termometro-digital-lacor\" \/>\n<meta property=\"og:locale\" content=\"es_ES\" \/>\n<meta property=\"og:type\" content=\"article\" \/>\n<meta property=\"og:title\" content=\"Term\u00f3metro digital Lacor - Comercial de Hosteleria Anma\" \/>\n<meta property=\"og:description\" content=\"Term\u00f3metro digital | Lacor | Excelente herramienta para medir la temperatura de los alimentos fuera del horno.\" \/>\n<meta property=\"og:url\" content=\"https:\/\/www.comercialanma.es\/?product=termometro-digital-lacor\" \/>\n<meta property=\"og:site_name\" content=\"Comercial de Hosteleria Anma\" \/>\n<meta property=\"article:publisher\" content=\"https:\/\/www.facebook.com\/AnmaHosteleria\" \/>\n<meta property=\"article:modified_time\" content=\"2021-10-18T16:00:46+00:00\" \/>\n<meta property=\"og:image\" content=\"https:\/\/i2.wp.com\/www.comercialanma.es\/wp-content\/uploads\/2021\/10\/termometro-digital-lacor.jpg?fit=1080%2C1080&#038;ssl=1\" \/>\n\t<meta property=\"og:image:width\" content=\"1080\" \/>\n\t<meta property=\"og:image:height\" content=\"1080\" \/>\n<meta name=\"twitter:card\" content=\"summary_large_image\" \/>\n<meta name=\"twitter:label1\" content=\"Tiempo de lectura\">\n\t<meta name=\"twitter:data1\" content=\"1 minuto\">\n<script type=\"application\/ld+json\" class=\"yoast-schema-graph\">{\"@context\":\"https:\/\/schema.org\",\"@graph\":[{\"@type\":\"Organization\",\"@id\":\"https:\/\/www.comercialanma.es\/#organization\",\"name\":\"Comercial Anma\",\"url\":\"https:\/\/www.comercialanma.es\/\",\"sameAs\":[\"https:\/\/www.facebook.com\/AnmaHosteleria\",\"https:\/\/www.instagram.com\/anmahosteleria\/?hl=es\",\"https:\/\/www.youtube.com\/channel\/UCT2nmn08Ntks0hmpZPnDgCA\"],\"logo\":{\"@type\":\"ImageObject\",\"@id\":\"https:\/\/www.comercialanma.es\/#logo\",\"inLanguage\":\"es\",\"url\":\"https:\/\/i2.wp.com\/www.comercialanma.es\/wp-content\/uploads\/2019\/06\/logo-anma-color.png?fit=247%2C101&ssl=1\",\"width\":247,\"height\":101,\"caption\":\"Comercial Anma\"},\"image\":{\"@id\":\"https:\/\/www.comercialanma.es\/#logo\"}},{\"@type\":\"WebSite\",\"@id\":\"https:\/\/www.comercialanma.es\/#website\",\"url\":\"https:\/\/www.comercialanma.es\/\",\"name\":\"Comercial de Hosteleria Anma\",\"description\":\"\",\"publisher\":{\"@id\":\"https:\/\/www.comercialanma.es\/#organization\"},\"potentialAction\":[{\"@type\":\"SearchAction\",\"target\":\"https:\/\/www.comercialanma.es\/?s={search_term_string}\",\"query-input\":\"required name=search_term_string\"}],\"inLanguage\":\"es\"},{\"@type\":\"ImageObject\",\"@id\":\"https:\/\/www.comercialanma.es\/?product=termometro-digital-lacor#primaryimage\",\"inLanguage\":\"es\",\"url\":\"https:\/\/i2.wp.com\/www.comercialanma.es\/wp-content\/uploads\/2021\/10\/termometro-digital-lacor.jpg?fit=1080%2C1080&ssl=1\",\"width\":1080,\"height\":1080},{\"@type\":\"WebPage\",\"@id\":\"https:\/\/www.comercialanma.es\/?product=termometro-digital-lacor#webpage\",\"url\":\"https:\/\/www.comercialanma.es\/?product=termometro-digital-lacor\",\"name\":\"Term\\u00f3metro digital Lacor - Comercial de Hosteleria Anma\",\"isPartOf\":{\"@id\":\"https:\/\/www.comercialanma.es\/#website\"},\"primaryImageOfPage\":{\"@id\":\"https:\/\/www.comercialanma.es\/?product=termometro-digital-lacor#primaryimage\"},\"datePublished\":\"2021-10-18T07:11:51+00:00\",\"dateModified\":\"2021-10-18T16:00:46+00:00\",\"description\":\"Term\\u00f3metro digital | Lacor | Excelente herramienta para medir la temperatura de los alimentos fuera del horno.\",\"breadcrumb\":{\"@id\":\"https:\/\/www.comercialanma.es\/?product=termometro-digital-lacor#breadcrumb\"},\"inLanguage\":\"es\",\"potentialAction\":[{\"@type\":\"ReadAction\",\"target\":[\"https:\/\/www.comercialanma.es\/?product=termometro-digital-lacor\"]}]},{\"@type\":\"BreadcrumbList\",\"@id\":\"https:\/\/www.comercialanma.es\/?product=termometro-digital-lacor#breadcrumb\",\"itemListElement\":[{\"@type\":\"ListItem\",\"position\":1,\"item\":{\"@type\":\"WebPage\",\"@id\":\"https:\/\/www.comercialanma.es\/\",\"url\":\"https:\/\/www.comercialanma.es\/\",\"name\":\"Portada\"}},{\"@type\":\"ListItem\",\"position\":2,\"item\":{\"@type\":\"WebPage\",\"@id\":\"https:\/\/www.comercialanma.es\/?page_id=3963\",\"url\":\"https:\/\/www.comercialanma.es\/?page_id=3963\",\"name\":\"Cat\\u00e1logo de Productos\"}},{\"@type\":\"ListItem\",\"position\":3,\"item\":{\"@type\":\"WebPage\",\"@id\":\"https:\/\/www.comercialanma.es\/?product=termometro-digital-lacor\",\"url\":\"https:\/\/www.comercialanma.es\/?product=termometro-digital-lacor\",\"name\":\"Term\\u00f3metro digital Lacor\"}}]}]}<\/script>\n<!-- \/ Yoast SEO plugin. -->","_links":{"self":[{"href":"https:\/\/www.comercialanma.es\/index.php?rest_route=\/wp\/v2\/product\/19552"}],"collection":[{"href":"https:\/\/www.comercialanma.es\/index.php?rest_route=\/wp\/v2\/product"}],"about":[{"href":"https:\/\/www.comercialanma.es\/index.php?rest_route=\/wp\/v2\/types\/product"}],"version-history":[{"count":1,"href":"https:\/\/www.comercialanma.es\/index.php?rest_route=\/wp\/v2\/product\/19552\/revisions"}],"predecessor-version":[{"id":19554,"href":"https:\/\/www.comercialanma.es\/index.php?rest_route=\/wp\/v2\/product\/19552\/revisions\/19554"}],"wp:featuredmedia":[{"embeddable":true,"href":"https:\/\/www.comercialanma.es\/index.php?rest_route=\/wp\/v2\/media\/19553"}],"wp:attachment":[{"href":"https:\/\/www.comercialanma.es\/index.php?rest_route=%2Fwp%2Fv2%2Fmedia&parent=19552"}],"curies":[{"name":"wp","href":"https:\/\/api.w.org\/{rel}","templated":true}]}}