
{"id":19785,"date":"2021-11-17T11:24:02","date_gmt":"2021-11-17T10:24:02","guid":{"rendered":"https:\/\/www.comercialanma.es\/?post_type=product&#038;p=19785"},"modified":"2021-11-17T12:48:30","modified_gmt":"2021-11-17T11:48:30","slug":"nocilla-380","status":"publish","type":"product","link":"https:\/\/www.comercialanma.es\/?product=nocilla-380","title":{"rendered":"Nocilla crema de cacao con avellanas original 380gr."},"content":{"rendered":"<p>Nocillear es convertir un alimento rico en algo a\u00fan m\u00e1s delicioso, a\u00f1adiendo Nocilla para crear un momento de felicidad de la buena y sin aceite de palma.<\/p>\n<h3>Ingredientes<\/h3>\n<ul>\n<li>Az\u00facar, aceite de girasol alto oleico, cacao desgrasado en polvo (8,5%), manteca de cacao, leche desnatada en polvo (4,5%), avellanas (4%), s\u00f3lidos l\u00e1cteos, emulgente (lecitina de soja), aroma. puede contener otros frutos de c\u00e1scara.<\/li>\n<\/ul>\n","protected":false},"excerpt":{"rendered":"<p>Nocilla crema de cacao con avellanas original | 380gr.|<\/p>\n<p>Nocilla para crear un momento de felicidad de la buena y sin aceite de palma.<\/p>\n","protected":false},"featured_media":19779,"template":"","meta":{"spay_email":""},"yoast_head":"<!-- This site is optimized with the Yoast SEO plugin v15.9 - https:\/\/yoast.com\/wordpress\/plugins\/seo\/ -->\n<title>Nocilla crema de cacao con avellanas original 380gr. - Comercial de Hosteleria Anma<\/title>\n<meta name=\"description\" content=\"Nocilla crema de cacao con avellanas original | 380gr.| Nocilla para crear un momento de felicidad de la buena y sin aceite de palma.\" \/>\n<meta name=\"robots\" content=\"index, follow, max-snippet:-1, max-image-preview:large, max-video-preview:-1\" \/>\n<link rel=\"canonical\" href=\"https:\/\/www.comercialanma.es\/?product=nocilla-380\" \/>\n<meta property=\"og:locale\" content=\"es_ES\" \/>\n<meta property=\"og:type\" content=\"article\" \/>\n<meta property=\"og:title\" content=\"Nocilla crema de cacao con avellanas original 380gr. - Comercial de Hosteleria Anma\" \/>\n<meta property=\"og:description\" content=\"Nocilla crema de cacao con avellanas original | 380gr.| Nocilla para crear un momento de felicidad de la buena y sin aceite de palma.\" \/>\n<meta property=\"og:url\" content=\"https:\/\/www.comercialanma.es\/?product=nocilla-380\" \/>\n<meta property=\"og:site_name\" content=\"Comercial de Hosteleria Anma\" \/>\n<meta property=\"article:publisher\" content=\"https:\/\/www.facebook.com\/AnmaHosteleria\" \/>\n<meta property=\"article:modified_time\" content=\"2021-11-17T11:48:30+00:00\" \/>\n<meta property=\"og:image\" content=\"https:\/\/i2.wp.com\/www.comercialanma.es\/wp-content\/uploads\/2021\/11\/Nicilla-original-190.jpg?fit=1080%2C1080&#038;ssl=1\" \/>\n\t<meta property=\"og:image:width\" content=\"1080\" \/>\n\t<meta property=\"og:image:height\" content=\"1080\" \/>\n<meta name=\"twitter:card\" content=\"summary_large_image\" \/>\n<meta name=\"twitter:label1\" content=\"Tiempo de lectura\">\n\t<meta name=\"twitter:data1\" content=\"1 minuto\">\n<script type=\"application\/ld+json\" class=\"yoast-schema-graph\">{\"@context\":\"https:\/\/schema.org\",\"@graph\":[{\"@type\":\"Organization\",\"@id\":\"https:\/\/www.comercialanma.es\/#organization\",\"name\":\"Comercial Anma\",\"url\":\"https:\/\/www.comercialanma.es\/\",\"sameAs\":[\"https:\/\/www.facebook.com\/AnmaHosteleria\",\"https:\/\/www.instagram.com\/anmahosteleria\/?hl=es\",\"https:\/\/www.youtube.com\/channel\/UCT2nmn08Ntks0hmpZPnDgCA\"],\"logo\":{\"@type\":\"ImageObject\",\"@id\":\"https:\/\/www.comercialanma.es\/#logo\",\"inLanguage\":\"es\",\"url\":\"https:\/\/i2.wp.com\/www.comercialanma.es\/wp-content\/uploads\/2019\/06\/logo-anma-color.png?fit=247%2C101&ssl=1\",\"width\":247,\"height\":101,\"caption\":\"Comercial Anma\"},\"image\":{\"@id\":\"https:\/\/www.comercialanma.es\/#logo\"}},{\"@type\":\"WebSite\",\"@id\":\"https:\/\/www.comercialanma.es\/#website\",\"url\":\"https:\/\/www.comercialanma.es\/\",\"name\":\"Comercial de Hosteleria Anma\",\"description\":\"\",\"publisher\":{\"@id\":\"https:\/\/www.comercialanma.es\/#organization\"},\"potentialAction\":[{\"@type\":\"SearchAction\",\"target\":\"https:\/\/www.comercialanma.es\/?s={search_term_string}\",\"query-input\":\"required name=search_term_string\"}],\"inLanguage\":\"es\"},{\"@type\":\"ImageObject\",\"@id\":\"https:\/\/www.comercialanma.es\/?product=nocilla-380#primaryimage\",\"inLanguage\":\"es\",\"url\":\"https:\/\/i2.wp.com\/www.comercialanma.es\/wp-content\/uploads\/2021\/11\/Nicilla-original-190.jpg?fit=1080%2C1080&ssl=1\",\"width\":1080,\"height\":1080},{\"@type\":\"WebPage\",\"@id\":\"https:\/\/www.comercialanma.es\/?product=nocilla-380#webpage\",\"url\":\"https:\/\/www.comercialanma.es\/?product=nocilla-380\",\"name\":\"Nocilla crema de cacao con avellanas original 380gr. - Comercial de Hosteleria Anma\",\"isPartOf\":{\"@id\":\"https:\/\/www.comercialanma.es\/#website\"},\"primaryImageOfPage\":{\"@id\":\"https:\/\/www.comercialanma.es\/?product=nocilla-380#primaryimage\"},\"datePublished\":\"2021-11-17T10:24:02+00:00\",\"dateModified\":\"2021-11-17T11:48:30+00:00\",\"description\":\"Nocilla crema de cacao con avellanas original | 380gr.| Nocilla para crear un momento de felicidad de la buena y sin aceite de palma.\",\"breadcrumb\":{\"@id\":\"https:\/\/www.comercialanma.es\/?product=nocilla-380#breadcrumb\"},\"inLanguage\":\"es\",\"potentialAction\":[{\"@type\":\"ReadAction\",\"target\":[\"https:\/\/www.comercialanma.es\/?product=nocilla-380\"]}]},{\"@type\":\"BreadcrumbList\",\"@id\":\"https:\/\/www.comercialanma.es\/?product=nocilla-380#breadcrumb\",\"itemListElement\":[{\"@type\":\"ListItem\",\"position\":1,\"item\":{\"@type\":\"WebPage\",\"@id\":\"https:\/\/www.comercialanma.es\/\",\"url\":\"https:\/\/www.comercialanma.es\/\",\"name\":\"Portada\"}},{\"@type\":\"ListItem\",\"position\":2,\"item\":{\"@type\":\"WebPage\",\"@id\":\"https:\/\/www.comercialanma.es\/?page_id=3963\",\"url\":\"https:\/\/www.comercialanma.es\/?page_id=3963\",\"name\":\"Cat\\u00e1logo de Productos\"}},{\"@type\":\"ListItem\",\"position\":3,\"item\":{\"@type\":\"WebPage\",\"@id\":\"https:\/\/www.comercialanma.es\/?product=nocilla-380\",\"url\":\"https:\/\/www.comercialanma.es\/?product=nocilla-380\",\"name\":\"Nocilla crema de cacao con avellanas original 380gr.\"}}]}]}<\/script>\n<!-- \/ Yoast SEO plugin. -->","_links":{"self":[{"href":"https:\/\/www.comercialanma.es\/index.php?rest_route=\/wp\/v2\/product\/19785"}],"collection":[{"href":"https:\/\/www.comercialanma.es\/index.php?rest_route=\/wp\/v2\/product"}],"about":[{"href":"https:\/\/www.comercialanma.es\/index.php?rest_route=\/wp\/v2\/types\/product"}],"version-history":[{"count":2,"href":"https:\/\/www.comercialanma.es\/index.php?rest_route=\/wp\/v2\/product\/19785\/revisions"}],"predecessor-version":[{"id":19787,"href":"https:\/\/www.comercialanma.es\/index.php?rest_route=\/wp\/v2\/product\/19785\/revisions\/19787"}],"wp:featuredmedia":[{"embeddable":true,"href":"https:\/\/www.comercialanma.es\/index.php?rest_route=\/wp\/v2\/media\/19779"}],"wp:attachment":[{"href":"https:\/\/www.comercialanma.es\/index.php?rest_route=%2Fwp%2Fv2%2Fmedia&parent=19785"}],"curies":[{"name":"wp","href":"https:\/\/api.w.org\/{rel}","templated":true}]}}

<p>Nocillear es convertir un alimento rico en algo aún más delicioso, añadiendo Nocilla para crear un momento de felicidad de la buena y sin aceite de palma.</p>
<h3>Ingredientes</h3>
<ul>
<li>Azúcar, aceite de girasol alto oleico, cacao desgrasado en polvo (8,5%), manteca de cacao, leche desnatada en polvo (4,5%), avellanas (4%), sólidos lácteos, emulgente (lecitina de soja), aroma. puede contener otros frutos de cáscara.</li>
</ul>
