
{"id":19844,"date":"2021-11-22T11:41:03","date_gmt":"2021-11-22T10:41:03","guid":{"rendered":"https:\/\/www.comercialanma.es\/?post_type=product&#038;p=19844"},"modified":"2022-01-05T10:37:20","modified_gmt":"2022-01-05T09:37:20","slug":"jb-botanico","status":"publish","type":"product","link":"https:\/\/www.comercialanma.es\/?product=jb-botanico","title":{"rendered":"Whisky J&#038;B Bot\u00e1nico 70cl."},"content":{"rendered":"<h3>Nota de cata:<\/h3>\n<ul>\n<li>Est\u00e1 elaborado con J&amp;B rare whisky escoc\u00e9s, mandarinas de origen espa\u00f1ol, flor de azahar, or\u00e9gano y tomillo.<\/li>\n<li>En nariz predomina el olor a mandarina y c\u00edtrico, adem\u00e1s de unas fuertes notas herbales, y en boca el toque final a lima, mandarina y or\u00e9gano crean una combinaci\u00f3n de dulzura y acidez que se mezcla perf\u00e9ctamente en el paladar.<\/li>\n<li>Graduaci\u00f3n: 37,5% vol.<\/li>\n<\/ul>\n","protected":false},"excerpt":{"rendered":"<p>Tiene 37,5\u00ba de alcohol, por tanto es suave vs el resto de la categor\u00eda. Elaborado con J&amp;B Rare whisky escoc\u00e9s, mandarinas espa\u00f1olas, flor de azahar, or\u00e9gano y tomillo. Perfecto para la ocasi\u00f3n de tardeo y picoteo, el sabor del whisky adaptados a paladares menos maduros. Recomendamos tomarlo con Sprite o7up\u00a0y una rodaja de naranja.<\/p>\n<p>&nbsp;<\/p>\n<p>&nbsp;<\/p>\n<p><span class=\"PBLongTxt PBItemDesc\">\u00a0<\/span><\/p>\n","protected":false},"featured_media":19845,"template":"","meta":{"spay_email":""},"yoast_head":"<!-- This site is optimized with the Yoast SEO plugin v15.9 - https:\/\/yoast.com\/wordpress\/plugins\/seo\/ -->\n<title>Whisky J&amp;B Bot\u00e1nico 70cl. - Comercial de Hosteleria Anma<\/title>\n<meta name=\"description\" content=\"J&amp;B bot\u00e1nico | 70cl. | Perfecto para la ocasi\u00f3n de tardeo y picoteo, el sabor del whisky adaptados a paladares menos maduros.\" \/>\n<meta name=\"robots\" content=\"index, follow, max-snippet:-1, max-image-preview:large, max-video-preview:-1\" \/>\n<link rel=\"canonical\" href=\"https:\/\/www.comercialanma.es\/?product=jb-botanico\" \/>\n<meta property=\"og:locale\" content=\"es_ES\" \/>\n<meta property=\"og:type\" content=\"article\" \/>\n<meta property=\"og:title\" content=\"Whisky J&amp;B Bot\u00e1nico 70cl. - Comercial de Hosteleria Anma\" \/>\n<meta property=\"og:description\" content=\"J&amp;B bot\u00e1nico | 70cl. | Perfecto para la ocasi\u00f3n de tardeo y picoteo, el sabor del whisky adaptados a paladares menos maduros.\" \/>\n<meta property=\"og:url\" content=\"https:\/\/www.comercialanma.es\/?product=jb-botanico\" \/>\n<meta property=\"og:site_name\" content=\"Comercial de Hosteleria Anma\" \/>\n<meta property=\"article:publisher\" content=\"https:\/\/www.facebook.com\/AnmaHosteleria\" \/>\n<meta property=\"article:modified_time\" content=\"2022-01-05T09:37:20+00:00\" \/>\n<meta property=\"og:image\" content=\"https:\/\/i1.wp.com\/www.comercialanma.es\/wp-content\/uploads\/2021\/11\/JB-bota\u0301nico.jpg?fit=1080%2C1080&#038;ssl=1\" \/>\n\t<meta property=\"og:image:width\" content=\"1080\" \/>\n\t<meta property=\"og:image:height\" content=\"1080\" \/>\n<meta name=\"twitter:card\" content=\"summary_large_image\" \/>\n<meta name=\"twitter:label1\" content=\"Tiempo de lectura\">\n\t<meta name=\"twitter:data1\" content=\"1 minuto\">\n<script type=\"application\/ld+json\" class=\"yoast-schema-graph\">{\"@context\":\"https:\/\/schema.org\",\"@graph\":[{\"@type\":\"Organization\",\"@id\":\"https:\/\/www.comercialanma.es\/#organization\",\"name\":\"Comercial Anma\",\"url\":\"https:\/\/www.comercialanma.es\/\",\"sameAs\":[\"https:\/\/www.facebook.com\/AnmaHosteleria\",\"https:\/\/www.instagram.com\/anmahosteleria\/?hl=es\",\"https:\/\/www.youtube.com\/channel\/UCT2nmn08Ntks0hmpZPnDgCA\"],\"logo\":{\"@type\":\"ImageObject\",\"@id\":\"https:\/\/www.comercialanma.es\/#logo\",\"inLanguage\":\"es\",\"url\":\"https:\/\/i2.wp.com\/www.comercialanma.es\/wp-content\/uploads\/2019\/06\/logo-anma-color.png?fit=247%2C101&ssl=1\",\"width\":247,\"height\":101,\"caption\":\"Comercial Anma\"},\"image\":{\"@id\":\"https:\/\/www.comercialanma.es\/#logo\"}},{\"@type\":\"WebSite\",\"@id\":\"https:\/\/www.comercialanma.es\/#website\",\"url\":\"https:\/\/www.comercialanma.es\/\",\"name\":\"Comercial de Hosteleria Anma\",\"description\":\"\",\"publisher\":{\"@id\":\"https:\/\/www.comercialanma.es\/#organization\"},\"potentialAction\":[{\"@type\":\"SearchAction\",\"target\":\"https:\/\/www.comercialanma.es\/?s={search_term_string}\",\"query-input\":\"required name=search_term_string\"}],\"inLanguage\":\"es\"},{\"@type\":\"ImageObject\",\"@id\":\"https:\/\/www.comercialanma.es\/?product=jb-botanico#primaryimage\",\"inLanguage\":\"es\",\"url\":\"https:\/\/i1.wp.com\/www.comercialanma.es\/wp-content\/uploads\/2021\/11\/JB-bota\\u0301nico.jpg?fit=1080%2C1080&ssl=1\",\"width\":1080,\"height\":1080},{\"@type\":\"WebPage\",\"@id\":\"https:\/\/www.comercialanma.es\/?product=jb-botanico#webpage\",\"url\":\"https:\/\/www.comercialanma.es\/?product=jb-botanico\",\"name\":\"Whisky J&B Bot\\u00e1nico 70cl. - Comercial de Hosteleria Anma\",\"isPartOf\":{\"@id\":\"https:\/\/www.comercialanma.es\/#website\"},\"primaryImageOfPage\":{\"@id\":\"https:\/\/www.comercialanma.es\/?product=jb-botanico#primaryimage\"},\"datePublished\":\"2021-11-22T10:41:03+00:00\",\"dateModified\":\"2022-01-05T09:37:20+00:00\",\"description\":\"J&B bot\\u00e1nico | 70cl. | Perfecto para la ocasi\\u00f3n de tardeo y picoteo, el sabor del whisky adaptados a paladares menos maduros.\",\"breadcrumb\":{\"@id\":\"https:\/\/www.comercialanma.es\/?product=jb-botanico#breadcrumb\"},\"inLanguage\":\"es\",\"potentialAction\":[{\"@type\":\"ReadAction\",\"target\":[\"https:\/\/www.comercialanma.es\/?product=jb-botanico\"]}]},{\"@type\":\"BreadcrumbList\",\"@id\":\"https:\/\/www.comercialanma.es\/?product=jb-botanico#breadcrumb\",\"itemListElement\":[{\"@type\":\"ListItem\",\"position\":1,\"item\":{\"@type\":\"WebPage\",\"@id\":\"https:\/\/www.comercialanma.es\/\",\"url\":\"https:\/\/www.comercialanma.es\/\",\"name\":\"Portada\"}},{\"@type\":\"ListItem\",\"position\":2,\"item\":{\"@type\":\"WebPage\",\"@id\":\"https:\/\/www.comercialanma.es\/?page_id=3963\",\"url\":\"https:\/\/www.comercialanma.es\/?page_id=3963\",\"name\":\"Cat\\u00e1logo de Productos\"}},{\"@type\":\"ListItem\",\"position\":3,\"item\":{\"@type\":\"WebPage\",\"@id\":\"https:\/\/www.comercialanma.es\/?product=jb-botanico\",\"url\":\"https:\/\/www.comercialanma.es\/?product=jb-botanico\",\"name\":\"Whisky J&#038;B Bot\\u00e1nico 70cl.\"}}]}]}<\/script>\n<!-- \/ Yoast SEO plugin. -->","_links":{"self":[{"href":"https:\/\/www.comercialanma.es\/index.php?rest_route=\/wp\/v2\/product\/19844"}],"collection":[{"href":"https:\/\/www.comercialanma.es\/index.php?rest_route=\/wp\/v2\/product"}],"about":[{"href":"https:\/\/www.comercialanma.es\/index.php?rest_route=\/wp\/v2\/types\/product"}],"version-history":[{"count":1,"href":"https:\/\/www.comercialanma.es\/index.php?rest_route=\/wp\/v2\/product\/19844\/revisions"}],"predecessor-version":[{"id":19846,"href":"https:\/\/www.comercialanma.es\/index.php?rest_route=\/wp\/v2\/product\/19844\/revisions\/19846"}],"wp:featuredmedia":[{"embeddable":true,"href":"https:\/\/www.comercialanma.es\/index.php?rest_route=\/wp\/v2\/media\/19845"}],"wp:attachment":[{"href":"https:\/\/www.comercialanma.es\/index.php?rest_route=%2Fwp%2Fv2%2Fmedia&parent=19844"}],"curies":[{"name":"wp","href":"https:\/\/api.w.org\/{rel}","templated":true}]}}