
{"id":19890,"date":"2021-12-07T11:23:38","date_gmt":"2021-12-07T10:23:38","guid":{"rendered":"https:\/\/www.comercialanma.es\/?post_type=product&#038;p=19890"},"modified":"2021-12-07T11:35:15","modified_gmt":"2021-12-07T10:35:15","slug":"haba-mini-frita-alsur","status":"publish","type":"product","link":"https:\/\/www.comercialanma.es\/?product=haba-mini-frita-alsur","title":{"rendered":"Habas fritas mini baby 500gr."},"content":{"rendered":"<h3>Ingredientes:<\/h3>\n<p>Habas, Aceite de Oliva, Sal y Acidulante: \u00c1cido C\u00edtrico.<\/p>\n<p>&nbsp;<\/p>\n","protected":false},"excerpt":{"rendered":"<p style=\"font-weight: 400;\">Habas Frita Mini Baby<\/p>\n<p style=\"font-weight: 400;\">Tanto las habas mini baby, como las aceitunas para elaborar el aceite de oliva son recolectadas en la comarca de Antequera. Las habas fritas mini baby, son \u00fanicas en su g\u00e9nero. Son seleccionadas con sumo cuidado, no pueden ser m\u00e1s diminutas, todas del mismo tama\u00f1o, enteras y con una tonalidad verde oliva. Debido al efecto del aceite en el cual se fr\u00eden y se conservan ambas, presentan una textura muy suave y un sabor con un cierto grado de acidez.<\/p>\n","protected":false},"featured_media":19888,"template":"","meta":{"spay_email":""},"yoast_head":"<!-- This site is optimized with the Yoast SEO plugin v15.9 - https:\/\/yoast.com\/wordpress\/plugins\/seo\/ -->\n<title>Habas fritas mini baby 500gr. - Comercial de Hosteleria Anma<\/title>\n<meta name=\"description\" content=\"Seleccionadas con sumo cuidado, no pueden ser m\u00e1s diminutas, todas del mismo tama\u00f1o, enteras y con una tonalidad verde oliva.\" \/>\n<meta name=\"robots\" content=\"index, follow, max-snippet:-1, max-image-preview:large, max-video-preview:-1\" \/>\n<link rel=\"canonical\" href=\"https:\/\/www.comercialanma.es\/?product=haba-mini-frita-alsur\" \/>\n<meta property=\"og:locale\" content=\"es_ES\" \/>\n<meta property=\"og:type\" content=\"article\" \/>\n<meta property=\"og:title\" content=\"Habas fritas mini baby 500gr. - Comercial de Hosteleria Anma\" \/>\n<meta property=\"og:description\" content=\"Seleccionadas con sumo cuidado, no pueden ser m\u00e1s diminutas, todas del mismo tama\u00f1o, enteras y con una tonalidad verde oliva.\" \/>\n<meta property=\"og:url\" content=\"https:\/\/www.comercialanma.es\/?product=haba-mini-frita-alsur\" \/>\n<meta property=\"og:site_name\" content=\"Comercial de Hosteleria Anma\" \/>\n<meta property=\"article:publisher\" content=\"https:\/\/www.facebook.com\/AnmaHosteleria\" \/>\n<meta property=\"article:modified_time\" content=\"2021-12-07T10:35:15+00:00\" \/>\n<meta property=\"og:image\" content=\"https:\/\/i2.wp.com\/www.comercialanma.es\/wp-content\/uploads\/2021\/12\/habas-fritas-mini-baby-500.jpg?fit=1080%2C1080&#038;ssl=1\" \/>\n\t<meta property=\"og:image:width\" content=\"1080\" \/>\n\t<meta property=\"og:image:height\" content=\"1080\" \/>\n<meta name=\"twitter:card\" content=\"summary_large_image\" \/>\n<meta name=\"twitter:label1\" content=\"Tiempo de lectura\">\n\t<meta name=\"twitter:data1\" content=\"1 minuto\">\n<script type=\"application\/ld+json\" class=\"yoast-schema-graph\">{\"@context\":\"https:\/\/schema.org\",\"@graph\":[{\"@type\":\"Organization\",\"@id\":\"https:\/\/www.comercialanma.es\/#organization\",\"name\":\"Comercial Anma\",\"url\":\"https:\/\/www.comercialanma.es\/\",\"sameAs\":[\"https:\/\/www.facebook.com\/AnmaHosteleria\",\"https:\/\/www.instagram.com\/anmahosteleria\/?hl=es\",\"https:\/\/www.youtube.com\/channel\/UCT2nmn08Ntks0hmpZPnDgCA\"],\"logo\":{\"@type\":\"ImageObject\",\"@id\":\"https:\/\/www.comercialanma.es\/#logo\",\"inLanguage\":\"es\",\"url\":\"https:\/\/i2.wp.com\/www.comercialanma.es\/wp-content\/uploads\/2019\/06\/logo-anma-color.png?fit=247%2C101&ssl=1\",\"width\":247,\"height\":101,\"caption\":\"Comercial Anma\"},\"image\":{\"@id\":\"https:\/\/www.comercialanma.es\/#logo\"}},{\"@type\":\"WebSite\",\"@id\":\"https:\/\/www.comercialanma.es\/#website\",\"url\":\"https:\/\/www.comercialanma.es\/\",\"name\":\"Comercial de Hosteleria Anma\",\"description\":\"\",\"publisher\":{\"@id\":\"https:\/\/www.comercialanma.es\/#organization\"},\"potentialAction\":[{\"@type\":\"SearchAction\",\"target\":\"https:\/\/www.comercialanma.es\/?s={search_term_string}\",\"query-input\":\"required name=search_term_string\"}],\"inLanguage\":\"es\"},{\"@type\":\"ImageObject\",\"@id\":\"https:\/\/www.comercialanma.es\/?product=haba-mini-frita-alsur#primaryimage\",\"inLanguage\":\"es\",\"url\":\"https:\/\/i2.wp.com\/www.comercialanma.es\/wp-content\/uploads\/2021\/12\/habas-fritas-mini-baby-500.jpg?fit=1080%2C1080&ssl=1\",\"width\":1080,\"height\":1080},{\"@type\":\"WebPage\",\"@id\":\"https:\/\/www.comercialanma.es\/?product=haba-mini-frita-alsur#webpage\",\"url\":\"https:\/\/www.comercialanma.es\/?product=haba-mini-frita-alsur\",\"name\":\"Habas fritas mini baby 500gr. - Comercial de Hosteleria Anma\",\"isPartOf\":{\"@id\":\"https:\/\/www.comercialanma.es\/#website\"},\"primaryImageOfPage\":{\"@id\":\"https:\/\/www.comercialanma.es\/?product=haba-mini-frita-alsur#primaryimage\"},\"datePublished\":\"2021-12-07T10:23:38+00:00\",\"dateModified\":\"2021-12-07T10:35:15+00:00\",\"description\":\"Seleccionadas con sumo cuidado, no pueden ser m\\u00e1s diminutas, todas del mismo tama\\u00f1o, enteras y con una tonalidad verde oliva.\",\"breadcrumb\":{\"@id\":\"https:\/\/www.comercialanma.es\/?product=haba-mini-frita-alsur#breadcrumb\"},\"inLanguage\":\"es\",\"potentialAction\":[{\"@type\":\"ReadAction\",\"target\":[\"https:\/\/www.comercialanma.es\/?product=haba-mini-frita-alsur\"]}]},{\"@type\":\"BreadcrumbList\",\"@id\":\"https:\/\/www.comercialanma.es\/?product=haba-mini-frita-alsur#breadcrumb\",\"itemListElement\":[{\"@type\":\"ListItem\",\"position\":1,\"item\":{\"@type\":\"WebPage\",\"@id\":\"https:\/\/www.comercialanma.es\/\",\"url\":\"https:\/\/www.comercialanma.es\/\",\"name\":\"Portada\"}},{\"@type\":\"ListItem\",\"position\":2,\"item\":{\"@type\":\"WebPage\",\"@id\":\"https:\/\/www.comercialanma.es\/?page_id=3963\",\"url\":\"https:\/\/www.comercialanma.es\/?page_id=3963\",\"name\":\"Cat\\u00e1logo de Productos\"}},{\"@type\":\"ListItem\",\"position\":3,\"item\":{\"@type\":\"WebPage\",\"@id\":\"https:\/\/www.comercialanma.es\/?product=haba-mini-frita-alsur\",\"url\":\"https:\/\/www.comercialanma.es\/?product=haba-mini-frita-alsur\",\"name\":\"Habas fritas mini baby 500gr.\"}}]}]}<\/script>\n<!-- \/ Yoast SEO plugin. -->","_links":{"self":[{"href":"https:\/\/www.comercialanma.es\/index.php?rest_route=\/wp\/v2\/product\/19890"}],"collection":[{"href":"https:\/\/www.comercialanma.es\/index.php?rest_route=\/wp\/v2\/product"}],"about":[{"href":"https:\/\/www.comercialanma.es\/index.php?rest_route=\/wp\/v2\/types\/product"}],"version-history":[{"count":2,"href":"https:\/\/www.comercialanma.es\/index.php?rest_route=\/wp\/v2\/product\/19890\/revisions"}],"predecessor-version":[{"id":19925,"href":"https:\/\/www.comercialanma.es\/index.php?rest_route=\/wp\/v2\/product\/19890\/revisions\/19925"}],"wp:featuredmedia":[{"embeddable":true,"href":"https:\/\/www.comercialanma.es\/index.php?rest_route=\/wp\/v2\/media\/19888"}],"wp:attachment":[{"href":"https:\/\/www.comercialanma.es\/index.php?rest_route=%2Fwp%2Fv2%2Fmedia&parent=19890"}],"curies":[{"name":"wp","href":"https:\/\/api.w.org\/{rel}","templated":true}]}}

<h3>Ingredientes:</h3>
<p>Habas, Aceite de Oliva, Sal y Acidulante: Ácido Cítrico.</p>
<p>&nbsp;</p>

<p style="font-weight: 400;">Habas Frita Mini Baby</p>
<p style="font-weight: 400;">Tanto las habas mini baby, como las aceitunas para elaborar el aceite de oliva son recolectadas en la comarca de Antequera. Las habas fritas mini baby, son únicas en su género. Son seleccionadas con sumo cuidado, no pueden ser más diminutas, todas del mismo tamaño, enteras y con una tonalidad verde oliva. Debido al efecto del aceite en el cual se fríen y se conservan ambas, presentan una textura muy suave y un sabor con un cierto grado de acidez.</p>

<!-- This site is optimized with the Yoast SEO plugin v15.9 - https://yoast.com/wordpress/plugins/seo/ -->
<title>Habas fritas mini baby 500gr. - Comercial de Hosteleria Anma</title>
<meta name="description" content="Seleccionadas con sumo cuidado, no pueden ser más diminutas, todas del mismo tamaño, enteras y con una tonalidad verde oliva." />
<meta name="robots" content="index, follow, max-snippet:-1, max-image-preview:large, max-video-preview:-1" />
<link rel="canonical" href="https://www.comercialanma.es/?product=haba-mini-frita-alsur" />
<meta property="og:locale" content="es_ES" />
<meta property="og:type" content="article" />
<meta property="og:title" content="Habas fritas mini baby 500gr. - Comercial de Hosteleria Anma" />
<meta property="og:description" content="Seleccionadas con sumo cuidado, no pueden ser más diminutas, todas del mismo tamaño, enteras y con una tonalidad verde oliva." />
<meta property="og:url" content="https://www.comercialanma.es/?product=haba-mini-frita-alsur" />
<meta property="og:site_name" content="Comercial de Hosteleria Anma" />
<meta property="article:publisher" content="https://www.facebook.com/AnmaHosteleria" />
<meta property="article:modified_time" content="2021-12-07T10:35:15+00:00" />
<meta property="og:image" content="https://i2.wp.com/www.comercialanma.es/wp-content/uploads/2021/12/habas-fritas-mini-baby-500.jpg?fit=1080%2C1080&#038;ssl=1" />
	<meta property="og:image:width" content="1080" />
	<meta property="og:image:height" content="1080" />
<meta name="twitter:card" content="summary_large_image" />
<meta name="twitter:label1" content="Tiempo de lectura">
	<meta name="twitter:data1" content="1 minuto">
<script type="application/ld+json" class="yoast-schema-graph">{"@context":"https://schema.org","@graph":[{"@type":"Organization","@id":"https://www.comercialanma.es/#organization","name":"Comercial Anma","url":"https://www.comercialanma.es/","sameAs":["https://www.facebook.com/AnmaHosteleria","https://www.instagram.com/anmahosteleria/?hl=es","https://www.youtube.com/channel/UCT2nmn08Ntks0hmpZPnDgCA"],"logo":{"@type":"ImageObject","@id":"https://www.comercialanma.es/#logo","inLanguage":"es","url":"https://i2.wp.com/www.comercialanma.es/wp-content/uploads/2019/06/logo-anma-color.png?fit=247%2C101&ssl=1","width":247,"height":101,"caption":"Comercial Anma"},"image":{"@id":"https://www.comercialanma.es/#logo"}},{"@type":"WebSite","@id":"https://www.comercialanma.es/#website","url":"https://www.comercialanma.es/","name":"Comercial de Hosteleria Anma","description":"","publisher":{"@id":"https://www.comercialanma.es/#organization"},"potentialAction":[{"@type":"SearchAction","target":"https://www.comercialanma.es/?s={search_term_string}","query-input":"required name=search_term_string"}],"inLanguage":"es"},{"@type":"ImageObject","@id":"https://www.comercialanma.es/?product=haba-mini-frita-alsur#primaryimage","inLanguage":"es","url":"https://i2.wp.com/www.comercialanma.es/wp-content/uploads/2021/12/habas-fritas-mini-baby-500.jpg?fit=1080%2C1080&ssl=1","width":1080,"height":1080},{"@type":"WebPage","@id":"https://www.comercialanma.es/?product=haba-mini-frita-alsur#webpage","url":"https://www.comercialanma.es/?product=haba-mini-frita-alsur","name":"Habas fritas mini baby 500gr. - Comercial de Hosteleria Anma","isPartOf":{"@id":"https://www.comercialanma.es/#website"},"primaryImageOfPage":{"@id":"https://www.comercialanma.es/?product=haba-mini-frita-alsur#primaryimage"},"datePublished":"2021-12-07T10:23:38+00:00","dateModified":"2021-12-07T10:35:15+00:00","description":"Seleccionadas con sumo cuidado, no pueden ser m\u00e1s diminutas, todas del mismo tama\u00f1o, enteras y con una tonalidad verde oliva.","breadcrumb":{"@id":"https://www.comercialanma.es/?product=haba-mini-frita-alsur#breadcrumb"},"inLanguage":"es","potentialAction":[{"@type":"ReadAction","target":["https://www.comercialanma.es/?product=haba-mini-frita-alsur"]}]},{"@type":"BreadcrumbList","@id":"https://www.comercialanma.es/?product=haba-mini-frita-alsur#breadcrumb","itemListElement":[{"@type":"ListItem","position":1,"item":{"@type":"WebPage","@id":"https://www.comercialanma.es/","url":"https://www.comercialanma.es/","name":"Portada"}},{"@type":"ListItem","position":2,"item":{"@type":"WebPage","@id":"https://www.comercialanma.es/?page_id=3963","url":"https://www.comercialanma.es/?page_id=3963","name":"Cat\u00e1logo de Productos"}},{"@type":"ListItem","position":3,"item":{"@type":"WebPage","@id":"https://www.comercialanma.es/?product=haba-mini-frita-alsur","url":"https://www.comercialanma.es/?product=haba-mini-frita-alsur","name":"Habas fritas mini baby 500gr."}}]}]}</script>
<!-- / Yoast SEO plugin. -->
