
{"id":20079,"date":"2021-12-16T12:27:31","date_gmt":"2021-12-16T11:27:31","guid":{"rendered":"https:\/\/www.comercialanma.es\/?post_type=product&#038;p=20079"},"modified":"2021-12-16T12:32:58","modified_gmt":"2021-12-16T11:32:58","slug":"galvanizado-14","status":"publish","type":"product","link":"https:\/\/www.comercialanma.es\/?product=galvanizado-14","title":{"rendered":"Cubo galvanizado M 14L."},"content":{"rendered":"<p>Cubo galvanizado de la marca Comas con el fondo sellado con silicona que permite contener l\u00edquido con total seguridad. Su tama\u00f1o es \u00f3ptimo para mantener fr\u00edas las bebidas durante toda la fiesta. El cubo galvanizado est\u00e1 fabricado en acero inoxidable. Este cubo tiene el r\u00f3tulo &#8220;Cold Drinks&#8221; grabado en relieve.<\/p>\n<ul>\n<li>Fabricado en acero galvanizado.<\/li>\n<li>Capacidad 14L.<\/li>\n<\/ul>\n","protected":false},"excerpt":{"rendered":"<p>Cubo galvanizado M |14L.| Comas &amp; Partners |<\/p>\n<p>\u00d3ptimo para mantener fr\u00edas las bebidas durante toda la fiesta. Fabricado en acero inoxidable.<\/p>\n","protected":false},"featured_media":20076,"template":"","meta":{"spay_email":""},"yoast_head":"<!-- This site is optimized with the Yoast SEO plugin v15.9 - https:\/\/yoast.com\/wordpress\/plugins\/seo\/ -->\n<title>Cubo galvanizado M 14L. - Comercial de Hosteleria Anma<\/title>\n<meta name=\"description\" content=\"Cubo galvanizado M |14L.| Comas &amp; Partners | \u00d3ptimo para mantener fr\u00edas las bebidas durante toda la fiesta. Fabricado en acero inoxidable.\" \/>\n<meta name=\"robots\" content=\"index, follow, max-snippet:-1, max-image-preview:large, max-video-preview:-1\" \/>\n<link rel=\"canonical\" href=\"https:\/\/www.comercialanma.es\/?product=galvanizado-14\" \/>\n<meta property=\"og:locale\" content=\"es_ES\" \/>\n<meta property=\"og:type\" content=\"article\" \/>\n<meta property=\"og:title\" content=\"Cubo galvanizado M 14L. - Comercial de Hosteleria Anma\" \/>\n<meta property=\"og:description\" content=\"Cubo galvanizado M |14L.| Comas &amp; Partners | \u00d3ptimo para mantener fr\u00edas las bebidas durante toda la fiesta. Fabricado en acero inoxidable.\" \/>\n<meta property=\"og:url\" content=\"https:\/\/www.comercialanma.es\/?product=galvanizado-14\" \/>\n<meta property=\"og:site_name\" content=\"Comercial de Hosteleria Anma\" \/>\n<meta property=\"article:publisher\" content=\"https:\/\/www.facebook.com\/AnmaHosteleria\" \/>\n<meta property=\"article:modified_time\" content=\"2021-12-16T11:32:58+00:00\" \/>\n<meta property=\"og:image\" content=\"https:\/\/i0.wp.com\/www.comercialanma.es\/wp-content\/uploads\/2021\/12\/Cubo-Galvanizado.jpg?fit=1080%2C1080&#038;ssl=1\" \/>\n\t<meta property=\"og:image:width\" content=\"1080\" \/>\n\t<meta property=\"og:image:height\" content=\"1080\" \/>\n<meta name=\"twitter:card\" content=\"summary_large_image\" \/>\n<meta name=\"twitter:label1\" content=\"Tiempo de lectura\">\n\t<meta name=\"twitter:data1\" content=\"1 minuto\">\n<script type=\"application\/ld+json\" class=\"yoast-schema-graph\">{\"@context\":\"https:\/\/schema.org\",\"@graph\":[{\"@type\":\"Organization\",\"@id\":\"https:\/\/www.comercialanma.es\/#organization\",\"name\":\"Comercial Anma\",\"url\":\"https:\/\/www.comercialanma.es\/\",\"sameAs\":[\"https:\/\/www.facebook.com\/AnmaHosteleria\",\"https:\/\/www.instagram.com\/anmahosteleria\/?hl=es\",\"https:\/\/www.youtube.com\/channel\/UCT2nmn08Ntks0hmpZPnDgCA\"],\"logo\":{\"@type\":\"ImageObject\",\"@id\":\"https:\/\/www.comercialanma.es\/#logo\",\"inLanguage\":\"es\",\"url\":\"https:\/\/i2.wp.com\/www.comercialanma.es\/wp-content\/uploads\/2019\/06\/logo-anma-color.png?fit=247%2C101&ssl=1\",\"width\":247,\"height\":101,\"caption\":\"Comercial Anma\"},\"image\":{\"@id\":\"https:\/\/www.comercialanma.es\/#logo\"}},{\"@type\":\"WebSite\",\"@id\":\"https:\/\/www.comercialanma.es\/#website\",\"url\":\"https:\/\/www.comercialanma.es\/\",\"name\":\"Comercial de Hosteleria Anma\",\"description\":\"\",\"publisher\":{\"@id\":\"https:\/\/www.comercialanma.es\/#organization\"},\"potentialAction\":[{\"@type\":\"SearchAction\",\"target\":\"https:\/\/www.comercialanma.es\/?s={search_term_string}\",\"query-input\":\"required name=search_term_string\"}],\"inLanguage\":\"es\"},{\"@type\":\"ImageObject\",\"@id\":\"https:\/\/www.comercialanma.es\/?product=galvanizado-14#primaryimage\",\"inLanguage\":\"es\",\"url\":\"https:\/\/i0.wp.com\/www.comercialanma.es\/wp-content\/uploads\/2021\/12\/Cubo-Galvanizado.jpg?fit=1080%2C1080&ssl=1\",\"width\":1080,\"height\":1080},{\"@type\":\"WebPage\",\"@id\":\"https:\/\/www.comercialanma.es\/?product=galvanizado-14#webpage\",\"url\":\"https:\/\/www.comercialanma.es\/?product=galvanizado-14\",\"name\":\"Cubo galvanizado M 14L. - Comercial de Hosteleria Anma\",\"isPartOf\":{\"@id\":\"https:\/\/www.comercialanma.es\/#website\"},\"primaryImageOfPage\":{\"@id\":\"https:\/\/www.comercialanma.es\/?product=galvanizado-14#primaryimage\"},\"datePublished\":\"2021-12-16T11:27:31+00:00\",\"dateModified\":\"2021-12-16T11:32:58+00:00\",\"description\":\"Cubo galvanizado M |14L.| Comas & Partners | \\u00d3ptimo para mantener fr\\u00edas las bebidas durante toda la fiesta. Fabricado en acero inoxidable.\",\"breadcrumb\":{\"@id\":\"https:\/\/www.comercialanma.es\/?product=galvanizado-14#breadcrumb\"},\"inLanguage\":\"es\",\"potentialAction\":[{\"@type\":\"ReadAction\",\"target\":[\"https:\/\/www.comercialanma.es\/?product=galvanizado-14\"]}]},{\"@type\":\"BreadcrumbList\",\"@id\":\"https:\/\/www.comercialanma.es\/?product=galvanizado-14#breadcrumb\",\"itemListElement\":[{\"@type\":\"ListItem\",\"position\":1,\"item\":{\"@type\":\"WebPage\",\"@id\":\"https:\/\/www.comercialanma.es\/\",\"url\":\"https:\/\/www.comercialanma.es\/\",\"name\":\"Portada\"}},{\"@type\":\"ListItem\",\"position\":2,\"item\":{\"@type\":\"WebPage\",\"@id\":\"https:\/\/www.comercialanma.es\/?page_id=3963\",\"url\":\"https:\/\/www.comercialanma.es\/?page_id=3963\",\"name\":\"Cat\\u00e1logo de Productos\"}},{\"@type\":\"ListItem\",\"position\":3,\"item\":{\"@type\":\"WebPage\",\"@id\":\"https:\/\/www.comercialanma.es\/?product=galvanizado-14\",\"url\":\"https:\/\/www.comercialanma.es\/?product=galvanizado-14\",\"name\":\"Cubo galvanizado M 14L.\"}}]}]}<\/script>\n<!-- \/ Yoast SEO plugin. -->","_links":{"self":[{"href":"https:\/\/www.comercialanma.es\/index.php?rest_route=\/wp\/v2\/product\/20079"}],"collection":[{"href":"https:\/\/www.comercialanma.es\/index.php?rest_route=\/wp\/v2\/product"}],"about":[{"href":"https:\/\/www.comercialanma.es\/index.php?rest_route=\/wp\/v2\/types\/product"}],"version-history":[{"count":1,"href":"https:\/\/www.comercialanma.es\/index.php?rest_route=\/wp\/v2\/product\/20079\/revisions"}],"predecessor-version":[{"id":20080,"href":"https:\/\/www.comercialanma.es\/index.php?rest_route=\/wp\/v2\/product\/20079\/revisions\/20080"}],"wp:featuredmedia":[{"embeddable":true,"href":"https:\/\/www.comercialanma.es\/index.php?rest_route=\/wp\/v2\/media\/20076"}],"wp:attachment":[{"href":"https:\/\/www.comercialanma.es\/index.php?rest_route=%2Fwp%2Fv2%2Fmedia&parent=20079"}],"curies":[{"name":"wp","href":"https:\/\/api.w.org\/{rel}","templated":true}]}}

<p>Cubo galvanizado de la marca Comas con el fondo sellado con silicona que permite contener líquido con total seguridad. Su tamaño es óptimo para mantener frías las bebidas durante toda la fiesta. El cubo galvanizado está fabricado en acero inoxidable. Este cubo tiene el rótulo &#8220;Cold Drinks&#8221; grabado en relieve.</p>
<ul>
<li>Fabricado en acero galvanizado.</li>
<li>Capacidad 14L.</li>
</ul>

<p>Cubo galvanizado M |14L.| Comas &amp; Partners |</p>
<p>Óptimo para mantener frías las bebidas durante toda la fiesta. Fabricado en acero inoxidable.</p>

<!-- This site is optimized with the Yoast SEO plugin v15.9 - https://yoast.com/wordpress/plugins/seo/ -->
<title>Cubo galvanizado M 14L. - Comercial de Hosteleria Anma</title>
<meta name="description" content="Cubo galvanizado M |14L.| Comas &amp; Partners | Óptimo para mantener frías las bebidas durante toda la fiesta. Fabricado en acero inoxidable." />
<meta name="robots" content="index, follow, max-snippet:-1, max-image-preview:large, max-video-preview:-1" />
<link rel="canonical" href="https://www.comercialanma.es/?product=galvanizado-14" />
<meta property="og:locale" content="es_ES" />
<meta property="og:type" content="article" />
<meta property="og:title" content="Cubo galvanizado M 14L. - Comercial de Hosteleria Anma" />
<meta property="og:description" content="Cubo galvanizado M |14L.| Comas &amp; Partners | Óptimo para mantener frías las bebidas durante toda la fiesta. Fabricado en acero inoxidable." />
<meta property="og:url" content="https://www.comercialanma.es/?product=galvanizado-14" />
<meta property="og:site_name" content="Comercial de Hosteleria Anma" />
<meta property="article:publisher" content="https://www.facebook.com/AnmaHosteleria" />
<meta property="article:modified_time" content="2021-12-16T11:32:58+00:00" />
<meta property="og:image" content="https://i0.wp.com/www.comercialanma.es/wp-content/uploads/2021/12/Cubo-Galvanizado.jpg?fit=1080%2C1080&#038;ssl=1" />
	<meta property="og:image:width" content="1080" />
	<meta property="og:image:height" content="1080" />
<meta name="twitter:card" content="summary_large_image" />
<meta name="twitter:label1" content="Tiempo de lectura">
	<meta name="twitter:data1" content="1 minuto">
<script type="application/ld+json" class="yoast-schema-graph">{"@context":"https://schema.org","@graph":[{"@type":"Organization","@id":"https://www.comercialanma.es/#organization","name":"Comercial Anma","url":"https://www.comercialanma.es/","sameAs":["https://www.facebook.com/AnmaHosteleria","https://www.instagram.com/anmahosteleria/?hl=es","https://www.youtube.com/channel/UCT2nmn08Ntks0hmpZPnDgCA"],"logo":{"@type":"ImageObject","@id":"https://www.comercialanma.es/#logo","inLanguage":"es","url":"https://i2.wp.com/www.comercialanma.es/wp-content/uploads/2019/06/logo-anma-color.png?fit=247%2C101&ssl=1","width":247,"height":101,"caption":"Comercial Anma"},"image":{"@id":"https://www.comercialanma.es/#logo"}},{"@type":"WebSite","@id":"https://www.comercialanma.es/#website","url":"https://www.comercialanma.es/","name":"Comercial de Hosteleria Anma","description":"","publisher":{"@id":"https://www.comercialanma.es/#organization"},"potentialAction":[{"@type":"SearchAction","target":"https://www.comercialanma.es/?s={search_term_string}","query-input":"required name=search_term_string"}],"inLanguage":"es"},{"@type":"ImageObject","@id":"https://www.comercialanma.es/?product=galvanizado-14#primaryimage","inLanguage":"es","url":"https://i0.wp.com/www.comercialanma.es/wp-content/uploads/2021/12/Cubo-Galvanizado.jpg?fit=1080%2C1080&ssl=1","width":1080,"height":1080},{"@type":"WebPage","@id":"https://www.comercialanma.es/?product=galvanizado-14#webpage","url":"https://www.comercialanma.es/?product=galvanizado-14","name":"Cubo galvanizado M 14L. - Comercial de Hosteleria Anma","isPartOf":{"@id":"https://www.comercialanma.es/#website"},"primaryImageOfPage":{"@id":"https://www.comercialanma.es/?product=galvanizado-14#primaryimage"},"datePublished":"2021-12-16T11:27:31+00:00","dateModified":"2021-12-16T11:32:58+00:00","description":"Cubo galvanizado M |14L.| Comas & Partners | \u00d3ptimo para mantener fr\u00edas las bebidas durante toda la fiesta. Fabricado en acero inoxidable.","breadcrumb":{"@id":"https://www.comercialanma.es/?product=galvanizado-14#breadcrumb"},"inLanguage":"es","potentialAction":[{"@type":"ReadAction","target":["https://www.comercialanma.es/?product=galvanizado-14"]}]},{"@type":"BreadcrumbList","@id":"https://www.comercialanma.es/?product=galvanizado-14#breadcrumb","itemListElement":[{"@type":"ListItem","position":1,"item":{"@type":"WebPage","@id":"https://www.comercialanma.es/","url":"https://www.comercialanma.es/","name":"Portada"}},{"@type":"ListItem","position":2,"item":{"@type":"WebPage","@id":"https://www.comercialanma.es/?page_id=3963","url":"https://www.comercialanma.es/?page_id=3963","name":"Cat\u00e1logo de Productos"}},{"@type":"ListItem","position":3,"item":{"@type":"WebPage","@id":"https://www.comercialanma.es/?product=galvanizado-14","url":"https://www.comercialanma.es/?product=galvanizado-14","name":"Cubo galvanizado M 14L."}}]}]}</script>
<!-- / Yoast SEO plugin. -->
