
{"id":20323,"date":"2021-12-24T10:04:22","date_gmt":"2021-12-24T09:04:22","guid":{"rendered":"https:\/\/www.comercialanma.es\/?post_type=product&#038;p=20323"},"modified":"2021-12-24T10:40:11","modified_gmt":"2021-12-24T09:40:11","slug":"vaso-bajo-shetland-35","status":"publish","type":"product","link":"https:\/\/www.comercialanma.es\/?product=vaso-bajo-shetland-35","title":{"rendered":"Vaso Shetland bajo 35cl."},"content":{"rendered":"<section class=\"content\">\n<div class=\"anim\">\n<ul>\n<li>Arcoroc<\/li>\n<li>Vaso bajo Shetland<\/li>\n<li class=\"p1\"><span class=\"s1\">35cl.<\/span><\/li>\n<\/ul>\n<\/div>\n<\/section>\n","protected":false},"excerpt":{"rendered":"<p>Vaso bajo de vidrio de la serie Shetland, fabricado en Francia mediante vidrio de gran calidad. Su dise\u00f1o recto como de pir\u00e1mide invertida, adem\u00e1s de su base gruesa, hacen de esta colecci\u00f3n una serie elegante y perfecta tanto para el profesional de la hosteler\u00eda y la restauraci\u00f3n como para el hogar. Presente sus bebidas con los vasos de la serie Shetland y sorprenda a sus clientes e invitados. De f\u00e1cil limpieza gracias a su forma. Adem\u00e1s puede ser introducido en el lavavajillas sin problemas.<\/p>\n","protected":false},"featured_media":20324,"template":"","meta":{"spay_email":""},"yoast_head":"<!-- This site is optimized with the Yoast SEO plugin v15.9 - https:\/\/yoast.com\/wordpress\/plugins\/seo\/ -->\n<title>Vaso Shetland bajo 35cl. - Comercial de Hosteleria Anma<\/title>\n<meta name=\"description\" content=\"Vaso bajo Shetland | 35cl. | Serie elegante y perfecta tanto para el profesional de la hosteler\u00eda y la restauraci\u00f3n como para el hogar.\" \/>\n<meta name=\"robots\" content=\"index, follow, max-snippet:-1, max-image-preview:large, max-video-preview:-1\" \/>\n<link rel=\"canonical\" href=\"https:\/\/www.comercialanma.es\/?product=vaso-bajo-shetland-35\" \/>\n<meta property=\"og:locale\" content=\"es_ES\" \/>\n<meta property=\"og:type\" content=\"article\" \/>\n<meta property=\"og:title\" content=\"Vaso Shetland bajo 35cl. - Comercial de Hosteleria Anma\" \/>\n<meta property=\"og:description\" content=\"Vaso bajo Shetland | 35cl. | Serie elegante y perfecta tanto para el profesional de la hosteler\u00eda y la restauraci\u00f3n como para el hogar.\" \/>\n<meta property=\"og:url\" content=\"https:\/\/www.comercialanma.es\/?product=vaso-bajo-shetland-35\" \/>\n<meta property=\"og:site_name\" content=\"Comercial de Hosteleria Anma\" \/>\n<meta property=\"article:publisher\" content=\"https:\/\/www.facebook.com\/AnmaHosteleria\" \/>\n<meta property=\"article:modified_time\" content=\"2021-12-24T09:40:11+00:00\" \/>\n<meta property=\"og:image\" content=\"https:\/\/i0.wp.com\/www.comercialanma.es\/wp-content\/uploads\/2021\/12\/vaso-shetland-bajo.jpg?fit=1080%2C1080&#038;ssl=1\" \/>\n\t<meta property=\"og:image:width\" content=\"1080\" \/>\n\t<meta property=\"og:image:height\" content=\"1080\" \/>\n<meta name=\"twitter:card\" content=\"summary_large_image\" \/>\n<meta name=\"twitter:label1\" content=\"Tiempo de lectura\">\n\t<meta name=\"twitter:data1\" content=\"1 minuto\">\n<script type=\"application\/ld+json\" class=\"yoast-schema-graph\">{\"@context\":\"https:\/\/schema.org\",\"@graph\":[{\"@type\":\"Organization\",\"@id\":\"https:\/\/www.comercialanma.es\/#organization\",\"name\":\"Comercial Anma\",\"url\":\"https:\/\/www.comercialanma.es\/\",\"sameAs\":[\"https:\/\/www.facebook.com\/AnmaHosteleria\",\"https:\/\/www.instagram.com\/anmahosteleria\/?hl=es\",\"https:\/\/www.youtube.com\/channel\/UCT2nmn08Ntks0hmpZPnDgCA\"],\"logo\":{\"@type\":\"ImageObject\",\"@id\":\"https:\/\/www.comercialanma.es\/#logo\",\"inLanguage\":\"es\",\"url\":\"https:\/\/i2.wp.com\/www.comercialanma.es\/wp-content\/uploads\/2019\/06\/logo-anma-color.png?fit=247%2C101&ssl=1\",\"width\":247,\"height\":101,\"caption\":\"Comercial Anma\"},\"image\":{\"@id\":\"https:\/\/www.comercialanma.es\/#logo\"}},{\"@type\":\"WebSite\",\"@id\":\"https:\/\/www.comercialanma.es\/#website\",\"url\":\"https:\/\/www.comercialanma.es\/\",\"name\":\"Comercial de Hosteleria Anma\",\"description\":\"\",\"publisher\":{\"@id\":\"https:\/\/www.comercialanma.es\/#organization\"},\"potentialAction\":[{\"@type\":\"SearchAction\",\"target\":\"https:\/\/www.comercialanma.es\/?s={search_term_string}\",\"query-input\":\"required name=search_term_string\"}],\"inLanguage\":\"es\"},{\"@type\":\"ImageObject\",\"@id\":\"https:\/\/www.comercialanma.es\/?product=vaso-bajo-shetland-35#primaryimage\",\"inLanguage\":\"es\",\"url\":\"https:\/\/i0.wp.com\/www.comercialanma.es\/wp-content\/uploads\/2021\/12\/vaso-shetland-bajo.jpg?fit=1080%2C1080&ssl=1\",\"width\":1080,\"height\":1080},{\"@type\":\"WebPage\",\"@id\":\"https:\/\/www.comercialanma.es\/?product=vaso-bajo-shetland-35#webpage\",\"url\":\"https:\/\/www.comercialanma.es\/?product=vaso-bajo-shetland-35\",\"name\":\"Vaso Shetland bajo 35cl. - Comercial de Hosteleria Anma\",\"isPartOf\":{\"@id\":\"https:\/\/www.comercialanma.es\/#website\"},\"primaryImageOfPage\":{\"@id\":\"https:\/\/www.comercialanma.es\/?product=vaso-bajo-shetland-35#primaryimage\"},\"datePublished\":\"2021-12-24T09:04:22+00:00\",\"dateModified\":\"2021-12-24T09:40:11+00:00\",\"description\":\"Vaso bajo Shetland | 35cl. | Serie elegante y perfecta tanto para el profesional de la hosteler\\u00eda y la restauraci\\u00f3n como para el hogar.\",\"breadcrumb\":{\"@id\":\"https:\/\/www.comercialanma.es\/?product=vaso-bajo-shetland-35#breadcrumb\"},\"inLanguage\":\"es\",\"potentialAction\":[{\"@type\":\"ReadAction\",\"target\":[\"https:\/\/www.comercialanma.es\/?product=vaso-bajo-shetland-35\"]}]},{\"@type\":\"BreadcrumbList\",\"@id\":\"https:\/\/www.comercialanma.es\/?product=vaso-bajo-shetland-35#breadcrumb\",\"itemListElement\":[{\"@type\":\"ListItem\",\"position\":1,\"item\":{\"@type\":\"WebPage\",\"@id\":\"https:\/\/www.comercialanma.es\/\",\"url\":\"https:\/\/www.comercialanma.es\/\",\"name\":\"Portada\"}},{\"@type\":\"ListItem\",\"position\":2,\"item\":{\"@type\":\"WebPage\",\"@id\":\"https:\/\/www.comercialanma.es\/?page_id=3963\",\"url\":\"https:\/\/www.comercialanma.es\/?page_id=3963\",\"name\":\"Cat\\u00e1logo de Productos\"}},{\"@type\":\"ListItem\",\"position\":3,\"item\":{\"@type\":\"WebPage\",\"@id\":\"https:\/\/www.comercialanma.es\/?product=vaso-bajo-shetland-35\",\"url\":\"https:\/\/www.comercialanma.es\/?product=vaso-bajo-shetland-35\",\"name\":\"Vaso Shetland bajo 35cl.\"}}]}]}<\/script>\n<!-- \/ Yoast SEO plugin. -->","_links":{"self":[{"href":"https:\/\/www.comercialanma.es\/index.php?rest_route=\/wp\/v2\/product\/20323"}],"collection":[{"href":"https:\/\/www.comercialanma.es\/index.php?rest_route=\/wp\/v2\/product"}],"about":[{"href":"https:\/\/www.comercialanma.es\/index.php?rest_route=\/wp\/v2\/types\/product"}],"version-history":[{"count":1,"href":"https:\/\/www.comercialanma.es\/index.php?rest_route=\/wp\/v2\/product\/20323\/revisions"}],"predecessor-version":[{"id":20325,"href":"https:\/\/www.comercialanma.es\/index.php?rest_route=\/wp\/v2\/product\/20323\/revisions\/20325"}],"wp:featuredmedia":[{"embeddable":true,"href":"https:\/\/www.comercialanma.es\/index.php?rest_route=\/wp\/v2\/media\/20324"}],"wp:attachment":[{"href":"https:\/\/www.comercialanma.es\/index.php?rest_route=%2Fwp%2Fv2%2Fmedia&parent=20323"}],"curies":[{"name":"wp","href":"https:\/\/api.w.org\/{rel}","templated":true}]}}

<p>Vaso bajo de vidrio de la serie Shetland, fabricado en Francia mediante vidrio de gran calidad. Su diseño recto como de pirámide invertida, además de su base gruesa, hacen de esta colección una serie elegante y perfecta tanto para el profesional de la hostelería y la restauración como para el hogar. Presente sus bebidas con los vasos de la serie Shetland y sorprenda a sus clientes e invitados. De fácil limpieza gracias a su forma. Además puede ser introducido en el lavavajillas sin problemas.</p>

<!-- This site is optimized with the Yoast SEO plugin v15.9 - https://yoast.com/wordpress/plugins/seo/ -->
<title>Vaso Shetland bajo 35cl. - Comercial de Hosteleria Anma</title>
<meta name="description" content="Vaso bajo Shetland | 35cl. | Serie elegante y perfecta tanto para el profesional de la hostelería y la restauración como para el hogar." />
<meta name="robots" content="index, follow, max-snippet:-1, max-image-preview:large, max-video-preview:-1" />
<link rel="canonical" href="https://www.comercialanma.es/?product=vaso-bajo-shetland-35" />
<meta property="og:locale" content="es_ES" />
<meta property="og:type" content="article" />
<meta property="og:title" content="Vaso Shetland bajo 35cl. - Comercial de Hosteleria Anma" />
<meta property="og:description" content="Vaso bajo Shetland | 35cl. | Serie elegante y perfecta tanto para el profesional de la hostelería y la restauración como para el hogar." />
<meta property="og:url" content="https://www.comercialanma.es/?product=vaso-bajo-shetland-35" />
<meta property="og:site_name" content="Comercial de Hosteleria Anma" />
<meta property="article:publisher" content="https://www.facebook.com/AnmaHosteleria" />
<meta property="article:modified_time" content="2021-12-24T09:40:11+00:00" />
<meta property="og:image" content="https://i0.wp.com/www.comercialanma.es/wp-content/uploads/2021/12/vaso-shetland-bajo.jpg?fit=1080%2C1080&#038;ssl=1" />
	<meta property="og:image:width" content="1080" />
	<meta property="og:image:height" content="1080" />
<meta name="twitter:card" content="summary_large_image" />
<meta name="twitter:label1" content="Tiempo de lectura">
	<meta name="twitter:data1" content="1 minuto">
<script type="application/ld+json" class="yoast-schema-graph">{"@context":"https://schema.org","@graph":[{"@type":"Organization","@id":"https://www.comercialanma.es/#organization","name":"Comercial Anma","url":"https://www.comercialanma.es/","sameAs":["https://www.facebook.com/AnmaHosteleria","https://www.instagram.com/anmahosteleria/?hl=es","https://www.youtube.com/channel/UCT2nmn08Ntks0hmpZPnDgCA"],"logo":{"@type":"ImageObject","@id":"https://www.comercialanma.es/#logo","inLanguage":"es","url":"https://i2.wp.com/www.comercialanma.es/wp-content/uploads/2019/06/logo-anma-color.png?fit=247%2C101&ssl=1","width":247,"height":101,"caption":"Comercial Anma"},"image":{"@id":"https://www.comercialanma.es/#logo"}},{"@type":"WebSite","@id":"https://www.comercialanma.es/#website","url":"https://www.comercialanma.es/","name":"Comercial de Hosteleria Anma","description":"","publisher":{"@id":"https://www.comercialanma.es/#organization"},"potentialAction":[{"@type":"SearchAction","target":"https://www.comercialanma.es/?s={search_term_string}","query-input":"required name=search_term_string"}],"inLanguage":"es"},{"@type":"ImageObject","@id":"https://www.comercialanma.es/?product=vaso-bajo-shetland-35#primaryimage","inLanguage":"es","url":"https://i0.wp.com/www.comercialanma.es/wp-content/uploads/2021/12/vaso-shetland-bajo.jpg?fit=1080%2C1080&ssl=1","width":1080,"height":1080},{"@type":"WebPage","@id":"https://www.comercialanma.es/?product=vaso-bajo-shetland-35#webpage","url":"https://www.comercialanma.es/?product=vaso-bajo-shetland-35","name":"Vaso Shetland bajo 35cl. - Comercial de Hosteleria Anma","isPartOf":{"@id":"https://www.comercialanma.es/#website"},"primaryImageOfPage":{"@id":"https://www.comercialanma.es/?product=vaso-bajo-shetland-35#primaryimage"},"datePublished":"2021-12-24T09:04:22+00:00","dateModified":"2021-12-24T09:40:11+00:00","description":"Vaso bajo Shetland | 35cl. | Serie elegante y perfecta tanto para el profesional de la hosteler\u00eda y la restauraci\u00f3n como para el hogar.","breadcrumb":{"@id":"https://www.comercialanma.es/?product=vaso-bajo-shetland-35#breadcrumb"},"inLanguage":"es","potentialAction":[{"@type":"ReadAction","target":["https://www.comercialanma.es/?product=vaso-bajo-shetland-35"]}]},{"@type":"BreadcrumbList","@id":"https://www.comercialanma.es/?product=vaso-bajo-shetland-35#breadcrumb","itemListElement":[{"@type":"ListItem","position":1,"item":{"@type":"WebPage","@id":"https://www.comercialanma.es/","url":"https://www.comercialanma.es/","name":"Portada"}},{"@type":"ListItem","position":2,"item":{"@type":"WebPage","@id":"https://www.comercialanma.es/?page_id=3963","url":"https://www.comercialanma.es/?page_id=3963","name":"Cat\u00e1logo de Productos"}},{"@type":"ListItem","position":3,"item":{"@type":"WebPage","@id":"https://www.comercialanma.es/?product=vaso-bajo-shetland-35","url":"https://www.comercialanma.es/?product=vaso-bajo-shetland-35","name":"Vaso Shetland bajo 35cl."}}]}]}</script>
<!-- / Yoast SEO plugin. -->
