
{"id":20378,"date":"2021-12-27T11:25:14","date_gmt":"2021-12-27T10:25:14","guid":{"rendered":"https:\/\/www.comercialanma.es\/?post_type=product&#038;p=20378"},"modified":"2021-12-27T11:30:39","modified_gmt":"2021-12-27T10:30:39","slug":"vaso-saboya-25cl","status":"publish","type":"product","link":"https:\/\/www.comercialanma.es\/?product=vaso-saboya-25cl","title":{"rendered":"Vaso saboya 25cl."},"content":{"rendered":"<section class=\"content\">\n<div class=\"anim\">\n<ul>\n<li>Vaso saboya<\/li>\n<li>Vaso de gran resistencia<\/li>\n<li><span class=\"s1\">25cl.<\/span><\/li>\n<\/ul>\n<\/div>\n<\/section>\n","protected":false},"excerpt":{"rendered":"<p>Base lisa con una peque\u00f1a talla al principio en forma de peque\u00f1as huellas. Modelo sencillo y pr\u00e1ctico. Fabricado en vidrio de alta calidad. Tiene un dise\u00f1o muy avanzado y unos procedimientos de elaboraci\u00f3n que someten a cada pieza a diversas operaciones que garantizan su resistencia al rayado y su \u00f3ptimo aspecto durante muchos a\u00f1os. Su resistencia al lavavajillas hace que se pueda usar cuantas veces sea necesario.<\/p>\n","protected":false},"featured_media":20379,"template":"","meta":{"spay_email":""},"yoast_head":"<!-- This site is optimized with the Yoast SEO plugin v15.9 - https:\/\/yoast.com\/wordpress\/plugins\/seo\/ -->\n<title>Vaso saboya 25cl. - Comercial de Hosteleria Anma<\/title>\n<meta name=\"description\" content=\"Vaso alto saboya | 25cl.| Base lisa con una peque\u00f1a talla al principio en forma de peque\u00f1as huellas. Fabricado en vidrio de alta calidad.\" \/>\n<meta name=\"robots\" content=\"index, follow, max-snippet:-1, max-image-preview:large, max-video-preview:-1\" \/>\n<link rel=\"canonical\" href=\"https:\/\/www.comercialanma.es\/?product=vaso-saboya-25cl\" \/>\n<meta property=\"og:locale\" content=\"es_ES\" \/>\n<meta property=\"og:type\" content=\"article\" \/>\n<meta property=\"og:title\" content=\"Vaso saboya 25cl. - Comercial de Hosteleria Anma\" \/>\n<meta property=\"og:description\" content=\"Vaso alto saboya | 25cl.| Base lisa con una peque\u00f1a talla al principio en forma de peque\u00f1as huellas. Fabricado en vidrio de alta calidad.\" \/>\n<meta property=\"og:url\" content=\"https:\/\/www.comercialanma.es\/?product=vaso-saboya-25cl\" \/>\n<meta property=\"og:site_name\" content=\"Comercial de Hosteleria Anma\" \/>\n<meta property=\"article:publisher\" content=\"https:\/\/www.facebook.com\/AnmaHosteleria\" \/>\n<meta property=\"article:modified_time\" content=\"2021-12-27T10:30:39+00:00\" \/>\n<meta property=\"og:image\" content=\"https:\/\/i2.wp.com\/www.comercialanma.es\/wp-content\/uploads\/2021\/12\/Vaso-Saboya-25cl.jpg?fit=1080%2C1080&#038;ssl=1\" \/>\n\t<meta property=\"og:image:width\" content=\"1080\" \/>\n\t<meta property=\"og:image:height\" content=\"1080\" \/>\n<meta name=\"twitter:card\" content=\"summary_large_image\" \/>\n<meta name=\"twitter:label1\" content=\"Tiempo de lectura\">\n\t<meta name=\"twitter:data1\" content=\"1 minuto\">\n<script type=\"application\/ld+json\" class=\"yoast-schema-graph\">{\"@context\":\"https:\/\/schema.org\",\"@graph\":[{\"@type\":\"Organization\",\"@id\":\"https:\/\/www.comercialanma.es\/#organization\",\"name\":\"Comercial Anma\",\"url\":\"https:\/\/www.comercialanma.es\/\",\"sameAs\":[\"https:\/\/www.facebook.com\/AnmaHosteleria\",\"https:\/\/www.instagram.com\/anmahosteleria\/?hl=es\",\"https:\/\/www.youtube.com\/channel\/UCT2nmn08Ntks0hmpZPnDgCA\"],\"logo\":{\"@type\":\"ImageObject\",\"@id\":\"https:\/\/www.comercialanma.es\/#logo\",\"inLanguage\":\"es\",\"url\":\"https:\/\/i2.wp.com\/www.comercialanma.es\/wp-content\/uploads\/2019\/06\/logo-anma-color.png?fit=247%2C101&ssl=1\",\"width\":247,\"height\":101,\"caption\":\"Comercial Anma\"},\"image\":{\"@id\":\"https:\/\/www.comercialanma.es\/#logo\"}},{\"@type\":\"WebSite\",\"@id\":\"https:\/\/www.comercialanma.es\/#website\",\"url\":\"https:\/\/www.comercialanma.es\/\",\"name\":\"Comercial de Hosteleria Anma\",\"description\":\"\",\"publisher\":{\"@id\":\"https:\/\/www.comercialanma.es\/#organization\"},\"potentialAction\":[{\"@type\":\"SearchAction\",\"target\":\"https:\/\/www.comercialanma.es\/?s={search_term_string}\",\"query-input\":\"required name=search_term_string\"}],\"inLanguage\":\"es\"},{\"@type\":\"ImageObject\",\"@id\":\"https:\/\/www.comercialanma.es\/?product=vaso-saboya-25cl#primaryimage\",\"inLanguage\":\"es\",\"url\":\"https:\/\/i2.wp.com\/www.comercialanma.es\/wp-content\/uploads\/2021\/12\/Vaso-Saboya-25cl.jpg?fit=1080%2C1080&ssl=1\",\"width\":1080,\"height\":1080},{\"@type\":\"WebPage\",\"@id\":\"https:\/\/www.comercialanma.es\/?product=vaso-saboya-25cl#webpage\",\"url\":\"https:\/\/www.comercialanma.es\/?product=vaso-saboya-25cl\",\"name\":\"Vaso saboya 25cl. - Comercial de Hosteleria Anma\",\"isPartOf\":{\"@id\":\"https:\/\/www.comercialanma.es\/#website\"},\"primaryImageOfPage\":{\"@id\":\"https:\/\/www.comercialanma.es\/?product=vaso-saboya-25cl#primaryimage\"},\"datePublished\":\"2021-12-27T10:25:14+00:00\",\"dateModified\":\"2021-12-27T10:30:39+00:00\",\"description\":\"Vaso alto saboya | 25cl.| Base lisa con una peque\\u00f1a talla al principio en forma de peque\\u00f1as huellas. Fabricado en vidrio de alta calidad.\",\"breadcrumb\":{\"@id\":\"https:\/\/www.comercialanma.es\/?product=vaso-saboya-25cl#breadcrumb\"},\"inLanguage\":\"es\",\"potentialAction\":[{\"@type\":\"ReadAction\",\"target\":[\"https:\/\/www.comercialanma.es\/?product=vaso-saboya-25cl\"]}]},{\"@type\":\"BreadcrumbList\",\"@id\":\"https:\/\/www.comercialanma.es\/?product=vaso-saboya-25cl#breadcrumb\",\"itemListElement\":[{\"@type\":\"ListItem\",\"position\":1,\"item\":{\"@type\":\"WebPage\",\"@id\":\"https:\/\/www.comercialanma.es\/\",\"url\":\"https:\/\/www.comercialanma.es\/\",\"name\":\"Portada\"}},{\"@type\":\"ListItem\",\"position\":2,\"item\":{\"@type\":\"WebPage\",\"@id\":\"https:\/\/www.comercialanma.es\/?page_id=3963\",\"url\":\"https:\/\/www.comercialanma.es\/?page_id=3963\",\"name\":\"Cat\\u00e1logo de Productos\"}},{\"@type\":\"ListItem\",\"position\":3,\"item\":{\"@type\":\"WebPage\",\"@id\":\"https:\/\/www.comercialanma.es\/?product=vaso-saboya-25cl\",\"url\":\"https:\/\/www.comercialanma.es\/?product=vaso-saboya-25cl\",\"name\":\"Vaso saboya 25cl.\"}}]}]}<\/script>\n<!-- \/ Yoast SEO plugin. -->","_links":{"self":[{"href":"https:\/\/www.comercialanma.es\/index.php?rest_route=\/wp\/v2\/product\/20378"}],"collection":[{"href":"https:\/\/www.comercialanma.es\/index.php?rest_route=\/wp\/v2\/product"}],"about":[{"href":"https:\/\/www.comercialanma.es\/index.php?rest_route=\/wp\/v2\/types\/product"}],"version-history":[{"count":1,"href":"https:\/\/www.comercialanma.es\/index.php?rest_route=\/wp\/v2\/product\/20378\/revisions"}],"predecessor-version":[{"id":20380,"href":"https:\/\/www.comercialanma.es\/index.php?rest_route=\/wp\/v2\/product\/20378\/revisions\/20380"}],"wp:featuredmedia":[{"embeddable":true,"href":"https:\/\/www.comercialanma.es\/index.php?rest_route=\/wp\/v2\/media\/20379"}],"wp:attachment":[{"href":"https:\/\/www.comercialanma.es\/index.php?rest_route=%2Fwp%2Fv2%2Fmedia&parent=20378"}],"curies":[{"name":"wp","href":"https:\/\/api.w.org\/{rel}","templated":true}]}}

<p>Base lisa con una pequeña talla al principio en forma de pequeñas huellas. Modelo sencillo y práctico. Fabricado en vidrio de alta calidad. Tiene un diseño muy avanzado y unos procedimientos de elaboración que someten a cada pieza a diversas operaciones que garantizan su resistencia al rayado y su óptimo aspecto durante muchos años. Su resistencia al lavavajillas hace que se pueda usar cuantas veces sea necesario.</p>

<!-- This site is optimized with the Yoast SEO plugin v15.9 - https://yoast.com/wordpress/plugins/seo/ -->
<title>Vaso saboya 25cl. - Comercial de Hosteleria Anma</title>
<meta name="description" content="Vaso alto saboya | 25cl.| Base lisa con una pequeña talla al principio en forma de pequeñas huellas. Fabricado en vidrio de alta calidad." />
<meta name="robots" content="index, follow, max-snippet:-1, max-image-preview:large, max-video-preview:-1" />
<link rel="canonical" href="https://www.comercialanma.es/?product=vaso-saboya-25cl" />
<meta property="og:locale" content="es_ES" />
<meta property="og:type" content="article" />
<meta property="og:title" content="Vaso saboya 25cl. - Comercial de Hosteleria Anma" />
<meta property="og:description" content="Vaso alto saboya | 25cl.| Base lisa con una pequeña talla al principio en forma de pequeñas huellas. Fabricado en vidrio de alta calidad." />
<meta property="og:url" content="https://www.comercialanma.es/?product=vaso-saboya-25cl" />
<meta property="og:site_name" content="Comercial de Hosteleria Anma" />
<meta property="article:publisher" content="https://www.facebook.com/AnmaHosteleria" />
<meta property="article:modified_time" content="2021-12-27T10:30:39+00:00" />
<meta property="og:image" content="https://i2.wp.com/www.comercialanma.es/wp-content/uploads/2021/12/Vaso-Saboya-25cl.jpg?fit=1080%2C1080&#038;ssl=1" />
	<meta property="og:image:width" content="1080" />
	<meta property="og:image:height" content="1080" />
<meta name="twitter:card" content="summary_large_image" />
<meta name="twitter:label1" content="Tiempo de lectura">
	<meta name="twitter:data1" content="1 minuto">
<script type="application/ld+json" class="yoast-schema-graph">{"@context":"https://schema.org","@graph":[{"@type":"Organization","@id":"https://www.comercialanma.es/#organization","name":"Comercial Anma","url":"https://www.comercialanma.es/","sameAs":["https://www.facebook.com/AnmaHosteleria","https://www.instagram.com/anmahosteleria/?hl=es","https://www.youtube.com/channel/UCT2nmn08Ntks0hmpZPnDgCA"],"logo":{"@type":"ImageObject","@id":"https://www.comercialanma.es/#logo","inLanguage":"es","url":"https://i2.wp.com/www.comercialanma.es/wp-content/uploads/2019/06/logo-anma-color.png?fit=247%2C101&ssl=1","width":247,"height":101,"caption":"Comercial Anma"},"image":{"@id":"https://www.comercialanma.es/#logo"}},{"@type":"WebSite","@id":"https://www.comercialanma.es/#website","url":"https://www.comercialanma.es/","name":"Comercial de Hosteleria Anma","description":"","publisher":{"@id":"https://www.comercialanma.es/#organization"},"potentialAction":[{"@type":"SearchAction","target":"https://www.comercialanma.es/?s={search_term_string}","query-input":"required name=search_term_string"}],"inLanguage":"es"},{"@type":"ImageObject","@id":"https://www.comercialanma.es/?product=vaso-saboya-25cl#primaryimage","inLanguage":"es","url":"https://i2.wp.com/www.comercialanma.es/wp-content/uploads/2021/12/Vaso-Saboya-25cl.jpg?fit=1080%2C1080&ssl=1","width":1080,"height":1080},{"@type":"WebPage","@id":"https://www.comercialanma.es/?product=vaso-saboya-25cl#webpage","url":"https://www.comercialanma.es/?product=vaso-saboya-25cl","name":"Vaso saboya 25cl. - Comercial de Hosteleria Anma","isPartOf":{"@id":"https://www.comercialanma.es/#website"},"primaryImageOfPage":{"@id":"https://www.comercialanma.es/?product=vaso-saboya-25cl#primaryimage"},"datePublished":"2021-12-27T10:25:14+00:00","dateModified":"2021-12-27T10:30:39+00:00","description":"Vaso alto saboya | 25cl.| Base lisa con una peque\u00f1a talla al principio en forma de peque\u00f1as huellas. Fabricado en vidrio de alta calidad.","breadcrumb":{"@id":"https://www.comercialanma.es/?product=vaso-saboya-25cl#breadcrumb"},"inLanguage":"es","potentialAction":[{"@type":"ReadAction","target":["https://www.comercialanma.es/?product=vaso-saboya-25cl"]}]},{"@type":"BreadcrumbList","@id":"https://www.comercialanma.es/?product=vaso-saboya-25cl#breadcrumb","itemListElement":[{"@type":"ListItem","position":1,"item":{"@type":"WebPage","@id":"https://www.comercialanma.es/","url":"https://www.comercialanma.es/","name":"Portada"}},{"@type":"ListItem","position":2,"item":{"@type":"WebPage","@id":"https://www.comercialanma.es/?page_id=3963","url":"https://www.comercialanma.es/?page_id=3963","name":"Cat\u00e1logo de Productos"}},{"@type":"ListItem","position":3,"item":{"@type":"WebPage","@id":"https://www.comercialanma.es/?product=vaso-saboya-25cl","url":"https://www.comercialanma.es/?product=vaso-saboya-25cl","name":"Vaso saboya 25cl."}}]}]}</script>
<!-- / Yoast SEO plugin. -->
