
{"id":20455,"date":"2021-12-28T16:17:42","date_gmt":"2021-12-28T15:17:42","guid":{"rendered":"https:\/\/www.comercialanma.es\/?post_type=product&#038;p=20455"},"modified":"2021-12-28T16:26:49","modified_gmt":"2021-12-28T15:26:49","slug":"sacacorchos-kea-evolution","status":"publish","type":"product","link":"https:\/\/www.comercialanma.es\/?product=sacacorchos-kea-evolution","title":{"rendered":"Sacacorchos Kea evolution Boj"},"content":{"rendered":"<p>Sacacorchos Kea evolution | Boj Ola\u00f1eta |<\/p>\n<p>Sacacorchos con un dise\u00f1o de lo m\u00e1s elegante. Gracias a su reducido tama\u00f1o apenas ocupa sitio al plegarlo. Incluye una navaja para descapsular y un pico para abrir botellas con chapa.<\/p>\n","protected":false},"excerpt":{"rendered":"<ul>\n<li>Fabricante Boj Ola\u00f1eta.<\/li>\n<li>Sistema doble impulso<\/li>\n<li><span class=\"a-list-item\"><span class=\"a-size-base\">Materiales: Zamak, Acero<\/span><\/span><\/li>\n<li><span class=\"a-list-item\"><span class=\"a-size-base\">Acabado: Elegante y ligero<\/span><\/span><\/li>\n<li><span class=\"a-list-item\"><span class=\"a-size-base\">Capacidad: Todo tipo de botellas de vino<\/span><\/span><\/li>\n<\/ul>\n","protected":false},"featured_media":20456,"template":"","meta":{"spay_email":""},"yoast_head":"<!-- This site is optimized with the Yoast SEO plugin v15.9 - https:\/\/yoast.com\/wordpress\/plugins\/seo\/ -->\n<title>Sacacorchos Kea evolution Boj - Comercial de Hosteleria Anma<\/title>\n<meta name=\"description\" content=\"Sacacorchos Kea evolution | Boj Ola\u00f1eta | Sacacorchos con un dise\u00f1o de lo m\u00e1s elegante. Reducido tama\u00f1o apenas ocupa sitio al plegarlo.\" \/>\n<meta name=\"robots\" content=\"index, follow, max-snippet:-1, max-image-preview:large, max-video-preview:-1\" \/>\n<link rel=\"canonical\" href=\"https:\/\/www.comercialanma.es\/?product=sacacorchos-kea-evolution\" \/>\n<meta property=\"og:locale\" content=\"es_ES\" \/>\n<meta property=\"og:type\" content=\"article\" \/>\n<meta property=\"og:title\" content=\"Sacacorchos Kea evolution Boj - Comercial de Hosteleria Anma\" \/>\n<meta property=\"og:description\" content=\"Sacacorchos Kea evolution | Boj Ola\u00f1eta | Sacacorchos con un dise\u00f1o de lo m\u00e1s elegante. Reducido tama\u00f1o apenas ocupa sitio al plegarlo.\" \/>\n<meta property=\"og:url\" content=\"https:\/\/www.comercialanma.es\/?product=sacacorchos-kea-evolution\" \/>\n<meta property=\"og:site_name\" content=\"Comercial de Hosteleria Anma\" \/>\n<meta property=\"article:publisher\" content=\"https:\/\/www.facebook.com\/AnmaHosteleria\" \/>\n<meta property=\"article:modified_time\" content=\"2021-12-28T15:26:49+00:00\" \/>\n<meta property=\"og:image\" content=\"https:\/\/i2.wp.com\/www.comercialanma.es\/wp-content\/uploads\/2021\/12\/sacacorchos-kea-evolution.jpg?fit=1080%2C1080&#038;ssl=1\" \/>\n\t<meta property=\"og:image:width\" content=\"1080\" \/>\n\t<meta property=\"og:image:height\" content=\"1080\" \/>\n<meta name=\"twitter:card\" content=\"summary_large_image\" \/>\n<meta name=\"twitter:label1\" content=\"Tiempo de lectura\">\n\t<meta name=\"twitter:data1\" content=\"1 minuto\">\n<script type=\"application\/ld+json\" class=\"yoast-schema-graph\">{\"@context\":\"https:\/\/schema.org\",\"@graph\":[{\"@type\":\"Organization\",\"@id\":\"https:\/\/www.comercialanma.es\/#organization\",\"name\":\"Comercial Anma\",\"url\":\"https:\/\/www.comercialanma.es\/\",\"sameAs\":[\"https:\/\/www.facebook.com\/AnmaHosteleria\",\"https:\/\/www.instagram.com\/anmahosteleria\/?hl=es\",\"https:\/\/www.youtube.com\/channel\/UCT2nmn08Ntks0hmpZPnDgCA\"],\"logo\":{\"@type\":\"ImageObject\",\"@id\":\"https:\/\/www.comercialanma.es\/#logo\",\"inLanguage\":\"es\",\"url\":\"https:\/\/i2.wp.com\/www.comercialanma.es\/wp-content\/uploads\/2019\/06\/logo-anma-color.png?fit=247%2C101&ssl=1\",\"width\":247,\"height\":101,\"caption\":\"Comercial Anma\"},\"image\":{\"@id\":\"https:\/\/www.comercialanma.es\/#logo\"}},{\"@type\":\"WebSite\",\"@id\":\"https:\/\/www.comercialanma.es\/#website\",\"url\":\"https:\/\/www.comercialanma.es\/\",\"name\":\"Comercial de Hosteleria Anma\",\"description\":\"\",\"publisher\":{\"@id\":\"https:\/\/www.comercialanma.es\/#organization\"},\"potentialAction\":[{\"@type\":\"SearchAction\",\"target\":\"https:\/\/www.comercialanma.es\/?s={search_term_string}\",\"query-input\":\"required name=search_term_string\"}],\"inLanguage\":\"es\"},{\"@type\":\"ImageObject\",\"@id\":\"https:\/\/www.comercialanma.es\/?product=sacacorchos-kea-evolution#primaryimage\",\"inLanguage\":\"es\",\"url\":\"https:\/\/i2.wp.com\/www.comercialanma.es\/wp-content\/uploads\/2021\/12\/sacacorchos-kea-evolution.jpg?fit=1080%2C1080&ssl=1\",\"width\":1080,\"height\":1080},{\"@type\":\"WebPage\",\"@id\":\"https:\/\/www.comercialanma.es\/?product=sacacorchos-kea-evolution#webpage\",\"url\":\"https:\/\/www.comercialanma.es\/?product=sacacorchos-kea-evolution\",\"name\":\"Sacacorchos Kea evolution Boj - Comercial de Hosteleria Anma\",\"isPartOf\":{\"@id\":\"https:\/\/www.comercialanma.es\/#website\"},\"primaryImageOfPage\":{\"@id\":\"https:\/\/www.comercialanma.es\/?product=sacacorchos-kea-evolution#primaryimage\"},\"datePublished\":\"2021-12-28T15:17:42+00:00\",\"dateModified\":\"2021-12-28T15:26:49+00:00\",\"description\":\"Sacacorchos Kea evolution | Boj Ola\\u00f1eta | Sacacorchos con un dise\\u00f1o de lo m\\u00e1s elegante. Reducido tama\\u00f1o apenas ocupa sitio al plegarlo.\",\"breadcrumb\":{\"@id\":\"https:\/\/www.comercialanma.es\/?product=sacacorchos-kea-evolution#breadcrumb\"},\"inLanguage\":\"es\",\"potentialAction\":[{\"@type\":\"ReadAction\",\"target\":[\"https:\/\/www.comercialanma.es\/?product=sacacorchos-kea-evolution\"]}]},{\"@type\":\"BreadcrumbList\",\"@id\":\"https:\/\/www.comercialanma.es\/?product=sacacorchos-kea-evolution#breadcrumb\",\"itemListElement\":[{\"@type\":\"ListItem\",\"position\":1,\"item\":{\"@type\":\"WebPage\",\"@id\":\"https:\/\/www.comercialanma.es\/\",\"url\":\"https:\/\/www.comercialanma.es\/\",\"name\":\"Portada\"}},{\"@type\":\"ListItem\",\"position\":2,\"item\":{\"@type\":\"WebPage\",\"@id\":\"https:\/\/www.comercialanma.es\/?page_id=3963\",\"url\":\"https:\/\/www.comercialanma.es\/?page_id=3963\",\"name\":\"Cat\\u00e1logo de Productos\"}},{\"@type\":\"ListItem\",\"position\":3,\"item\":{\"@type\":\"WebPage\",\"@id\":\"https:\/\/www.comercialanma.es\/?product=sacacorchos-kea-evolution\",\"url\":\"https:\/\/www.comercialanma.es\/?product=sacacorchos-kea-evolution\",\"name\":\"Sacacorchos Kea evolution Boj\"}}]}]}<\/script>\n<!-- \/ Yoast SEO plugin. -->","_links":{"self":[{"href":"https:\/\/www.comercialanma.es\/index.php?rest_route=\/wp\/v2\/product\/20455"}],"collection":[{"href":"https:\/\/www.comercialanma.es\/index.php?rest_route=\/wp\/v2\/product"}],"about":[{"href":"https:\/\/www.comercialanma.es\/index.php?rest_route=\/wp\/v2\/types\/product"}],"version-history":[{"count":1,"href":"https:\/\/www.comercialanma.es\/index.php?rest_route=\/wp\/v2\/product\/20455\/revisions"}],"predecessor-version":[{"id":20458,"href":"https:\/\/www.comercialanma.es\/index.php?rest_route=\/wp\/v2\/product\/20455\/revisions\/20458"}],"wp:featuredmedia":[{"embeddable":true,"href":"https:\/\/www.comercialanma.es\/index.php?rest_route=\/wp\/v2\/media\/20456"}],"wp:attachment":[{"href":"https:\/\/www.comercialanma.es\/index.php?rest_route=%2Fwp%2Fv2%2Fmedia&parent=20455"}],"curies":[{"name":"wp","href":"https:\/\/api.w.org\/{rel}","templated":true}]}}