
{"id":20574,"date":"2021-12-31T10:32:55","date_gmt":"2021-12-31T09:32:55","guid":{"rendered":"https:\/\/www.comercialanma.es\/?post_type=product&#038;p=20574"},"modified":"2021-12-31T11:19:40","modified_gmt":"2021-12-31T10:19:40","slug":"expovitrina-gn-1-1","status":"publish","type":"product","link":"https:\/\/www.comercialanma.es\/?product=expovitrina-gn-1-1","title":{"rendered":"Vitrina expositora GN 1\/1 Araven"},"content":{"rendered":"<p>Vitrina expositora GN 1\/1 | Araven | 530x325x82 |<\/p>\n<p>Las expovitrinas GastroNorm 1\/1 c\u00f3modas de usar y que optimizan el espacio.<br \/>\nLas expovitrinas Araven GN 1\/1 cuenta con bandeja y campana de protecci\u00f3n para<br \/>\npasar de exposici\u00f3n a conservaci\u00f3n en un solo paso. (basta con colocar la tapa). La Expovitrina<br \/>\ndise\u00f1ada para alimentos de mayor volumen con campana transparente para una r\u00e1pida visualizaci\u00f3n<br \/>\ndel contenido y con pomo met\u00e1lico inoxidable para facilitar su uso.<\/p>\n","protected":false},"excerpt":{"rendered":"<ul>\n<li>Fabricante: Araven<\/li>\n<li>Medidas: 530x325x82cm.<\/li>\n<li><span class=\"a-list-item\">Ideal para exponer boller\u00eda<\/span><\/li>\n<li><span class=\"a-list-item\">F\u00e1cil apertura de los compartimentos<\/span><\/li>\n<li><span class=\"a-list-item\">F\u00e1cil limpieza<\/span><\/li>\n<\/ul>\n","protected":false},"featured_media":20580,"template":"","meta":{"spay_email":""},"yoast_head":"<!-- This site is optimized with the Yoast SEO plugin v15.9 - https:\/\/yoast.com\/wordpress\/plugins\/seo\/ -->\n<title>Vitrina expositora GN 1\/1 Araven - Comercial de Hosteleria Anma<\/title>\n<meta name=\"description\" content=\"Vitrina expositora GN 1\/1 | Araven | 530x325x82cm | La Expovitrina dise\u00f1ada para alimentos de mayor volumen con campana transparente.\" \/>\n<meta name=\"robots\" content=\"index, follow, max-snippet:-1, max-image-preview:large, max-video-preview:-1\" \/>\n<link rel=\"canonical\" href=\"https:\/\/www.comercialanma.es\/?product=expovitrina-gn-1-1\" \/>\n<meta property=\"og:locale\" content=\"es_ES\" \/>\n<meta property=\"og:type\" content=\"article\" \/>\n<meta property=\"og:title\" content=\"Vitrina expositora GN 1\/1 Araven - Comercial de Hosteleria Anma\" \/>\n<meta property=\"og:description\" content=\"Vitrina expositora GN 1\/1 | Araven | 530x325x82cm | La Expovitrina dise\u00f1ada para alimentos de mayor volumen con campana transparente.\" \/>\n<meta property=\"og:url\" content=\"https:\/\/www.comercialanma.es\/?product=expovitrina-gn-1-1\" \/>\n<meta property=\"og:site_name\" content=\"Comercial de Hosteleria Anma\" \/>\n<meta property=\"article:publisher\" content=\"https:\/\/www.facebook.com\/AnmaHosteleria\" \/>\n<meta property=\"article:modified_time\" content=\"2021-12-31T10:19:40+00:00\" \/>\n<meta property=\"og:image\" content=\"https:\/\/i0.wp.com\/www.comercialanma.es\/wp-content\/uploads\/2021\/12\/expovitrina-gn-1-1.jpg?fit=1080%2C1080&#038;ssl=1\" \/>\n\t<meta property=\"og:image:width\" content=\"1080\" \/>\n\t<meta property=\"og:image:height\" content=\"1080\" \/>\n<meta name=\"twitter:card\" content=\"summary_large_image\" \/>\n<meta name=\"twitter:label1\" content=\"Tiempo de lectura\">\n\t<meta name=\"twitter:data1\" content=\"1 minuto\">\n<script type=\"application\/ld+json\" class=\"yoast-schema-graph\">{\"@context\":\"https:\/\/schema.org\",\"@graph\":[{\"@type\":\"Organization\",\"@id\":\"https:\/\/www.comercialanma.es\/#organization\",\"name\":\"Comercial Anma\",\"url\":\"https:\/\/www.comercialanma.es\/\",\"sameAs\":[\"https:\/\/www.facebook.com\/AnmaHosteleria\",\"https:\/\/www.instagram.com\/anmahosteleria\/?hl=es\",\"https:\/\/www.youtube.com\/channel\/UCT2nmn08Ntks0hmpZPnDgCA\"],\"logo\":{\"@type\":\"ImageObject\",\"@id\":\"https:\/\/www.comercialanma.es\/#logo\",\"inLanguage\":\"es\",\"url\":\"https:\/\/i2.wp.com\/www.comercialanma.es\/wp-content\/uploads\/2019\/06\/logo-anma-color.png?fit=247%2C101&ssl=1\",\"width\":247,\"height\":101,\"caption\":\"Comercial Anma\"},\"image\":{\"@id\":\"https:\/\/www.comercialanma.es\/#logo\"}},{\"@type\":\"WebSite\",\"@id\":\"https:\/\/www.comercialanma.es\/#website\",\"url\":\"https:\/\/www.comercialanma.es\/\",\"name\":\"Comercial de Hosteleria Anma\",\"description\":\"\",\"publisher\":{\"@id\":\"https:\/\/www.comercialanma.es\/#organization\"},\"potentialAction\":[{\"@type\":\"SearchAction\",\"target\":\"https:\/\/www.comercialanma.es\/?s={search_term_string}\",\"query-input\":\"required name=search_term_string\"}],\"inLanguage\":\"es\"},{\"@type\":\"ImageObject\",\"@id\":\"https:\/\/www.comercialanma.es\/?product=expovitrina-gn-1-1#primaryimage\",\"inLanguage\":\"es\",\"url\":\"https:\/\/i0.wp.com\/www.comercialanma.es\/wp-content\/uploads\/2021\/12\/expovitrina-gn-1-1.jpg?fit=1080%2C1080&ssl=1\",\"width\":1080,\"height\":1080},{\"@type\":\"WebPage\",\"@id\":\"https:\/\/www.comercialanma.es\/?product=expovitrina-gn-1-1#webpage\",\"url\":\"https:\/\/www.comercialanma.es\/?product=expovitrina-gn-1-1\",\"name\":\"Vitrina expositora GN 1\/1 Araven - Comercial de Hosteleria Anma\",\"isPartOf\":{\"@id\":\"https:\/\/www.comercialanma.es\/#website\"},\"primaryImageOfPage\":{\"@id\":\"https:\/\/www.comercialanma.es\/?product=expovitrina-gn-1-1#primaryimage\"},\"datePublished\":\"2021-12-31T09:32:55+00:00\",\"dateModified\":\"2021-12-31T10:19:40+00:00\",\"description\":\"Vitrina expositora GN 1\/1 | Araven | 530x325x82cm | La Expovitrina dise\\u00f1ada para alimentos de mayor volumen con campana transparente.\",\"breadcrumb\":{\"@id\":\"https:\/\/www.comercialanma.es\/?product=expovitrina-gn-1-1#breadcrumb\"},\"inLanguage\":\"es\",\"potentialAction\":[{\"@type\":\"ReadAction\",\"target\":[\"https:\/\/www.comercialanma.es\/?product=expovitrina-gn-1-1\"]}]},{\"@type\":\"BreadcrumbList\",\"@id\":\"https:\/\/www.comercialanma.es\/?product=expovitrina-gn-1-1#breadcrumb\",\"itemListElement\":[{\"@type\":\"ListItem\",\"position\":1,\"item\":{\"@type\":\"WebPage\",\"@id\":\"https:\/\/www.comercialanma.es\/\",\"url\":\"https:\/\/www.comercialanma.es\/\",\"name\":\"Portada\"}},{\"@type\":\"ListItem\",\"position\":2,\"item\":{\"@type\":\"WebPage\",\"@id\":\"https:\/\/www.comercialanma.es\/?page_id=3963\",\"url\":\"https:\/\/www.comercialanma.es\/?page_id=3963\",\"name\":\"Cat\\u00e1logo de Productos\"}},{\"@type\":\"ListItem\",\"position\":3,\"item\":{\"@type\":\"WebPage\",\"@id\":\"https:\/\/www.comercialanma.es\/?product=expovitrina-gn-1-1\",\"url\":\"https:\/\/www.comercialanma.es\/?product=expovitrina-gn-1-1\",\"name\":\"Vitrina expositora GN 1\/1 Araven\"}}]}]}<\/script>\n<!-- \/ Yoast SEO plugin. -->","_links":{"self":[{"href":"https:\/\/www.comercialanma.es\/index.php?rest_route=\/wp\/v2\/product\/20574"}],"collection":[{"href":"https:\/\/www.comercialanma.es\/index.php?rest_route=\/wp\/v2\/product"}],"about":[{"href":"https:\/\/www.comercialanma.es\/index.php?rest_route=\/wp\/v2\/types\/product"}],"version-history":[{"count":3,"href":"https:\/\/www.comercialanma.es\/index.php?rest_route=\/wp\/v2\/product\/20574\/revisions"}],"predecessor-version":[{"id":20581,"href":"https:\/\/www.comercialanma.es\/index.php?rest_route=\/wp\/v2\/product\/20574\/revisions\/20581"}],"wp:featuredmedia":[{"embeddable":true,"href":"https:\/\/www.comercialanma.es\/index.php?rest_route=\/wp\/v2\/media\/20580"}],"wp:attachment":[{"href":"https:\/\/www.comercialanma.es\/index.php?rest_route=%2Fwp%2Fv2%2Fmedia&parent=20574"}],"curies":[{"name":"wp","href":"https:\/\/api.w.org\/{rel}","templated":true}]}}