
{"id":20671,"date":"2022-01-03T17:08:42","date_gmt":"2022-01-03T16:08:42","guid":{"rendered":"https:\/\/www.comercialanma.es\/?post_type=product&#038;p=20671"},"modified":"2022-01-03T17:24:03","modified_gmt":"2022-01-03T16:24:03","slug":"maquina-de-vacio-profesional-inox-130w","status":"publish","type":"product","link":"https:\/\/www.comercialanma.es\/?product=maquina-de-vacio-profesional-inox-130w","title":{"rendered":"M\u00e1quina de vac\u00edo profesional Inox. 130w."},"content":{"rendered":"<p class=\"a-spacing-base\">Esta m\u00e1quina de vac\u00edo de campana est\u00e1 dise\u00f1ada para uso semiprofesional. Cuenta con una doble bomba de succi\u00f3n de aire. Extrae tanto el aire como la humedad, manteniendo todos los sabores y nutrientes de los alimentos. De esta manera, consigue un sellado herm\u00e9tico aumentando de 3 a 5 veces m\u00e1s tiempo su durabilidad (contiene tambi\u00e9n un tubo para funci\u00f3n c\u00e1nister). Incorpora una cuchilla de corte para las bolsas. Tiene una ventana transparente de visualizaci\u00f3n en la tapa, la cual es totalmente extra\u00edble para su limpieza. Adem\u00e1s, el panel frontal y la botonera est\u00e1n a prueba de agua.<\/p>\n","protected":false},"excerpt":{"rendered":"<ul class=\"a-unordered-list a-vertical a-spacing-mini\">\n<li><span class=\"a-list-item\">M\u00e1quina de vac\u00edo profesional fabricado en acero inoxidable con doble bomba de succi\u00f3n de aire<\/span><\/li>\n<li><span class=\"a-list-item\">Incorpora cuchilla de corte para bolsas y un tubo para funci\u00f3n canister<\/span><\/li>\n<li><span class=\"a-list-item\">Barra de sellado de 32 cm y ventana transparente de visualizaci\u00f3n en tapa<\/span><\/li>\n<li><span class=\"a-list-item\">Panel frontal y botonera a prueba de agua<\/span><\/li>\n<li><span class=\"a-list-item\">Tapa y bandeja para la recogida de l\u00edquidos son extra\u00edbles y aptas para el lavavajillas<\/span><\/li>\n<\/ul>\n","protected":false},"featured_media":20673,"template":"","meta":{"spay_email":""},"yoast_head":"<!-- This site is optimized with the Yoast SEO plugin v15.9 - https:\/\/yoast.com\/wordpress\/plugins\/seo\/ -->\n<title>M\u00e1quina de vac\u00edo profesional Inox. 130w. - Comercial de Hosteleria Anma<\/title>\n<meta name=\"description\" content=\"M\u00e1quina de vac\u00edo profesional | Acero Inox. | 130w. | Lacor | Consigue un sellado herm\u00e9tico aumentando de 3-5 veces m\u00e1s tiempo su durabilidad.\" \/>\n<meta name=\"robots\" content=\"index, follow, max-snippet:-1, max-image-preview:large, max-video-preview:-1\" \/>\n<link rel=\"canonical\" href=\"https:\/\/www.comercialanma.es\/?product=maquina-de-vacio-profesional-inox-130w\" \/>\n<meta property=\"og:locale\" content=\"es_ES\" \/>\n<meta property=\"og:type\" content=\"article\" \/>\n<meta property=\"og:title\" content=\"M\u00e1quina de vac\u00edo profesional Inox. 130w. - Comercial de Hosteleria Anma\" \/>\n<meta property=\"og:description\" content=\"M\u00e1quina de vac\u00edo profesional | Acero Inox. | 130w. | Lacor | Consigue un sellado herm\u00e9tico aumentando de 3-5 veces m\u00e1s tiempo su durabilidad.\" \/>\n<meta property=\"og:url\" content=\"https:\/\/www.comercialanma.es\/?product=maquina-de-vacio-profesional-inox-130w\" \/>\n<meta property=\"og:site_name\" content=\"Comercial de Hosteleria Anma\" \/>\n<meta property=\"article:publisher\" content=\"https:\/\/www.facebook.com\/AnmaHosteleria\" \/>\n<meta property=\"article:modified_time\" content=\"2022-01-03T16:24:03+00:00\" \/>\n<meta property=\"og:image\" content=\"https:\/\/i1.wp.com\/www.comercialanma.es\/wp-content\/uploads\/2022\/01\/maquina-de-vacio-profesional-lacor-130w.jpg?fit=1080%2C1080&#038;ssl=1\" \/>\n\t<meta property=\"og:image:width\" content=\"1080\" \/>\n\t<meta property=\"og:image:height\" content=\"1080\" \/>\n<meta name=\"twitter:card\" content=\"summary_large_image\" \/>\n<meta name=\"twitter:label1\" content=\"Tiempo de lectura\">\n\t<meta name=\"twitter:data1\" content=\"1 minuto\">\n<script type=\"application\/ld+json\" class=\"yoast-schema-graph\">{\"@context\":\"https:\/\/schema.org\",\"@graph\":[{\"@type\":\"Organization\",\"@id\":\"https:\/\/www.comercialanma.es\/#organization\",\"name\":\"Comercial Anma\",\"url\":\"https:\/\/www.comercialanma.es\/\",\"sameAs\":[\"https:\/\/www.facebook.com\/AnmaHosteleria\",\"https:\/\/www.instagram.com\/anmahosteleria\/?hl=es\",\"https:\/\/www.youtube.com\/channel\/UCT2nmn08Ntks0hmpZPnDgCA\"],\"logo\":{\"@type\":\"ImageObject\",\"@id\":\"https:\/\/www.comercialanma.es\/#logo\",\"inLanguage\":\"es\",\"url\":\"https:\/\/i2.wp.com\/www.comercialanma.es\/wp-content\/uploads\/2019\/06\/logo-anma-color.png?fit=247%2C101&ssl=1\",\"width\":247,\"height\":101,\"caption\":\"Comercial Anma\"},\"image\":{\"@id\":\"https:\/\/www.comercialanma.es\/#logo\"}},{\"@type\":\"WebSite\",\"@id\":\"https:\/\/www.comercialanma.es\/#website\",\"url\":\"https:\/\/www.comercialanma.es\/\",\"name\":\"Comercial de Hosteleria Anma\",\"description\":\"\",\"publisher\":{\"@id\":\"https:\/\/www.comercialanma.es\/#organization\"},\"potentialAction\":[{\"@type\":\"SearchAction\",\"target\":\"https:\/\/www.comercialanma.es\/?s={search_term_string}\",\"query-input\":\"required name=search_term_string\"}],\"inLanguage\":\"es\"},{\"@type\":\"ImageObject\",\"@id\":\"https:\/\/www.comercialanma.es\/?product=maquina-de-vacio-profesional-inox-130w#primaryimage\",\"inLanguage\":\"es\",\"url\":\"https:\/\/i1.wp.com\/www.comercialanma.es\/wp-content\/uploads\/2022\/01\/maquina-de-vacio-profesional-lacor-130w.jpg?fit=1080%2C1080&ssl=1\",\"width\":1080,\"height\":1080},{\"@type\":\"WebPage\",\"@id\":\"https:\/\/www.comercialanma.es\/?product=maquina-de-vacio-profesional-inox-130w#webpage\",\"url\":\"https:\/\/www.comercialanma.es\/?product=maquina-de-vacio-profesional-inox-130w\",\"name\":\"M\\u00e1quina de vac\\u00edo profesional Inox. 130w. - Comercial de Hosteleria Anma\",\"isPartOf\":{\"@id\":\"https:\/\/www.comercialanma.es\/#website\"},\"primaryImageOfPage\":{\"@id\":\"https:\/\/www.comercialanma.es\/?product=maquina-de-vacio-profesional-inox-130w#primaryimage\"},\"datePublished\":\"2022-01-03T16:08:42+00:00\",\"dateModified\":\"2022-01-03T16:24:03+00:00\",\"description\":\"M\\u00e1quina de vac\\u00edo profesional | Acero Inox. | 130w. | Lacor | Consigue un sellado herm\\u00e9tico aumentando de 3-5 veces m\\u00e1s tiempo su durabilidad.\",\"breadcrumb\":{\"@id\":\"https:\/\/www.comercialanma.es\/?product=maquina-de-vacio-profesional-inox-130w#breadcrumb\"},\"inLanguage\":\"es\",\"potentialAction\":[{\"@type\":\"ReadAction\",\"target\":[\"https:\/\/www.comercialanma.es\/?product=maquina-de-vacio-profesional-inox-130w\"]}]},{\"@type\":\"BreadcrumbList\",\"@id\":\"https:\/\/www.comercialanma.es\/?product=maquina-de-vacio-profesional-inox-130w#breadcrumb\",\"itemListElement\":[{\"@type\":\"ListItem\",\"position\":1,\"item\":{\"@type\":\"WebPage\",\"@id\":\"https:\/\/www.comercialanma.es\/\",\"url\":\"https:\/\/www.comercialanma.es\/\",\"name\":\"Portada\"}},{\"@type\":\"ListItem\",\"position\":2,\"item\":{\"@type\":\"WebPage\",\"@id\":\"https:\/\/www.comercialanma.es\/?page_id=3963\",\"url\":\"https:\/\/www.comercialanma.es\/?page_id=3963\",\"name\":\"Cat\\u00e1logo de Productos\"}},{\"@type\":\"ListItem\",\"position\":3,\"item\":{\"@type\":\"WebPage\",\"@id\":\"https:\/\/www.comercialanma.es\/?product=maquina-de-vacio-profesional-inox-130w\",\"url\":\"https:\/\/www.comercialanma.es\/?product=maquina-de-vacio-profesional-inox-130w\",\"name\":\"M\\u00e1quina de vac\\u00edo profesional Inox. 130w.\"}}]}]}<\/script>\n<!-- \/ Yoast SEO plugin. -->","_links":{"self":[{"href":"https:\/\/www.comercialanma.es\/index.php?rest_route=\/wp\/v2\/product\/20671"}],"collection":[{"href":"https:\/\/www.comercialanma.es\/index.php?rest_route=\/wp\/v2\/product"}],"about":[{"href":"https:\/\/www.comercialanma.es\/index.php?rest_route=\/wp\/v2\/types\/product"}],"version-history":[{"count":2,"href":"https:\/\/www.comercialanma.es\/index.php?rest_route=\/wp\/v2\/product\/20671\/revisions"}],"predecessor-version":[{"id":20675,"href":"https:\/\/www.comercialanma.es\/index.php?rest_route=\/wp\/v2\/product\/20671\/revisions\/20675"}],"wp:featuredmedia":[{"embeddable":true,"href":"https:\/\/www.comercialanma.es\/index.php?rest_route=\/wp\/v2\/media\/20673"}],"wp:attachment":[{"href":"https:\/\/www.comercialanma.es\/index.php?rest_route=%2Fwp%2Fv2%2Fmedia&parent=20671"}],"curies":[{"name":"wp","href":"https:\/\/api.w.org\/{rel}","templated":true}]}}

Máquina de vacío profesional Inox. 130w.

<p class="a-spacing-base">Esta máquina de vacío de campana está diseñada para uso semiprofesional. Cuenta con una doble bomba de succión de aire. Extrae tanto el aire como la humedad, manteniendo todos los sabores y nutrientes de los alimentos. De esta manera, consigue un sellado hermético aumentando de 3 a 5 veces más tiempo su durabilidad (contiene también un tubo para función cánister). Incorpora una cuchilla de corte para las bolsas. Tiene una ventana transparente de visualización en la tapa, la cual es totalmente extraíble para su limpieza. Además, el panel frontal y la botonera están a prueba de agua.</p>

<ul class="a-unordered-list a-vertical a-spacing-mini">
<li><span class="a-list-item">Máquina de vacío profesional fabricado en acero inoxidable con doble bomba de succión de aire</span></li>
<li><span class="a-list-item">Incorpora cuchilla de corte para bolsas y un tubo para función canister</span></li>
<li><span class="a-list-item">Barra de sellado de 32 cm y ventana transparente de visualización en tapa</span></li>
<li><span class="a-list-item">Panel frontal y botonera a prueba de agua</span></li>
<li><span class="a-list-item">Tapa y bandeja para la recogida de líquidos son extraíbles y aptas para el lavavajillas</span></li>
</ul>

<!-- This site is optimized with the Yoast SEO plugin v15.9 - https://yoast.com/wordpress/plugins/seo/ -->
<title>Máquina de vacío profesional Inox. 130w. - Comercial de Hosteleria Anma</title>
<meta name="description" content="Máquina de vacío profesional | Acero Inox. | 130w. | Lacor | Consigue un sellado hermético aumentando de 3-5 veces más tiempo su durabilidad." />
<meta name="robots" content="index, follow, max-snippet:-1, max-image-preview:large, max-video-preview:-1" />
<link rel="canonical" href="https://www.comercialanma.es/?product=maquina-de-vacio-profesional-inox-130w" />
<meta property="og:locale" content="es_ES" />
<meta property="og:type" content="article" />
<meta property="og:title" content="Máquina de vacío profesional Inox. 130w. - Comercial de Hosteleria Anma" />
<meta property="og:description" content="Máquina de vacío profesional | Acero Inox. | 130w. | Lacor | Consigue un sellado hermético aumentando de 3-5 veces más tiempo su durabilidad." />
<meta property="og:url" content="https://www.comercialanma.es/?product=maquina-de-vacio-profesional-inox-130w" />
<meta property="og:site_name" content="Comercial de Hosteleria Anma" />
<meta property="article:publisher" content="https://www.facebook.com/AnmaHosteleria" />
<meta property="article:modified_time" content="2022-01-03T16:24:03+00:00" />
<meta property="og:image" content="https://i1.wp.com/www.comercialanma.es/wp-content/uploads/2022/01/maquina-de-vacio-profesional-lacor-130w.jpg?fit=1080%2C1080&#038;ssl=1" />
	<meta property="og:image:width" content="1080" />
	<meta property="og:image:height" content="1080" />
<meta name="twitter:card" content="summary_large_image" />
<meta name="twitter:label1" content="Tiempo de lectura">
	<meta name="twitter:data1" content="1 minuto">
<script type="application/ld+json" class="yoast-schema-graph">{"@context":"https://schema.org","@graph":[{"@type":"Organization","@id":"https://www.comercialanma.es/#organization","name":"Comercial Anma","url":"https://www.comercialanma.es/","sameAs":["https://www.facebook.com/AnmaHosteleria","https://www.instagram.com/anmahosteleria/?hl=es","https://www.youtube.com/channel/UCT2nmn08Ntks0hmpZPnDgCA"],"logo":{"@type":"ImageObject","@id":"https://www.comercialanma.es/#logo","inLanguage":"es","url":"https://i2.wp.com/www.comercialanma.es/wp-content/uploads/2019/06/logo-anma-color.png?fit=247%2C101&ssl=1","width":247,"height":101,"caption":"Comercial Anma"},"image":{"@id":"https://www.comercialanma.es/#logo"}},{"@type":"WebSite","@id":"https://www.comercialanma.es/#website","url":"https://www.comercialanma.es/","name":"Comercial de Hosteleria Anma","description":"","publisher":{"@id":"https://www.comercialanma.es/#organization"},"potentialAction":[{"@type":"SearchAction","target":"https://www.comercialanma.es/?s={search_term_string}","query-input":"required name=search_term_string"}],"inLanguage":"es"},{"@type":"ImageObject","@id":"https://www.comercialanma.es/?product=maquina-de-vacio-profesional-inox-130w#primaryimage","inLanguage":"es","url":"https://i1.wp.com/www.comercialanma.es/wp-content/uploads/2022/01/maquina-de-vacio-profesional-lacor-130w.jpg?fit=1080%2C1080&ssl=1","width":1080,"height":1080},{"@type":"WebPage","@id":"https://www.comercialanma.es/?product=maquina-de-vacio-profesional-inox-130w#webpage","url":"https://www.comercialanma.es/?product=maquina-de-vacio-profesional-inox-130w","name":"M\u00e1quina de vac\u00edo profesional Inox. 130w. - Comercial de Hosteleria Anma","isPartOf":{"@id":"https://www.comercialanma.es/#website"},"primaryImageOfPage":{"@id":"https://www.comercialanma.es/?product=maquina-de-vacio-profesional-inox-130w#primaryimage"},"datePublished":"2022-01-03T16:08:42+00:00","dateModified":"2022-01-03T16:24:03+00:00","description":"M\u00e1quina de vac\u00edo profesional | Acero Inox. | 130w. | Lacor | Consigue un sellado herm\u00e9tico aumentando de 3-5 veces m\u00e1s tiempo su durabilidad.","breadcrumb":{"@id":"https://www.comercialanma.es/?product=maquina-de-vacio-profesional-inox-130w#breadcrumb"},"inLanguage":"es","potentialAction":[{"@type":"ReadAction","target":["https://www.comercialanma.es/?product=maquina-de-vacio-profesional-inox-130w"]}]},{"@type":"BreadcrumbList","@id":"https://www.comercialanma.es/?product=maquina-de-vacio-profesional-inox-130w#breadcrumb","itemListElement":[{"@type":"ListItem","position":1,"item":{"@type":"WebPage","@id":"https://www.comercialanma.es/","url":"https://www.comercialanma.es/","name":"Portada"}},{"@type":"ListItem","position":2,"item":{"@type":"WebPage","@id":"https://www.comercialanma.es/?page_id=3963","url":"https://www.comercialanma.es/?page_id=3963","name":"Cat\u00e1logo de Productos"}},{"@type":"ListItem","position":3,"item":{"@type":"WebPage","@id":"https://www.comercialanma.es/?product=maquina-de-vacio-profesional-inox-130w","url":"https://www.comercialanma.es/?product=maquina-de-vacio-profesional-inox-130w","name":"M\u00e1quina de vac\u00edo profesional Inox. 130w."}}]}]}</script>
<!-- / Yoast SEO plugin. -->
