
{"id":20685,"date":"2022-01-03T17:52:06","date_gmt":"2022-01-03T16:52:06","guid":{"rendered":"https:\/\/www.comercialanma.es\/?post_type=product&#038;p=20685"},"modified":"2022-01-03T18:02:00","modified_gmt":"2022-01-03T17:02:00","slug":"exprimidor-de-citricos-lacor-40","status":"publish","type":"product","link":"https:\/\/www.comercialanma.es\/?product=exprimidor-de-citricos-lacor-40","title":{"rendered":"Exprimidor de c\u00edtricos 40w. Lacor"},"content":{"rendered":"<p>De uso dom\u00e9stico, el exprimidor Zitrus de Lacor dispone de 2 conos intercambiables de distintos tama\u00f1os para exprimir todo tipo de c\u00edtricos, de cualquier tama\u00f1o. Jarra de pl\u00e1stico graduada transparente de 0,75 litros de capacidad. Sistema on-off autom\u00e1tico: inicio autom\u00e1tico cuando detecta presi\u00f3n en el cono. Doble sentido de giro, para extraer m\u00e1s cantidad de zumo que los exprimidores normales. Incorpora un sistema para regular la cantidad de pulpa que pasa al zumo a su gusto. Pies antideslizantes y almacenaje de cable.<\/p>\n","protected":false},"excerpt":{"rendered":"<p>Fabricante: Lacor<\/p>\n<p>Fabricado: Polipropileno, Acrilonitrilo estireno (AS)<\/p>\n<p>Voltaje: 40<\/p>\n","protected":false},"featured_media":20686,"template":"","meta":{"spay_email":""},"yoast_head":"<!-- This site is optimized with the Yoast SEO plugin v15.9 - https:\/\/yoast.com\/wordpress\/plugins\/seo\/ -->\n<title>Exprimidor de c\u00edtricos 40w. Lacor - Comercial de Hosteleria Anma<\/title>\n<meta name=\"description\" content=\"Exprimidor de c\u00edtricos 40w. | Lacor | Dise\u00f1ado para uso dom\u00e9stico. Libre de bpa. Start-stop autom\u00e1tico presionando el cono\" \/>\n<meta name=\"robots\" content=\"index, follow, max-snippet:-1, max-image-preview:large, max-video-preview:-1\" \/>\n<link rel=\"canonical\" href=\"https:\/\/www.comercialanma.es\/?product=exprimidor-de-citricos-lacor-40\" \/>\n<meta property=\"og:locale\" content=\"es_ES\" \/>\n<meta property=\"og:type\" content=\"article\" \/>\n<meta property=\"og:title\" content=\"Exprimidor de c\u00edtricos 40w. Lacor - Comercial de Hosteleria Anma\" \/>\n<meta property=\"og:description\" content=\"Exprimidor de c\u00edtricos 40w. | Lacor | Dise\u00f1ado para uso dom\u00e9stico. Libre de bpa. Start-stop autom\u00e1tico presionando el cono\" \/>\n<meta property=\"og:url\" content=\"https:\/\/www.comercialanma.es\/?product=exprimidor-de-citricos-lacor-40\" \/>\n<meta property=\"og:site_name\" content=\"Comercial de Hosteleria Anma\" \/>\n<meta property=\"article:publisher\" content=\"https:\/\/www.facebook.com\/AnmaHosteleria\" \/>\n<meta property=\"article:modified_time\" content=\"2022-01-03T17:02:00+00:00\" \/>\n<meta property=\"og:image\" content=\"https:\/\/i2.wp.com\/www.comercialanma.es\/wp-content\/uploads\/2022\/01\/exprimidor-zumo-lacor-40w.jpg?fit=1080%2C1080&#038;ssl=1\" \/>\n\t<meta property=\"og:image:width\" content=\"1080\" \/>\n\t<meta property=\"og:image:height\" content=\"1080\" \/>\n<meta name=\"twitter:card\" content=\"summary_large_image\" \/>\n<script type=\"application\/ld+json\" class=\"yoast-schema-graph\">{\"@context\":\"https:\/\/schema.org\",\"@graph\":[{\"@type\":\"Organization\",\"@id\":\"https:\/\/www.comercialanma.es\/#organization\",\"name\":\"Comercial Anma\",\"url\":\"https:\/\/www.comercialanma.es\/\",\"sameAs\":[\"https:\/\/www.facebook.com\/AnmaHosteleria\",\"https:\/\/www.instagram.com\/anmahosteleria\/?hl=es\",\"https:\/\/www.youtube.com\/channel\/UCT2nmn08Ntks0hmpZPnDgCA\"],\"logo\":{\"@type\":\"ImageObject\",\"@id\":\"https:\/\/www.comercialanma.es\/#logo\",\"inLanguage\":\"es\",\"url\":\"https:\/\/i2.wp.com\/www.comercialanma.es\/wp-content\/uploads\/2019\/06\/logo-anma-color.png?fit=247%2C101&ssl=1\",\"width\":247,\"height\":101,\"caption\":\"Comercial Anma\"},\"image\":{\"@id\":\"https:\/\/www.comercialanma.es\/#logo\"}},{\"@type\":\"WebSite\",\"@id\":\"https:\/\/www.comercialanma.es\/#website\",\"url\":\"https:\/\/www.comercialanma.es\/\",\"name\":\"Comercial de Hosteleria Anma\",\"description\":\"\",\"publisher\":{\"@id\":\"https:\/\/www.comercialanma.es\/#organization\"},\"potentialAction\":[{\"@type\":\"SearchAction\",\"target\":\"https:\/\/www.comercialanma.es\/?s={search_term_string}\",\"query-input\":\"required name=search_term_string\"}],\"inLanguage\":\"es\"},{\"@type\":\"ImageObject\",\"@id\":\"https:\/\/www.comercialanma.es\/?product=exprimidor-de-citricos-lacor-40#primaryimage\",\"inLanguage\":\"es\",\"url\":\"https:\/\/i2.wp.com\/www.comercialanma.es\/wp-content\/uploads\/2022\/01\/exprimidor-zumo-lacor-40w.jpg?fit=1080%2C1080&ssl=1\",\"width\":1080,\"height\":1080},{\"@type\":\"WebPage\",\"@id\":\"https:\/\/www.comercialanma.es\/?product=exprimidor-de-citricos-lacor-40#webpage\",\"url\":\"https:\/\/www.comercialanma.es\/?product=exprimidor-de-citricos-lacor-40\",\"name\":\"Exprimidor de c\\u00edtricos 40w. Lacor - Comercial de Hosteleria Anma\",\"isPartOf\":{\"@id\":\"https:\/\/www.comercialanma.es\/#website\"},\"primaryImageOfPage\":{\"@id\":\"https:\/\/www.comercialanma.es\/?product=exprimidor-de-citricos-lacor-40#primaryimage\"},\"datePublished\":\"2022-01-03T16:52:06+00:00\",\"dateModified\":\"2022-01-03T17:02:00+00:00\",\"description\":\"Exprimidor de c\\u00edtricos 40w. | Lacor | Dise\\u00f1ado para uso dom\\u00e9stico. Libre de bpa. Start-stop autom\\u00e1tico presionando el cono\",\"breadcrumb\":{\"@id\":\"https:\/\/www.comercialanma.es\/?product=exprimidor-de-citricos-lacor-40#breadcrumb\"},\"inLanguage\":\"es\",\"potentialAction\":[{\"@type\":\"ReadAction\",\"target\":[\"https:\/\/www.comercialanma.es\/?product=exprimidor-de-citricos-lacor-40\"]}]},{\"@type\":\"BreadcrumbList\",\"@id\":\"https:\/\/www.comercialanma.es\/?product=exprimidor-de-citricos-lacor-40#breadcrumb\",\"itemListElement\":[{\"@type\":\"ListItem\",\"position\":1,\"item\":{\"@type\":\"WebPage\",\"@id\":\"https:\/\/www.comercialanma.es\/\",\"url\":\"https:\/\/www.comercialanma.es\/\",\"name\":\"Portada\"}},{\"@type\":\"ListItem\",\"position\":2,\"item\":{\"@type\":\"WebPage\",\"@id\":\"https:\/\/www.comercialanma.es\/?page_id=3963\",\"url\":\"https:\/\/www.comercialanma.es\/?page_id=3963\",\"name\":\"Cat\\u00e1logo de Productos\"}},{\"@type\":\"ListItem\",\"position\":3,\"item\":{\"@type\":\"WebPage\",\"@id\":\"https:\/\/www.comercialanma.es\/?product=exprimidor-de-citricos-lacor-40\",\"url\":\"https:\/\/www.comercialanma.es\/?product=exprimidor-de-citricos-lacor-40\",\"name\":\"Exprimidor de c\\u00edtricos 40w. Lacor\"}}]}]}<\/script>\n<!-- \/ Yoast SEO plugin. -->","_links":{"self":[{"href":"https:\/\/www.comercialanma.es\/index.php?rest_route=\/wp\/v2\/product\/20685"}],"collection":[{"href":"https:\/\/www.comercialanma.es\/index.php?rest_route=\/wp\/v2\/product"}],"about":[{"href":"https:\/\/www.comercialanma.es\/index.php?rest_route=\/wp\/v2\/types\/product"}],"version-history":[{"count":1,"href":"https:\/\/www.comercialanma.es\/index.php?rest_route=\/wp\/v2\/product\/20685\/revisions"}],"predecessor-version":[{"id":20689,"href":"https:\/\/www.comercialanma.es\/index.php?rest_route=\/wp\/v2\/product\/20685\/revisions\/20689"}],"wp:featuredmedia":[{"embeddable":true,"href":"https:\/\/www.comercialanma.es\/index.php?rest_route=\/wp\/v2\/media\/20686"}],"wp:attachment":[{"href":"https:\/\/www.comercialanma.es\/index.php?rest_route=%2Fwp%2Fv2%2Fmedia&parent=20685"}],"curies":[{"name":"wp","href":"https:\/\/api.w.org\/{rel}","templated":true}]}}