
{"id":20709,"date":"2022-01-05T11:36:32","date_gmt":"2022-01-05T10:36:32","guid":{"rendered":"https:\/\/www.comercialanma.es\/?post_type=product&#038;p=20709"},"modified":"2022-01-05T11:53:52","modified_gmt":"2022-01-05T10:53:52","slug":"papel-antigrasa-betik","status":"publish","type":"product","link":"https:\/\/www.comercialanma.es\/?product=papel-antigrasa-betik","title":{"rendered":"Papel antigrasa peri\u00f3dico 1000u. 20x25cm."},"content":{"rendered":"<p>Ideal para servir, envolver y presentar, s\u00e1ndwiches, hamburguesas, fritos y dem\u00e1s. Papel antigrasa apto para estar en contacto directo con los alimentos. Perfecto para colocar debajo de todo tipo de alimentos como s\u00e1ndwiches, pizzas, bocadillos, patatas fritas, churros o aperitivos. \u00a1Tienes que ser original y dar un toque distinguido a tus servicios! Al fin y al cabo, la diferencia con la competencia est\u00e1 en los detalles.<\/p>\n","protected":false},"excerpt":{"rendered":"<ul>\n<li>Fabricante: Betik<\/li>\n<li>Papel antigrasa peri\u00f3dico<\/li>\n<li>Medida 20x25cm.<\/li>\n<li>Unidades: 1000<\/li>\n<\/ul>\n","protected":false},"featured_media":20710,"template":"","meta":{"spay_email":""},"yoast_head":"<!-- This site is optimized with the Yoast SEO plugin v15.9 - https:\/\/yoast.com\/wordpress\/plugins\/seo\/ -->\n<title>Papel antigrasa peri\u00f3dico 1000u. 20x25cm. - Comercial de Hosteleria Anma<\/title>\n<meta name=\"description\" content=\"Papel antigrasa peri\u00f3dico | Betik | 1000u. | 20x25cm.| Papel antigrasa apto para estar en contacto directo con los alimentos.\" \/>\n<meta name=\"robots\" content=\"index, follow, max-snippet:-1, max-image-preview:large, max-video-preview:-1\" \/>\n<link rel=\"canonical\" href=\"https:\/\/www.comercialanma.es\/?product=papel-antigrasa-betik\" \/>\n<meta property=\"og:locale\" content=\"es_ES\" \/>\n<meta property=\"og:type\" content=\"article\" \/>\n<meta property=\"og:title\" content=\"Papel antigrasa peri\u00f3dico 1000u. 20x25cm. - Comercial de Hosteleria Anma\" \/>\n<meta property=\"og:description\" content=\"Papel antigrasa peri\u00f3dico | Betik | 1000u. | 20x25cm.| Papel antigrasa apto para estar en contacto directo con los alimentos.\" \/>\n<meta property=\"og:url\" content=\"https:\/\/www.comercialanma.es\/?product=papel-antigrasa-betik\" \/>\n<meta property=\"og:site_name\" content=\"Comercial de Hosteleria Anma\" \/>\n<meta property=\"article:publisher\" content=\"https:\/\/www.facebook.com\/AnmaHosteleria\" \/>\n<meta property=\"article:modified_time\" content=\"2022-01-05T10:53:52+00:00\" \/>\n<meta property=\"og:image\" content=\"https:\/\/i1.wp.com\/www.comercialanma.es\/wp-content\/uploads\/2022\/01\/periodico-antigrasa-1000u.jpg?fit=1080%2C1080&#038;ssl=1\" \/>\n\t<meta property=\"og:image:width\" content=\"1080\" \/>\n\t<meta property=\"og:image:height\" content=\"1080\" \/>\n<meta name=\"twitter:card\" content=\"summary_large_image\" \/>\n<meta name=\"twitter:label1\" content=\"Tiempo de lectura\">\n\t<meta name=\"twitter:data1\" content=\"1 minuto\">\n<script type=\"application\/ld+json\" class=\"yoast-schema-graph\">{\"@context\":\"https:\/\/schema.org\",\"@graph\":[{\"@type\":\"Organization\",\"@id\":\"https:\/\/www.comercialanma.es\/#organization\",\"name\":\"Comercial Anma\",\"url\":\"https:\/\/www.comercialanma.es\/\",\"sameAs\":[\"https:\/\/www.facebook.com\/AnmaHosteleria\",\"https:\/\/www.instagram.com\/anmahosteleria\/?hl=es\",\"https:\/\/www.youtube.com\/channel\/UCT2nmn08Ntks0hmpZPnDgCA\"],\"logo\":{\"@type\":\"ImageObject\",\"@id\":\"https:\/\/www.comercialanma.es\/#logo\",\"inLanguage\":\"es\",\"url\":\"https:\/\/i2.wp.com\/www.comercialanma.es\/wp-content\/uploads\/2019\/06\/logo-anma-color.png?fit=247%2C101&ssl=1\",\"width\":247,\"height\":101,\"caption\":\"Comercial Anma\"},\"image\":{\"@id\":\"https:\/\/www.comercialanma.es\/#logo\"}},{\"@type\":\"WebSite\",\"@id\":\"https:\/\/www.comercialanma.es\/#website\",\"url\":\"https:\/\/www.comercialanma.es\/\",\"name\":\"Comercial de Hosteleria Anma\",\"description\":\"\",\"publisher\":{\"@id\":\"https:\/\/www.comercialanma.es\/#organization\"},\"potentialAction\":[{\"@type\":\"SearchAction\",\"target\":\"https:\/\/www.comercialanma.es\/?s={search_term_string}\",\"query-input\":\"required name=search_term_string\"}],\"inLanguage\":\"es\"},{\"@type\":\"ImageObject\",\"@id\":\"https:\/\/www.comercialanma.es\/?product=papel-antigrasa-betik#primaryimage\",\"inLanguage\":\"es\",\"url\":\"https:\/\/i1.wp.com\/www.comercialanma.es\/wp-content\/uploads\/2022\/01\/periodico-antigrasa-1000u.jpg?fit=1080%2C1080&ssl=1\",\"width\":1080,\"height\":1080},{\"@type\":\"WebPage\",\"@id\":\"https:\/\/www.comercialanma.es\/?product=papel-antigrasa-betik#webpage\",\"url\":\"https:\/\/www.comercialanma.es\/?product=papel-antigrasa-betik\",\"name\":\"Papel antigrasa peri\\u00f3dico 1000u. 20x25cm. - Comercial de Hosteleria Anma\",\"isPartOf\":{\"@id\":\"https:\/\/www.comercialanma.es\/#website\"},\"primaryImageOfPage\":{\"@id\":\"https:\/\/www.comercialanma.es\/?product=papel-antigrasa-betik#primaryimage\"},\"datePublished\":\"2022-01-05T10:36:32+00:00\",\"dateModified\":\"2022-01-05T10:53:52+00:00\",\"description\":\"Papel antigrasa peri\\u00f3dico | Betik | 1000u. | 20x25cm.| Papel antigrasa apto para estar en contacto directo con los alimentos.\",\"breadcrumb\":{\"@id\":\"https:\/\/www.comercialanma.es\/?product=papel-antigrasa-betik#breadcrumb\"},\"inLanguage\":\"es\",\"potentialAction\":[{\"@type\":\"ReadAction\",\"target\":[\"https:\/\/www.comercialanma.es\/?product=papel-antigrasa-betik\"]}]},{\"@type\":\"BreadcrumbList\",\"@id\":\"https:\/\/www.comercialanma.es\/?product=papel-antigrasa-betik#breadcrumb\",\"itemListElement\":[{\"@type\":\"ListItem\",\"position\":1,\"item\":{\"@type\":\"WebPage\",\"@id\":\"https:\/\/www.comercialanma.es\/\",\"url\":\"https:\/\/www.comercialanma.es\/\",\"name\":\"Portada\"}},{\"@type\":\"ListItem\",\"position\":2,\"item\":{\"@type\":\"WebPage\",\"@id\":\"https:\/\/www.comercialanma.es\/?page_id=3963\",\"url\":\"https:\/\/www.comercialanma.es\/?page_id=3963\",\"name\":\"Cat\\u00e1logo de Productos\"}},{\"@type\":\"ListItem\",\"position\":3,\"item\":{\"@type\":\"WebPage\",\"@id\":\"https:\/\/www.comercialanma.es\/?product=papel-antigrasa-betik\",\"url\":\"https:\/\/www.comercialanma.es\/?product=papel-antigrasa-betik\",\"name\":\"Papel antigrasa peri\\u00f3dico 1000u. 20x25cm.\"}}]}]}<\/script>\n<!-- \/ Yoast SEO plugin. -->","_links":{"self":[{"href":"https:\/\/www.comercialanma.es\/index.php?rest_route=\/wp\/v2\/product\/20709"}],"collection":[{"href":"https:\/\/www.comercialanma.es\/index.php?rest_route=\/wp\/v2\/product"}],"about":[{"href":"https:\/\/www.comercialanma.es\/index.php?rest_route=\/wp\/v2\/types\/product"}],"version-history":[{"count":1,"href":"https:\/\/www.comercialanma.es\/index.php?rest_route=\/wp\/v2\/product\/20709\/revisions"}],"predecessor-version":[{"id":20711,"href":"https:\/\/www.comercialanma.es\/index.php?rest_route=\/wp\/v2\/product\/20709\/revisions\/20711"}],"wp:featuredmedia":[{"embeddable":true,"href":"https:\/\/www.comercialanma.es\/index.php?rest_route=\/wp\/v2\/media\/20710"}],"wp:attachment":[{"href":"https:\/\/www.comercialanma.es\/index.php?rest_route=%2Fwp%2Fv2%2Fmedia&parent=20709"}],"curies":[{"name":"wp","href":"https:\/\/api.w.org\/{rel}","templated":true}]}}