
{"id":20736,"date":"2022-01-07T09:17:41","date_gmt":"2022-01-07T08:17:41","guid":{"rendered":"https:\/\/www.comercialanma.es\/?post_type=product&#038;p=20736"},"modified":"2022-01-07T12:36:05","modified_gmt":"2022-01-07T11:36:05","slug":"porron-500","status":"publish","type":"product","link":"https:\/\/www.comercialanma.es\/?product=porron-500","title":{"rendered":"Porr\u00f3n 500cl."},"content":{"rendered":"<p>Porr\u00f3n de vidrio utensilio polivalente y en un tama\u00f1o muy c\u00f3modo que la hace perfecta para muchos usos. Con una amplia base que le aporta estabilidad,<br \/>\neste porr\u00f3n respeta la forma tradicional de este tipo de envases. Los porrones de son ideales para almacenar l\u00edquidos como el aceite o el vino.<br \/>\nSon muy resistentes, ecol\u00f3gicas, de 100% de vidrio reciclado y est\u00e1n muy relacionadas con muchas de las tradiciones t\u00edpicas de nuestro pa\u00eds: el aceite,<br \/>\nel vino, los licores caseros o el agua de manantial son algunos de los l\u00edquidos que se transportan.<\/p>\n","protected":false},"excerpt":{"rendered":"<ul class=\"a-unordered-list a-vertical a-spacing-mini\">\n<li><span class=\"a-list-item\">Porr\u00f3n vidrio reciclado<\/span><\/li>\n<li><span class=\"a-list-item\">Capacidad: 500cl.<\/span><\/li>\n<li><span class=\"a-list-item\">Con tap\u00f3n de corcho<\/span><\/li>\n<\/ul>\n","protected":false},"featured_media":20737,"template":"","meta":{"spay_email":""},"yoast_head":"<!-- This site is optimized with the Yoast SEO plugin v15.9 - https:\/\/yoast.com\/wordpress\/plugins\/seo\/ -->\n<title>Porr\u00f3n 500cl. - Comercial de Hosteleria Anma<\/title>\n<meta name=\"description\" content=\"Porr\u00f3n | 500cl. | De vidrio utensilio polivalente y en un tama\u00f1o muy c\u00f3modo que la hace perfecta para muchos usos.\" \/>\n<meta name=\"robots\" content=\"index, follow, max-snippet:-1, max-image-preview:large, max-video-preview:-1\" \/>\n<link rel=\"canonical\" href=\"https:\/\/www.comercialanma.es\/?product=porron-500\" \/>\n<meta property=\"og:locale\" content=\"es_ES\" \/>\n<meta property=\"og:type\" content=\"article\" \/>\n<meta property=\"og:title\" content=\"Porr\u00f3n 500cl. - Comercial de Hosteleria Anma\" \/>\n<meta property=\"og:description\" content=\"Porr\u00f3n | 500cl. | De vidrio utensilio polivalente y en un tama\u00f1o muy c\u00f3modo que la hace perfecta para muchos usos.\" \/>\n<meta property=\"og:url\" content=\"https:\/\/www.comercialanma.es\/?product=porron-500\" \/>\n<meta property=\"og:site_name\" content=\"Comercial de Hosteleria Anma\" \/>\n<meta property=\"article:publisher\" content=\"https:\/\/www.facebook.com\/AnmaHosteleria\" \/>\n<meta property=\"article:modified_time\" content=\"2022-01-07T11:36:05+00:00\" \/>\n<meta property=\"og:image\" content=\"https:\/\/i0.wp.com\/www.comercialanma.es\/wp-content\/uploads\/2022\/01\/porron-500-1L.jpg?fit=1080%2C1080&#038;ssl=1\" \/>\n\t<meta property=\"og:image:width\" content=\"1080\" \/>\n\t<meta property=\"og:image:height\" content=\"1080\" \/>\n<meta name=\"twitter:card\" content=\"summary_large_image\" \/>\n<meta name=\"twitter:label1\" content=\"Tiempo de lectura\">\n\t<meta name=\"twitter:data1\" content=\"1 minuto\">\n<script type=\"application\/ld+json\" class=\"yoast-schema-graph\">{\"@context\":\"https:\/\/schema.org\",\"@graph\":[{\"@type\":\"Organization\",\"@id\":\"https:\/\/www.comercialanma.es\/#organization\",\"name\":\"Comercial Anma\",\"url\":\"https:\/\/www.comercialanma.es\/\",\"sameAs\":[\"https:\/\/www.facebook.com\/AnmaHosteleria\",\"https:\/\/www.instagram.com\/anmahosteleria\/?hl=es\",\"https:\/\/www.youtube.com\/channel\/UCT2nmn08Ntks0hmpZPnDgCA\"],\"logo\":{\"@type\":\"ImageObject\",\"@id\":\"https:\/\/www.comercialanma.es\/#logo\",\"inLanguage\":\"es\",\"url\":\"https:\/\/i2.wp.com\/www.comercialanma.es\/wp-content\/uploads\/2019\/06\/logo-anma-color.png?fit=247%2C101&ssl=1\",\"width\":247,\"height\":101,\"caption\":\"Comercial Anma\"},\"image\":{\"@id\":\"https:\/\/www.comercialanma.es\/#logo\"}},{\"@type\":\"WebSite\",\"@id\":\"https:\/\/www.comercialanma.es\/#website\",\"url\":\"https:\/\/www.comercialanma.es\/\",\"name\":\"Comercial de Hosteleria Anma\",\"description\":\"\",\"publisher\":{\"@id\":\"https:\/\/www.comercialanma.es\/#organization\"},\"potentialAction\":[{\"@type\":\"SearchAction\",\"target\":\"https:\/\/www.comercialanma.es\/?s={search_term_string}\",\"query-input\":\"required name=search_term_string\"}],\"inLanguage\":\"es\"},{\"@type\":\"ImageObject\",\"@id\":\"https:\/\/www.comercialanma.es\/?product=porron-500#primaryimage\",\"inLanguage\":\"es\",\"url\":\"https:\/\/i0.wp.com\/www.comercialanma.es\/wp-content\/uploads\/2022\/01\/porron-500-1L.jpg?fit=1080%2C1080&ssl=1\",\"width\":1080,\"height\":1080},{\"@type\":\"WebPage\",\"@id\":\"https:\/\/www.comercialanma.es\/?product=porron-500#webpage\",\"url\":\"https:\/\/www.comercialanma.es\/?product=porron-500\",\"name\":\"Porr\\u00f3n 500cl. - Comercial de Hosteleria Anma\",\"isPartOf\":{\"@id\":\"https:\/\/www.comercialanma.es\/#website\"},\"primaryImageOfPage\":{\"@id\":\"https:\/\/www.comercialanma.es\/?product=porron-500#primaryimage\"},\"datePublished\":\"2022-01-07T08:17:41+00:00\",\"dateModified\":\"2022-01-07T11:36:05+00:00\",\"description\":\"Porr\\u00f3n | 500cl. | De vidrio utensilio polivalente y en un tama\\u00f1o muy c\\u00f3modo que la hace perfecta para muchos usos.\",\"breadcrumb\":{\"@id\":\"https:\/\/www.comercialanma.es\/?product=porron-500#breadcrumb\"},\"inLanguage\":\"es\",\"potentialAction\":[{\"@type\":\"ReadAction\",\"target\":[\"https:\/\/www.comercialanma.es\/?product=porron-500\"]}]},{\"@type\":\"BreadcrumbList\",\"@id\":\"https:\/\/www.comercialanma.es\/?product=porron-500#breadcrumb\",\"itemListElement\":[{\"@type\":\"ListItem\",\"position\":1,\"item\":{\"@type\":\"WebPage\",\"@id\":\"https:\/\/www.comercialanma.es\/\",\"url\":\"https:\/\/www.comercialanma.es\/\",\"name\":\"Portada\"}},{\"@type\":\"ListItem\",\"position\":2,\"item\":{\"@type\":\"WebPage\",\"@id\":\"https:\/\/www.comercialanma.es\/?page_id=3963\",\"url\":\"https:\/\/www.comercialanma.es\/?page_id=3963\",\"name\":\"Cat\\u00e1logo de Productos\"}},{\"@type\":\"ListItem\",\"position\":3,\"item\":{\"@type\":\"WebPage\",\"@id\":\"https:\/\/www.comercialanma.es\/?product=porron-500\",\"url\":\"https:\/\/www.comercialanma.es\/?product=porron-500\",\"name\":\"Porr\\u00f3n 500cl.\"}}]}]}<\/script>\n<!-- \/ Yoast SEO plugin. -->","_links":{"self":[{"href":"https:\/\/www.comercialanma.es\/index.php?rest_route=\/wp\/v2\/product\/20736"}],"collection":[{"href":"https:\/\/www.comercialanma.es\/index.php?rest_route=\/wp\/v2\/product"}],"about":[{"href":"https:\/\/www.comercialanma.es\/index.php?rest_route=\/wp\/v2\/types\/product"}],"version-history":[{"count":2,"href":"https:\/\/www.comercialanma.es\/index.php?rest_route=\/wp\/v2\/product\/20736\/revisions"}],"predecessor-version":[{"id":20770,"href":"https:\/\/www.comercialanma.es\/index.php?rest_route=\/wp\/v2\/product\/20736\/revisions\/20770"}],"wp:featuredmedia":[{"embeddable":true,"href":"https:\/\/www.comercialanma.es\/index.php?rest_route=\/wp\/v2\/media\/20737"}],"wp:attachment":[{"href":"https:\/\/www.comercialanma.es\/index.php?rest_route=%2Fwp%2Fv2%2Fmedia&parent=20736"}],"curies":[{"name":"wp","href":"https:\/\/api.w.org\/{rel}","templated":true}]}}

Porrón 500cl.

<p>Porrón de vidrio utensilio polivalente y en un tamaño muy cómodo que la hace perfecta para muchos usos. Con una amplia base que le aporta estabilidad,<br />
este porrón respeta la forma tradicional de este tipo de envases. Los porrones de son ideales para almacenar líquidos como el aceite o el vino.<br />
Son muy resistentes, ecológicas, de 100% de vidrio reciclado y están muy relacionadas con muchas de las tradiciones típicas de nuestro país: el aceite,<br />
el vino, los licores caseros o el agua de manantial son algunos de los líquidos que se transportan.</p>

<ul class="a-unordered-list a-vertical a-spacing-mini">
<li><span class="a-list-item">Porrón vidrio reciclado</span></li>
<li><span class="a-list-item">Capacidad: 500cl.</span></li>
<li><span class="a-list-item">Con tapón de corcho</span></li>
</ul>

<!-- This site is optimized with the Yoast SEO plugin v15.9 - https://yoast.com/wordpress/plugins/seo/ -->
<title>Porrón 500cl. - Comercial de Hosteleria Anma</title>
<meta name="description" content="Porrón | 500cl. | De vidrio utensilio polivalente y en un tamaño muy cómodo que la hace perfecta para muchos usos." />
<meta name="robots" content="index, follow, max-snippet:-1, max-image-preview:large, max-video-preview:-1" />
<link rel="canonical" href="https://www.comercialanma.es/?product=porron-500" />
<meta property="og:locale" content="es_ES" />
<meta property="og:type" content="article" />
<meta property="og:title" content="Porrón 500cl. - Comercial de Hosteleria Anma" />
<meta property="og:description" content="Porrón | 500cl. | De vidrio utensilio polivalente y en un tamaño muy cómodo que la hace perfecta para muchos usos." />
<meta property="og:url" content="https://www.comercialanma.es/?product=porron-500" />
<meta property="og:site_name" content="Comercial de Hosteleria Anma" />
<meta property="article:publisher" content="https://www.facebook.com/AnmaHosteleria" />
<meta property="article:modified_time" content="2022-01-07T11:36:05+00:00" />
<meta property="og:image" content="https://i0.wp.com/www.comercialanma.es/wp-content/uploads/2022/01/porron-500-1L.jpg?fit=1080%2C1080&#038;ssl=1" />
	<meta property="og:image:width" content="1080" />
	<meta property="og:image:height" content="1080" />
<meta name="twitter:card" content="summary_large_image" />
<meta name="twitter:label1" content="Tiempo de lectura">
	<meta name="twitter:data1" content="1 minuto">
<script type="application/ld+json" class="yoast-schema-graph">{"@context":"https://schema.org","@graph":[{"@type":"Organization","@id":"https://www.comercialanma.es/#organization","name":"Comercial Anma","url":"https://www.comercialanma.es/","sameAs":["https://www.facebook.com/AnmaHosteleria","https://www.instagram.com/anmahosteleria/?hl=es","https://www.youtube.com/channel/UCT2nmn08Ntks0hmpZPnDgCA"],"logo":{"@type":"ImageObject","@id":"https://www.comercialanma.es/#logo","inLanguage":"es","url":"https://i2.wp.com/www.comercialanma.es/wp-content/uploads/2019/06/logo-anma-color.png?fit=247%2C101&ssl=1","width":247,"height":101,"caption":"Comercial Anma"},"image":{"@id":"https://www.comercialanma.es/#logo"}},{"@type":"WebSite","@id":"https://www.comercialanma.es/#website","url":"https://www.comercialanma.es/","name":"Comercial de Hosteleria Anma","description":"","publisher":{"@id":"https://www.comercialanma.es/#organization"},"potentialAction":[{"@type":"SearchAction","target":"https://www.comercialanma.es/?s={search_term_string}","query-input":"required name=search_term_string"}],"inLanguage":"es"},{"@type":"ImageObject","@id":"https://www.comercialanma.es/?product=porron-500#primaryimage","inLanguage":"es","url":"https://i0.wp.com/www.comercialanma.es/wp-content/uploads/2022/01/porron-500-1L.jpg?fit=1080%2C1080&ssl=1","width":1080,"height":1080},{"@type":"WebPage","@id":"https://www.comercialanma.es/?product=porron-500#webpage","url":"https://www.comercialanma.es/?product=porron-500","name":"Porr\u00f3n 500cl. - Comercial de Hosteleria Anma","isPartOf":{"@id":"https://www.comercialanma.es/#website"},"primaryImageOfPage":{"@id":"https://www.comercialanma.es/?product=porron-500#primaryimage"},"datePublished":"2022-01-07T08:17:41+00:00","dateModified":"2022-01-07T11:36:05+00:00","description":"Porr\u00f3n | 500cl. | De vidrio utensilio polivalente y en un tama\u00f1o muy c\u00f3modo que la hace perfecta para muchos usos.","breadcrumb":{"@id":"https://www.comercialanma.es/?product=porron-500#breadcrumb"},"inLanguage":"es","potentialAction":[{"@type":"ReadAction","target":["https://www.comercialanma.es/?product=porron-500"]}]},{"@type":"BreadcrumbList","@id":"https://www.comercialanma.es/?product=porron-500#breadcrumb","itemListElement":[{"@type":"ListItem","position":1,"item":{"@type":"WebPage","@id":"https://www.comercialanma.es/","url":"https://www.comercialanma.es/","name":"Portada"}},{"@type":"ListItem","position":2,"item":{"@type":"WebPage","@id":"https://www.comercialanma.es/?page_id=3963","url":"https://www.comercialanma.es/?page_id=3963","name":"Cat\u00e1logo de Productos"}},{"@type":"ListItem","position":3,"item":{"@type":"WebPage","@id":"https://www.comercialanma.es/?product=porron-500","url":"https://www.comercialanma.es/?product=porron-500","name":"Porr\u00f3n 500cl."}}]}]}</script>
<!-- / Yoast SEO plugin. -->
