
{"id":20963,"date":"2022-02-02T12:49:49","date_gmt":"2022-02-02T11:49:49","guid":{"rendered":"https:\/\/www.comercialanma.es\/?post_type=product&#038;p=20963"},"modified":"2022-02-02T15:39:38","modified_gmt":"2022-02-02T14:39:38","slug":"contenedor-hermetico-1-6","status":"publish","type":"product","link":"https:\/\/www.comercialanma.es\/?product=contenedor-hermetico-1-6","title":{"rendered":"Contenedor herm\u00e9tico GN 1\/6 1,1L. Araven"},"content":{"rendered":"<p>Los nuevos contenedores herm\u00e9ticos GastroNorm 1\/6 de de altura 65 mm y con una capacidad de 1,1 litros. te ayudan a conservar mejor y por m\u00e1s tiempo gracias al dise\u00f1o de su nueva tapa.<\/p>\n<p>Nuevo cierre m\u00e1s herm\u00e9tico. El nuevo dise\u00f1o del doble labio herm\u00e9tico de la tapa mejora la hermeticidad del recipiente y por tanto conservan mejor.<br \/>\nLa tapa va provista de un canal que permite extraer parcialmente el aire del interior del recipiente reduciendo la oxidaci\u00f3n del alimento y prolongando su vida \u00fatil hasta un 25%* (*Estudio realizado por el Grupo de Investigaci\u00f3n en Alimentos de Origen Vegetal de la Universidad de Zaragoza)<br \/>\nF\u00e1cil apertura. La tapa incorpora un tirador especial para facilitar la apertura del contenedor<br \/>\nAdem\u00e1s los nuevos herm\u00e9ticos GastroNorm de Araven incorporan nuevos colorclip para la gesti\u00f3n de los alimentos as\u00ed como mejoras en su etiqueta de trazabilidad IML.<\/p>\n","protected":false},"excerpt":{"rendered":"<ul>\n<li>Fabricante: Araven<\/li>\n<li>Medidas: 176x162x65<\/li>\n<li>Tapa herm\u00e9tica GN 1\/1<\/li>\n<li><span class=\"a-list-item\">F\u00e1cil limpieza<\/span><\/li>\n<\/ul>\n","protected":false},"featured_media":20964,"template":"","meta":{"spay_email":""},"yoast_head":"<!-- This site is optimized with the Yoast SEO plugin v15.9 - https:\/\/yoast.com\/wordpress\/plugins\/seo\/ -->\n<title>Contenedor herm\u00e9tico GN 1\/6 1,1L. Araven - Comercial de Hosteleria Anma<\/title>\n<meta name=\"description\" content=\"Contenedor herm\u00e9tico GN 1\/6 | Araven | 176x162x65cm | Te ayudan a conservar mejor y por m\u00e1s tiempo gracias al dise\u00f1o de su nueva tapa.\" \/>\n<meta name=\"robots\" content=\"index, follow, max-snippet:-1, max-image-preview:large, max-video-preview:-1\" \/>\n<link rel=\"canonical\" href=\"https:\/\/www.comercialanma.es\/?product=contenedor-hermetico-1-6\" \/>\n<meta property=\"og:locale\" content=\"es_ES\" \/>\n<meta property=\"og:type\" content=\"article\" \/>\n<meta property=\"og:title\" content=\"Contenedor herm\u00e9tico GN 1\/6 1,1L. Araven - Comercial de Hosteleria Anma\" \/>\n<meta property=\"og:description\" content=\"Contenedor herm\u00e9tico GN 1\/6 | Araven | 176x162x65cm | Te ayudan a conservar mejor y por m\u00e1s tiempo gracias al dise\u00f1o de su nueva tapa.\" \/>\n<meta property=\"og:url\" content=\"https:\/\/www.comercialanma.es\/?product=contenedor-hermetico-1-6\" \/>\n<meta property=\"og:site_name\" content=\"Comercial de Hosteleria Anma\" \/>\n<meta property=\"article:publisher\" content=\"https:\/\/www.facebook.com\/AnmaHosteleria\" \/>\n<meta property=\"article:modified_time\" content=\"2022-02-02T14:39:38+00:00\" \/>\n<meta property=\"og:image\" content=\"https:\/\/i1.wp.com\/www.comercialanma.es\/wp-content\/uploads\/2022\/02\/Contenedor-hermetico-araven.jpg?fit=1080%2C1080&#038;ssl=1\" \/>\n\t<meta property=\"og:image:width\" content=\"1080\" \/>\n\t<meta property=\"og:image:height\" content=\"1080\" \/>\n<meta name=\"twitter:card\" content=\"summary_large_image\" \/>\n<meta name=\"twitter:label1\" content=\"Tiempo de lectura\">\n\t<meta name=\"twitter:data1\" content=\"1 minuto\">\n<script type=\"application\/ld+json\" class=\"yoast-schema-graph\">{\"@context\":\"https:\/\/schema.org\",\"@graph\":[{\"@type\":\"Organization\",\"@id\":\"https:\/\/www.comercialanma.es\/#organization\",\"name\":\"Comercial Anma\",\"url\":\"https:\/\/www.comercialanma.es\/\",\"sameAs\":[\"https:\/\/www.facebook.com\/AnmaHosteleria\",\"https:\/\/www.instagram.com\/anmahosteleria\/?hl=es\",\"https:\/\/www.youtube.com\/channel\/UCT2nmn08Ntks0hmpZPnDgCA\"],\"logo\":{\"@type\":\"ImageObject\",\"@id\":\"https:\/\/www.comercialanma.es\/#logo\",\"inLanguage\":\"es\",\"url\":\"https:\/\/i2.wp.com\/www.comercialanma.es\/wp-content\/uploads\/2019\/06\/logo-anma-color.png?fit=247%2C101&ssl=1\",\"width\":247,\"height\":101,\"caption\":\"Comercial Anma\"},\"image\":{\"@id\":\"https:\/\/www.comercialanma.es\/#logo\"}},{\"@type\":\"WebSite\",\"@id\":\"https:\/\/www.comercialanma.es\/#website\",\"url\":\"https:\/\/www.comercialanma.es\/\",\"name\":\"Comercial de Hosteleria Anma\",\"description\":\"\",\"publisher\":{\"@id\":\"https:\/\/www.comercialanma.es\/#organization\"},\"potentialAction\":[{\"@type\":\"SearchAction\",\"target\":\"https:\/\/www.comercialanma.es\/?s={search_term_string}\",\"query-input\":\"required name=search_term_string\"}],\"inLanguage\":\"es\"},{\"@type\":\"ImageObject\",\"@id\":\"https:\/\/www.comercialanma.es\/?product=contenedor-hermetico-1-6#primaryimage\",\"inLanguage\":\"es\",\"url\":\"https:\/\/i1.wp.com\/www.comercialanma.es\/wp-content\/uploads\/2022\/02\/Contenedor-hermetico-araven.jpg?fit=1080%2C1080&ssl=1\",\"width\":1080,\"height\":1080},{\"@type\":\"WebPage\",\"@id\":\"https:\/\/www.comercialanma.es\/?product=contenedor-hermetico-1-6#webpage\",\"url\":\"https:\/\/www.comercialanma.es\/?product=contenedor-hermetico-1-6\",\"name\":\"Contenedor herm\\u00e9tico GN 1\/6 1,1L. Araven - Comercial de Hosteleria Anma\",\"isPartOf\":{\"@id\":\"https:\/\/www.comercialanma.es\/#website\"},\"primaryImageOfPage\":{\"@id\":\"https:\/\/www.comercialanma.es\/?product=contenedor-hermetico-1-6#primaryimage\"},\"datePublished\":\"2022-02-02T11:49:49+00:00\",\"dateModified\":\"2022-02-02T14:39:38+00:00\",\"description\":\"Contenedor herm\\u00e9tico GN 1\/6 | Araven | 176x162x65cm | Te ayudan a conservar mejor y por m\\u00e1s tiempo gracias al dise\\u00f1o de su nueva tapa.\",\"breadcrumb\":{\"@id\":\"https:\/\/www.comercialanma.es\/?product=contenedor-hermetico-1-6#breadcrumb\"},\"inLanguage\":\"es\",\"potentialAction\":[{\"@type\":\"ReadAction\",\"target\":[\"https:\/\/www.comercialanma.es\/?product=contenedor-hermetico-1-6\"]}]},{\"@type\":\"BreadcrumbList\",\"@id\":\"https:\/\/www.comercialanma.es\/?product=contenedor-hermetico-1-6#breadcrumb\",\"itemListElement\":[{\"@type\":\"ListItem\",\"position\":1,\"item\":{\"@type\":\"WebPage\",\"@id\":\"https:\/\/www.comercialanma.es\/\",\"url\":\"https:\/\/www.comercialanma.es\/\",\"name\":\"Portada\"}},{\"@type\":\"ListItem\",\"position\":2,\"item\":{\"@type\":\"WebPage\",\"@id\":\"https:\/\/www.comercialanma.es\/?page_id=3963\",\"url\":\"https:\/\/www.comercialanma.es\/?page_id=3963\",\"name\":\"Cat\\u00e1logo de Productos\"}},{\"@type\":\"ListItem\",\"position\":3,\"item\":{\"@type\":\"WebPage\",\"@id\":\"https:\/\/www.comercialanma.es\/?product=contenedor-hermetico-1-6\",\"url\":\"https:\/\/www.comercialanma.es\/?product=contenedor-hermetico-1-6\",\"name\":\"Contenedor herm\\u00e9tico GN 1\/6 1,1L. Araven\"}}]}]}<\/script>\n<!-- \/ Yoast SEO plugin. -->","_links":{"self":[{"href":"https:\/\/www.comercialanma.es\/index.php?rest_route=\/wp\/v2\/product\/20963"}],"collection":[{"href":"https:\/\/www.comercialanma.es\/index.php?rest_route=\/wp\/v2\/product"}],"about":[{"href":"https:\/\/www.comercialanma.es\/index.php?rest_route=\/wp\/v2\/types\/product"}],"version-history":[{"count":1,"href":"https:\/\/www.comercialanma.es\/index.php?rest_route=\/wp\/v2\/product\/20963\/revisions"}],"predecessor-version":[{"id":20965,"href":"https:\/\/www.comercialanma.es\/index.php?rest_route=\/wp\/v2\/product\/20963\/revisions\/20965"}],"wp:featuredmedia":[{"embeddable":true,"href":"https:\/\/www.comercialanma.es\/index.php?rest_route=\/wp\/v2\/media\/20964"}],"wp:attachment":[{"href":"https:\/\/www.comercialanma.es\/index.php?rest_route=%2Fwp%2Fv2%2Fmedia&parent=20963"}],"curies":[{"name":"wp","href":"https:\/\/api.w.org\/{rel}","templated":true}]}}