
{"id":21163,"date":"2022-04-20T10:18:52","date_gmt":"2022-04-20T08:18:52","guid":{"rendered":"https:\/\/www.comercialanma.es\/?post_type=product&#038;p=21163"},"modified":"2022-04-20T10:30:32","modified_gmt":"2022-04-20T08:30:32","slug":"chandon-garden-spritz","status":"publish","type":"product","link":"https:\/\/www.comercialanma.es\/?product=chandon-garden-spritz","title":{"rendered":"Chandon Garden Spritz 75cl."},"content":{"rendered":"<h3>D.O:<\/h3>\n<p>Mendoza (Argentina)<\/p>\n<h3>Variedades de uva:<\/h3>\n<ul>\n<li><span class=\"tlid-translation translation\" lang=\"es\"><span title=\"\"><span class=\"tablaValorContenido\">Chardonnay, Pinot Noir, S\u00e9millon.<br \/>\n<\/span><\/span><\/span><\/li>\n<\/ul>\n<h3>Graduaci\u00f3n y servicio:<\/h3>\n<ul>\n<li>Graduaci\u00f3n: 11,5% vol.<\/li>\n<li>Servicio: 6-9\u00baC<\/li>\n<\/ul>\n<h3>Nota de Cata:<\/h3>\n<ul>\n<li>Tonalidades naranjas \/ Brillante.<\/li>\n<li>Afrutado \/ Notas florales \/ C\u00edtricos.<\/li>\n<li>Ligero amargor \/ Acidez bien integrada \/ Afrutado \/ Naranja.<\/li>\n<\/ul>\n<h3>Maridaje:<\/h3>\n<ul>\n<li>Sushi \/ Frutos secos \/ Sashimi \/ Quesos tipo gruy\u00e8re o cheddar.<\/li>\n<\/ul>\n","protected":false},"excerpt":{"rendered":"<p>\u00bfLes apetece un aperitivo todo sofisticaci\u00f3n y frescura? Chandon Garden Spritz es un espumoso cr\u00e9mant elaborado a partir del c\u00e9lebre Chandon Argentina Brut y con el toque especial de una cuidada maceraci\u00f3n: c\u00e1scaras de naranja que han sido maceradas a su vez en brandy de uva, hierbas arom\u00e1ticas de Argentina y Brasil, y especias de la India, Centroamerica y Madagascar que le aportan un contrapunto c\u00e1lido y amaderado.<\/p>\n<p>Chandon Garden Spritz se elabora sin aromas ni colorantes artificiales y con la mitad de az\u00facar que un spritz italiano. El espumoso Chandon Argentina Brut que sirve de base se elabora con uvas chardonnay, pinot noir y semillon cultivadas a m\u00e1s de 1000 metros de altitud. Su picante amargor se obtiene de una maceraci\u00f3n de c\u00e1scaras de naranja de la variedad Valencia que, con su equilibrio perfecto entre acidez y dulzor, dan como resultado un delicioso y sofisticado aperitivo.<\/p>\n","protected":false},"featured_media":21164,"template":"","meta":{"spay_email":""},"yoast_head":"<!-- This site is optimized with the Yoast SEO plugin v15.9 - https:\/\/yoast.com\/wordpress\/plugins\/seo\/ -->\n<title>Chandon Garden Spritz 75cl. - Comercial de Hosteleria Anma<\/title>\n<meta name=\"description\" content=\"Chandon Garden Spritz | 75cl.| Es un espumoso cr\u00e9mant elaborado a partir del c\u00e9lebre Chandon Argentina Brut.\" \/>\n<meta name=\"robots\" content=\"index, follow, max-snippet:-1, max-image-preview:large, max-video-preview:-1\" \/>\n<link rel=\"canonical\" href=\"https:\/\/www.comercialanma.es\/?product=chandon-garden-spritz\" \/>\n<meta property=\"og:locale\" content=\"es_ES\" \/>\n<meta property=\"og:type\" content=\"article\" \/>\n<meta property=\"og:title\" content=\"Chandon Garden Spritz 75cl. - Comercial de Hosteleria Anma\" \/>\n<meta property=\"og:description\" content=\"Chandon Garden Spritz | 75cl.| Es un espumoso cr\u00e9mant elaborado a partir del c\u00e9lebre Chandon Argentina Brut.\" \/>\n<meta property=\"og:url\" content=\"https:\/\/www.comercialanma.es\/?product=chandon-garden-spritz\" \/>\n<meta property=\"og:site_name\" content=\"Comercial de Hosteleria Anma\" \/>\n<meta property=\"article:publisher\" content=\"https:\/\/www.facebook.com\/AnmaHosteleria\" \/>\n<meta property=\"article:modified_time\" content=\"2022-04-20T08:30:32+00:00\" \/>\n<meta property=\"og:image\" content=\"https:\/\/i2.wp.com\/www.comercialanma.es\/wp-content\/uploads\/2022\/04\/chandon-garden-spritz.jpg?fit=1080%2C1080&#038;ssl=1\" \/>\n\t<meta property=\"og:image:width\" content=\"1080\" \/>\n\t<meta property=\"og:image:height\" content=\"1080\" \/>\n<meta name=\"twitter:card\" content=\"summary_large_image\" \/>\n<meta name=\"twitter:label1\" content=\"Tiempo de lectura\">\n\t<meta name=\"twitter:data1\" content=\"1 minuto\">\n<script type=\"application\/ld+json\" class=\"yoast-schema-graph\">{\"@context\":\"https:\/\/schema.org\",\"@graph\":[{\"@type\":\"Organization\",\"@id\":\"https:\/\/www.comercialanma.es\/#organization\",\"name\":\"Comercial Anma\",\"url\":\"https:\/\/www.comercialanma.es\/\",\"sameAs\":[\"https:\/\/www.facebook.com\/AnmaHosteleria\",\"https:\/\/www.instagram.com\/anmahosteleria\/?hl=es\",\"https:\/\/www.youtube.com\/channel\/UCT2nmn08Ntks0hmpZPnDgCA\"],\"logo\":{\"@type\":\"ImageObject\",\"@id\":\"https:\/\/www.comercialanma.es\/#logo\",\"inLanguage\":\"es\",\"url\":\"https:\/\/i2.wp.com\/www.comercialanma.es\/wp-content\/uploads\/2019\/06\/logo-anma-color.png?fit=247%2C101&ssl=1\",\"width\":247,\"height\":101,\"caption\":\"Comercial Anma\"},\"image\":{\"@id\":\"https:\/\/www.comercialanma.es\/#logo\"}},{\"@type\":\"WebSite\",\"@id\":\"https:\/\/www.comercialanma.es\/#website\",\"url\":\"https:\/\/www.comercialanma.es\/\",\"name\":\"Comercial de Hosteleria Anma\",\"description\":\"\",\"publisher\":{\"@id\":\"https:\/\/www.comercialanma.es\/#organization\"},\"potentialAction\":[{\"@type\":\"SearchAction\",\"target\":\"https:\/\/www.comercialanma.es\/?s={search_term_string}\",\"query-input\":\"required name=search_term_string\"}],\"inLanguage\":\"es\"},{\"@type\":\"ImageObject\",\"@id\":\"https:\/\/www.comercialanma.es\/?product=chandon-garden-spritz#primaryimage\",\"inLanguage\":\"es\",\"url\":\"https:\/\/i2.wp.com\/www.comercialanma.es\/wp-content\/uploads\/2022\/04\/chandon-garden-spritz.jpg?fit=1080%2C1080&ssl=1\",\"width\":1080,\"height\":1080},{\"@type\":\"WebPage\",\"@id\":\"https:\/\/www.comercialanma.es\/?product=chandon-garden-spritz#webpage\",\"url\":\"https:\/\/www.comercialanma.es\/?product=chandon-garden-spritz\",\"name\":\"Chandon Garden Spritz 75cl. - Comercial de Hosteleria Anma\",\"isPartOf\":{\"@id\":\"https:\/\/www.comercialanma.es\/#website\"},\"primaryImageOfPage\":{\"@id\":\"https:\/\/www.comercialanma.es\/?product=chandon-garden-spritz#primaryimage\"},\"datePublished\":\"2022-04-20T08:18:52+00:00\",\"dateModified\":\"2022-04-20T08:30:32+00:00\",\"description\":\"Chandon Garden Spritz | 75cl.| Es un espumoso cr\\u00e9mant elaborado a partir del c\\u00e9lebre Chandon Argentina Brut.\",\"breadcrumb\":{\"@id\":\"https:\/\/www.comercialanma.es\/?product=chandon-garden-spritz#breadcrumb\"},\"inLanguage\":\"es\",\"potentialAction\":[{\"@type\":\"ReadAction\",\"target\":[\"https:\/\/www.comercialanma.es\/?product=chandon-garden-spritz\"]}]},{\"@type\":\"BreadcrumbList\",\"@id\":\"https:\/\/www.comercialanma.es\/?product=chandon-garden-spritz#breadcrumb\",\"itemListElement\":[{\"@type\":\"ListItem\",\"position\":1,\"item\":{\"@type\":\"WebPage\",\"@id\":\"https:\/\/www.comercialanma.es\/\",\"url\":\"https:\/\/www.comercialanma.es\/\",\"name\":\"Portada\"}},{\"@type\":\"ListItem\",\"position\":2,\"item\":{\"@type\":\"WebPage\",\"@id\":\"https:\/\/www.comercialanma.es\/?page_id=3963\",\"url\":\"https:\/\/www.comercialanma.es\/?page_id=3963\",\"name\":\"Cat\\u00e1logo de Productos\"}},{\"@type\":\"ListItem\",\"position\":3,\"item\":{\"@type\":\"WebPage\",\"@id\":\"https:\/\/www.comercialanma.es\/?product=chandon-garden-spritz\",\"url\":\"https:\/\/www.comercialanma.es\/?product=chandon-garden-spritz\",\"name\":\"Chandon Garden Spritz 75cl.\"}}]}]}<\/script>\n<!-- \/ Yoast SEO plugin. -->","_links":{"self":[{"href":"https:\/\/www.comercialanma.es\/index.php?rest_route=\/wp\/v2\/product\/21163"}],"collection":[{"href":"https:\/\/www.comercialanma.es\/index.php?rest_route=\/wp\/v2\/product"}],"about":[{"href":"https:\/\/www.comercialanma.es\/index.php?rest_route=\/wp\/v2\/types\/product"}],"version-history":[{"count":3,"href":"https:\/\/www.comercialanma.es\/index.php?rest_route=\/wp\/v2\/product\/21163\/revisions"}],"predecessor-version":[{"id":21167,"href":"https:\/\/www.comercialanma.es\/index.php?rest_route=\/wp\/v2\/product\/21163\/revisions\/21167"}],"wp:featuredmedia":[{"embeddable":true,"href":"https:\/\/www.comercialanma.es\/index.php?rest_route=\/wp\/v2\/media\/21164"}],"wp:attachment":[{"href":"https:\/\/www.comercialanma.es\/index.php?rest_route=%2Fwp%2Fv2%2Fmedia&parent=21163"}],"curies":[{"name":"wp","href":"https:\/\/api.w.org\/{rel}","templated":true}]}}