
{"id":21522,"date":"2022-07-12T10:53:38","date_gmt":"2022-07-12T08:53:38","guid":{"rendered":"https:\/\/www.comercialanma.es\/?post_type=product&#038;p=21522"},"modified":"2022-07-12T11:06:34","modified_gmt":"2022-07-12T09:06:34","slug":"hendrik-miniatura","status":"publish","type":"product","link":"https:\/\/www.comercialanma.es\/?product=hendrik-miniatura","title":{"rendered":"Hendrik\u00b4s miniaturas 5cl."},"content":{"rendered":"<h3>Notas de cata:<\/h3>\n<ul>\n<li>A la vista Hendricks gin es una ginebra brillante y transparente.<\/li>\n<li>A la nariz muestra un aroma a alcohol de cereal con un toque a rosas y especias.<\/li>\n<li>Al paladar es seca con notas a p\u00e9talos de rosas, c\u00edtricos y pepino.<\/li>\n<li>Ideal para combinar en c\u00f3cteles y en gin-t\u00f3nic con t\u00f3nica neutra.<\/li>\n<\/ul>\n<h3>Graduaci\u00f3n:<\/h3>\n<ul>\n<li>44\u00ba<\/li>\n<\/ul>\n<p>&nbsp;<\/p>\n","protected":false},"excerpt":{"rendered":"<p>Esta ginebra escocesa est\u00e1 inspirada en una placentera tarde primaveral de la que disfrut\u00f3 un maestro destilador de whisky en la que tom\u00f3 un s\u00e1ndwich de pepino acompa\u00f1ado de un gin-t\u00f3nic en un jard\u00edn florido. Para capturar esta sensaci\u00f3n cre\u00f3 Hendrick\u2019s, llamada as\u00ed en honor a Mr. Hendrick, jardinero que cuidaba del jard\u00edn de rosas.<\/p>\n<p>La ginebra Hendricks esta compuesto por 11 bot\u00e1nicos: flores de camomila, ra\u00edz de ang\u00e9lica, semillas de alcareva, coriando, bayas de cubeba, flores de sa\u00faco, bayas de enebro, reina de los prados, ra\u00edz de lirio, c\u00e1scara de lim\u00f3n y de naranja. Una vez se ha llevado a cabo la destilaci\u00f3n, se a\u00f1ade infusi\u00f3n de pepino procedente de Holanda y p\u00e9talos de rosa de Bulgaria.<\/p>\n","protected":false},"featured_media":21524,"template":"","meta":{"spay_email":""},"yoast_head":"<!-- This site is optimized with the Yoast SEO plugin v15.9 - https:\/\/yoast.com\/wordpress\/plugins\/seo\/ -->\n<title>Hendrik\u00b4s miniaturas 5cl. - Comercial de Hosteleria Anma<\/title>\n<meta name=\"description\" content=\"Hendrik\u00b4s miniaturas | 5cl.| 11 bot\u00e1nicos de los cuatro rincones del mundo. Ginebra refrescante con un aroma deliciosamente floral.\" \/>\n<meta name=\"robots\" content=\"index, follow, max-snippet:-1, max-image-preview:large, max-video-preview:-1\" \/>\n<link rel=\"canonical\" href=\"https:\/\/www.comercialanma.es\/?product=hendrik-miniatura\" \/>\n<meta property=\"og:locale\" content=\"es_ES\" \/>\n<meta property=\"og:type\" content=\"article\" \/>\n<meta property=\"og:title\" content=\"Hendrik\u00b4s miniaturas 5cl. - Comercial de Hosteleria Anma\" \/>\n<meta property=\"og:description\" content=\"Hendrik\u00b4s miniaturas | 5cl.| 11 bot\u00e1nicos de los cuatro rincones del mundo. Ginebra refrescante con un aroma deliciosamente floral.\" \/>\n<meta property=\"og:url\" content=\"https:\/\/www.comercialanma.es\/?product=hendrik-miniatura\" \/>\n<meta property=\"og:site_name\" content=\"Comercial de Hosteleria Anma\" \/>\n<meta property=\"article:publisher\" content=\"https:\/\/www.facebook.com\/AnmaHosteleria\" \/>\n<meta property=\"article:modified_time\" content=\"2022-07-12T09:06:34+00:00\" \/>\n<meta property=\"og:image\" content=\"https:\/\/i1.wp.com\/www.comercialanma.es\/wp-content\/uploads\/2022\/07\/hendriks-miniatura-5cl..jpg?fit=1080%2C1080&#038;ssl=1\" \/>\n\t<meta property=\"og:image:width\" content=\"1080\" \/>\n\t<meta property=\"og:image:height\" content=\"1080\" \/>\n<meta name=\"twitter:card\" content=\"summary_large_image\" \/>\n<meta name=\"twitter:label1\" content=\"Tiempo de lectura\">\n\t<meta name=\"twitter:data1\" content=\"1 minuto\">\n<script type=\"application\/ld+json\" class=\"yoast-schema-graph\">{\"@context\":\"https:\/\/schema.org\",\"@graph\":[{\"@type\":\"Organization\",\"@id\":\"https:\/\/www.comercialanma.es\/#organization\",\"name\":\"Comercial Anma\",\"url\":\"https:\/\/www.comercialanma.es\/\",\"sameAs\":[\"https:\/\/www.facebook.com\/AnmaHosteleria\",\"https:\/\/www.instagram.com\/anmahosteleria\/?hl=es\",\"https:\/\/www.youtube.com\/channel\/UCT2nmn08Ntks0hmpZPnDgCA\"],\"logo\":{\"@type\":\"ImageObject\",\"@id\":\"https:\/\/www.comercialanma.es\/#logo\",\"inLanguage\":\"es\",\"url\":\"https:\/\/i2.wp.com\/www.comercialanma.es\/wp-content\/uploads\/2019\/06\/logo-anma-color.png?fit=247%2C101&ssl=1\",\"width\":247,\"height\":101,\"caption\":\"Comercial Anma\"},\"image\":{\"@id\":\"https:\/\/www.comercialanma.es\/#logo\"}},{\"@type\":\"WebSite\",\"@id\":\"https:\/\/www.comercialanma.es\/#website\",\"url\":\"https:\/\/www.comercialanma.es\/\",\"name\":\"Comercial de Hosteleria Anma\",\"description\":\"\",\"publisher\":{\"@id\":\"https:\/\/www.comercialanma.es\/#organization\"},\"potentialAction\":[{\"@type\":\"SearchAction\",\"target\":\"https:\/\/www.comercialanma.es\/?s={search_term_string}\",\"query-input\":\"required name=search_term_string\"}],\"inLanguage\":\"es\"},{\"@type\":\"ImageObject\",\"@id\":\"https:\/\/www.comercialanma.es\/?product=hendrik-miniatura#primaryimage\",\"inLanguage\":\"es\",\"url\":\"https:\/\/i1.wp.com\/www.comercialanma.es\/wp-content\/uploads\/2022\/07\/hendriks-miniatura-5cl..jpg?fit=1080%2C1080&ssl=1\",\"width\":1080,\"height\":1080},{\"@type\":\"WebPage\",\"@id\":\"https:\/\/www.comercialanma.es\/?product=hendrik-miniatura#webpage\",\"url\":\"https:\/\/www.comercialanma.es\/?product=hendrik-miniatura\",\"name\":\"Hendrik\\u00b4s miniaturas 5cl. - Comercial de Hosteleria Anma\",\"isPartOf\":{\"@id\":\"https:\/\/www.comercialanma.es\/#website\"},\"primaryImageOfPage\":{\"@id\":\"https:\/\/www.comercialanma.es\/?product=hendrik-miniatura#primaryimage\"},\"datePublished\":\"2022-07-12T08:53:38+00:00\",\"dateModified\":\"2022-07-12T09:06:34+00:00\",\"description\":\"Hendrik\\u00b4s miniaturas | 5cl.| 11 bot\\u00e1nicos de los cuatro rincones del mundo. Ginebra refrescante con un aroma deliciosamente floral.\",\"breadcrumb\":{\"@id\":\"https:\/\/www.comercialanma.es\/?product=hendrik-miniatura#breadcrumb\"},\"inLanguage\":\"es\",\"potentialAction\":[{\"@type\":\"ReadAction\",\"target\":[\"https:\/\/www.comercialanma.es\/?product=hendrik-miniatura\"]}]},{\"@type\":\"BreadcrumbList\",\"@id\":\"https:\/\/www.comercialanma.es\/?product=hendrik-miniatura#breadcrumb\",\"itemListElement\":[{\"@type\":\"ListItem\",\"position\":1,\"item\":{\"@type\":\"WebPage\",\"@id\":\"https:\/\/www.comercialanma.es\/\",\"url\":\"https:\/\/www.comercialanma.es\/\",\"name\":\"Portada\"}},{\"@type\":\"ListItem\",\"position\":2,\"item\":{\"@type\":\"WebPage\",\"@id\":\"https:\/\/www.comercialanma.es\/?page_id=3963\",\"url\":\"https:\/\/www.comercialanma.es\/?page_id=3963\",\"name\":\"Cat\\u00e1logo de Productos\"}},{\"@type\":\"ListItem\",\"position\":3,\"item\":{\"@type\":\"WebPage\",\"@id\":\"https:\/\/www.comercialanma.es\/?product=hendrik-miniatura\",\"url\":\"https:\/\/www.comercialanma.es\/?product=hendrik-miniatura\",\"name\":\"Hendrik\\u00b4s miniaturas 5cl.\"}}]}]}<\/script>\n<!-- \/ Yoast SEO plugin. -->","_links":{"self":[{"href":"https:\/\/www.comercialanma.es\/index.php?rest_route=\/wp\/v2\/product\/21522"}],"collection":[{"href":"https:\/\/www.comercialanma.es\/index.php?rest_route=\/wp\/v2\/product"}],"about":[{"href":"https:\/\/www.comercialanma.es\/index.php?rest_route=\/wp\/v2\/types\/product"}],"version-history":[{"count":1,"href":"https:\/\/www.comercialanma.es\/index.php?rest_route=\/wp\/v2\/product\/21522\/revisions"}],"predecessor-version":[{"id":21525,"href":"https:\/\/www.comercialanma.es\/index.php?rest_route=\/wp\/v2\/product\/21522\/revisions\/21525"}],"wp:featuredmedia":[{"embeddable":true,"href":"https:\/\/www.comercialanma.es\/index.php?rest_route=\/wp\/v2\/media\/21524"}],"wp:attachment":[{"href":"https:\/\/www.comercialanma.es\/index.php?rest_route=%2Fwp%2Fv2%2Fmedia&parent=21522"}],"curies":[{"name":"wp","href":"https:\/\/api.w.org\/{rel}","templated":true}]}}