
{"id":21529,"date":"2022-07-12T11:43:29","date_gmt":"2022-07-12T09:43:29","guid":{"rendered":"https:\/\/www.comercialanma.es\/?post_type=product&#038;p=21529"},"modified":"2022-07-12T12:04:50","modified_gmt":"2022-07-12T10:04:50","slug":"hendriks-orbium-70cl","status":"publish","type":"product","link":"https:\/\/www.comercialanma.es\/?product=hendriks-orbium-70cl","title":{"rendered":"Hendrik\u00b4s Orbium 70cl."},"content":{"rendered":"<h3>Notas de cata:<\/h3>\n<ul>\n<li>La adici\u00f3n de la flor de loto azul equilibra de forma exquisita el sabor general y el tr\u00edo de esencias se combina para crear una ginebra compleja con un brillo sorprendente y un acabado que es extraordinariamente largo.<\/li>\n<li>El resultado es un sabor desconocido extra\u00f1amente familiar en el car\u00e1cter, dise\u00f1ado para abrir las dimensiones previamente inexploradas de la ginebra, ya que gira desde los floral hacia un lugar m\u00e1s amargo y profundo.<\/li>\n<\/ul>\n<h3>Graduaci\u00f3n:<\/h3>\n<ul>\n<li>43,4\u00ba<\/li>\n<\/ul>\n","protected":false},"excerpt":{"rendered":"<p>Gin Hendrick\u2019s Orbium es una reinvenci\u00f3n de la ginebra Hendrick\u00b4s. Est\u00e1 infusionada con los extractos de quinina, ajenjo y flor de loto azul.<\/p>\n<p>En el paladar es una ginebra sorprendente que no deja indiferente. Esta triada de ingredientes, junto a los sabores del Gin, te llevan a una experiencia que pasa de lo floral a lo amargo, en cada trago, permitiendo la creaci\u00f3n de cocteles muy \u00fanicos.<\/p>\n<p>Orbium deriva de la palabra \u2018orb\u2019, el plural de Orbis, que significa c\u00edrculo en lat\u00edn. Representa el sabor redondo y esf\u00e9rico al que se refieren cuando se describe el estilo de la casa de Hendrick\u00b4s. Gin Hendrick\u2019s Orbium est\u00e1\u00a0 presentada en la misma botella ic\u00f3nica de estilo boticario que es sin\u00f3nimo de Hendrick\u00b4s, aunque en un suntuoso azul oscuro, inspirado en la esencia clave de las Flores de Loto Azul.<\/p>\n","protected":false},"featured_media":21530,"template":"","meta":{"spay_email":""},"yoast_head":"<!-- This site is optimized with the Yoast SEO plugin v15.9 - https:\/\/yoast.com\/wordpress\/plugins\/seo\/ -->\n<title>Hendrik\u00b4s Orbium 70cl. - Comercial de Hosteleria Anma<\/title>\n<meta name=\"description\" content=\"Ginebra Hendrik\u00b4s Orbium | 70cl. | Tr\u00edo de esencias se combina para crear una ginebra compleja con un brillo sorprendente y un acabado largo.\" \/>\n<meta name=\"robots\" content=\"index, follow, max-snippet:-1, max-image-preview:large, max-video-preview:-1\" \/>\n<link rel=\"canonical\" href=\"https:\/\/www.comercialanma.es\/?product=hendriks-orbium-70cl\" \/>\n<meta property=\"og:locale\" content=\"es_ES\" \/>\n<meta property=\"og:type\" content=\"article\" \/>\n<meta property=\"og:title\" content=\"Hendrik\u00b4s Orbium 70cl. - Comercial de Hosteleria Anma\" \/>\n<meta property=\"og:description\" content=\"Ginebra Hendrik\u00b4s Orbium | 70cl. | Tr\u00edo de esencias se combina para crear una ginebra compleja con un brillo sorprendente y un acabado largo.\" \/>\n<meta property=\"og:url\" content=\"https:\/\/www.comercialanma.es\/?product=hendriks-orbium-70cl\" \/>\n<meta property=\"og:site_name\" content=\"Comercial de Hosteleria Anma\" \/>\n<meta property=\"article:publisher\" content=\"https:\/\/www.facebook.com\/AnmaHosteleria\" \/>\n<meta property=\"article:modified_time\" content=\"2022-07-12T10:04:50+00:00\" \/>\n<meta property=\"og:image\" content=\"https:\/\/i0.wp.com\/www.comercialanma.es\/wp-content\/uploads\/2022\/07\/hendriks-orbium.jpg?fit=1080%2C1080&#038;ssl=1\" \/>\n\t<meta property=\"og:image:width\" content=\"1080\" \/>\n\t<meta property=\"og:image:height\" content=\"1080\" \/>\n<meta name=\"twitter:card\" content=\"summary_large_image\" \/>\n<meta name=\"twitter:label1\" content=\"Tiempo de lectura\">\n\t<meta name=\"twitter:data1\" content=\"1 minuto\">\n<script type=\"application\/ld+json\" class=\"yoast-schema-graph\">{\"@context\":\"https:\/\/schema.org\",\"@graph\":[{\"@type\":\"Organization\",\"@id\":\"https:\/\/www.comercialanma.es\/#organization\",\"name\":\"Comercial Anma\",\"url\":\"https:\/\/www.comercialanma.es\/\",\"sameAs\":[\"https:\/\/www.facebook.com\/AnmaHosteleria\",\"https:\/\/www.instagram.com\/anmahosteleria\/?hl=es\",\"https:\/\/www.youtube.com\/channel\/UCT2nmn08Ntks0hmpZPnDgCA\"],\"logo\":{\"@type\":\"ImageObject\",\"@id\":\"https:\/\/www.comercialanma.es\/#logo\",\"inLanguage\":\"es\",\"url\":\"https:\/\/i2.wp.com\/www.comercialanma.es\/wp-content\/uploads\/2019\/06\/logo-anma-color.png?fit=247%2C101&ssl=1\",\"width\":247,\"height\":101,\"caption\":\"Comercial Anma\"},\"image\":{\"@id\":\"https:\/\/www.comercialanma.es\/#logo\"}},{\"@type\":\"WebSite\",\"@id\":\"https:\/\/www.comercialanma.es\/#website\",\"url\":\"https:\/\/www.comercialanma.es\/\",\"name\":\"Comercial de Hosteleria Anma\",\"description\":\"\",\"publisher\":{\"@id\":\"https:\/\/www.comercialanma.es\/#organization\"},\"potentialAction\":[{\"@type\":\"SearchAction\",\"target\":\"https:\/\/www.comercialanma.es\/?s={search_term_string}\",\"query-input\":\"required name=search_term_string\"}],\"inLanguage\":\"es\"},{\"@type\":\"ImageObject\",\"@id\":\"https:\/\/www.comercialanma.es\/?product=hendriks-orbium-70cl#primaryimage\",\"inLanguage\":\"es\",\"url\":\"https:\/\/i0.wp.com\/www.comercialanma.es\/wp-content\/uploads\/2022\/07\/hendriks-orbium.jpg?fit=1080%2C1080&ssl=1\",\"width\":1080,\"height\":1080},{\"@type\":\"WebPage\",\"@id\":\"https:\/\/www.comercialanma.es\/?product=hendriks-orbium-70cl#webpage\",\"url\":\"https:\/\/www.comercialanma.es\/?product=hendriks-orbium-70cl\",\"name\":\"Hendrik\\u00b4s Orbium 70cl. - Comercial de Hosteleria Anma\",\"isPartOf\":{\"@id\":\"https:\/\/www.comercialanma.es\/#website\"},\"primaryImageOfPage\":{\"@id\":\"https:\/\/www.comercialanma.es\/?product=hendriks-orbium-70cl#primaryimage\"},\"datePublished\":\"2022-07-12T09:43:29+00:00\",\"dateModified\":\"2022-07-12T10:04:50+00:00\",\"description\":\"Ginebra Hendrik\\u00b4s Orbium | 70cl. | Tr\\u00edo de esencias se combina para crear una ginebra compleja con un brillo sorprendente y un acabado largo.\",\"breadcrumb\":{\"@id\":\"https:\/\/www.comercialanma.es\/?product=hendriks-orbium-70cl#breadcrumb\"},\"inLanguage\":\"es\",\"potentialAction\":[{\"@type\":\"ReadAction\",\"target\":[\"https:\/\/www.comercialanma.es\/?product=hendriks-orbium-70cl\"]}]},{\"@type\":\"BreadcrumbList\",\"@id\":\"https:\/\/www.comercialanma.es\/?product=hendriks-orbium-70cl#breadcrumb\",\"itemListElement\":[{\"@type\":\"ListItem\",\"position\":1,\"item\":{\"@type\":\"WebPage\",\"@id\":\"https:\/\/www.comercialanma.es\/\",\"url\":\"https:\/\/www.comercialanma.es\/\",\"name\":\"Portada\"}},{\"@type\":\"ListItem\",\"position\":2,\"item\":{\"@type\":\"WebPage\",\"@id\":\"https:\/\/www.comercialanma.es\/?page_id=3963\",\"url\":\"https:\/\/www.comercialanma.es\/?page_id=3963\",\"name\":\"Cat\\u00e1logo de Productos\"}},{\"@type\":\"ListItem\",\"position\":3,\"item\":{\"@type\":\"WebPage\",\"@id\":\"https:\/\/www.comercialanma.es\/?product=hendriks-orbium-70cl\",\"url\":\"https:\/\/www.comercialanma.es\/?product=hendriks-orbium-70cl\",\"name\":\"Hendrik\\u00b4s Orbium 70cl.\"}}]}]}<\/script>\n<!-- \/ Yoast SEO plugin. -->","_links":{"self":[{"href":"https:\/\/www.comercialanma.es\/index.php?rest_route=\/wp\/v2\/product\/21529"}],"collection":[{"href":"https:\/\/www.comercialanma.es\/index.php?rest_route=\/wp\/v2\/product"}],"about":[{"href":"https:\/\/www.comercialanma.es\/index.php?rest_route=\/wp\/v2\/types\/product"}],"version-history":[{"count":2,"href":"https:\/\/www.comercialanma.es\/index.php?rest_route=\/wp\/v2\/product\/21529\/revisions"}],"predecessor-version":[{"id":21532,"href":"https:\/\/www.comercialanma.es\/index.php?rest_route=\/wp\/v2\/product\/21529\/revisions\/21532"}],"wp:featuredmedia":[{"embeddable":true,"href":"https:\/\/www.comercialanma.es\/index.php?rest_route=\/wp\/v2\/media\/21530"}],"wp:attachment":[{"href":"https:\/\/www.comercialanma.es\/index.php?rest_route=%2Fwp%2Fv2%2Fmedia&parent=21529"}],"curies":[{"name":"wp","href":"https:\/\/api.w.org\/{rel}","templated":true}]}}