
{"id":21533,"date":"2022-07-12T12:08:02","date_gmt":"2022-07-12T10:08:02","guid":{"rendered":"https:\/\/www.comercialanma.es\/?post_type=product&#038;p=21533"},"modified":"2022-07-12T12:44:12","modified_gmt":"2022-07-12T10:44:12","slug":"beefeater-light","status":"publish","type":"product","link":"https:\/\/www.comercialanma.es\/?product=beefeater-light","title":{"rendered":"Beefeater light 70cl."},"content":{"rendered":"<h3>Nota de cata:<\/h3>\n<ul>\n<li>Visualmente es transparente y brillante como cualquier destilado blanco.<\/li>\n<li>Aparecen en primer plano notas c\u00edtricas de naranjas dulces, enebro y ra\u00edz de ang\u00e9lica. Posteriormente aparecen matices de cilantro y recuerdos florales y c\u00edtricos muy elegantes.<\/li>\n<li>En boca tiene una entrada ligera y sedosa. Notas c\u00edtricas que recuerdan al lim\u00f3n y la naranja con un punto caramelizado.<\/li>\n<\/ul>\n<h3>Graduaci\u00f3n:<\/h3>\n<ul>\n<li>20\u00ba<\/li>\n<\/ul>\n","protected":false},"excerpt":{"rendered":"<p>Gin Beefeater Light 20\u00ba\u00a0es la nueva creaci\u00f3n de Beefeater, la bebida espirituosa que contin\u00faa con la tradici\u00f3n de la marca londinense pero con la particularidad de contar con la mitad de alcohol. Se elabora con los 9 bot\u00e1nicos que siempre usa la marca inglesa y con sabores naturales.<\/p>\n","protected":false},"featured_media":21534,"template":"","meta":{"spay_email":""},"yoast_head":"<!-- This site is optimized with the Yoast SEO plugin v15.9 - https:\/\/yoast.com\/wordpress\/plugins\/seo\/ -->\n<title>Beefeater light 70cl. - Comercial de Hosteleria Anma<\/title>\n<meta name=\"description\" content=\"Beefeater ligth | 70cl. | 20\u00ba | Contin\u00faa con la tradici\u00f3n de Beefeater pero con la particularidad de contar con la mitad de alcohol.\" \/>\n<meta name=\"robots\" content=\"index, follow, max-snippet:-1, max-image-preview:large, max-video-preview:-1\" \/>\n<link rel=\"canonical\" href=\"https:\/\/www.comercialanma.es\/?product=beefeater-light\" \/>\n<meta property=\"og:locale\" content=\"es_ES\" \/>\n<meta property=\"og:type\" content=\"article\" \/>\n<meta property=\"og:title\" content=\"Beefeater light 70cl. - Comercial de Hosteleria Anma\" \/>\n<meta property=\"og:description\" content=\"Beefeater ligth | 70cl. | 20\u00ba | Contin\u00faa con la tradici\u00f3n de Beefeater pero con la particularidad de contar con la mitad de alcohol.\" \/>\n<meta property=\"og:url\" content=\"https:\/\/www.comercialanma.es\/?product=beefeater-light\" \/>\n<meta property=\"og:site_name\" content=\"Comercial de Hosteleria Anma\" \/>\n<meta property=\"article:publisher\" content=\"https:\/\/www.facebook.com\/AnmaHosteleria\" \/>\n<meta property=\"article:modified_time\" content=\"2022-07-12T10:44:12+00:00\" \/>\n<meta property=\"og:image\" content=\"https:\/\/i2.wp.com\/www.comercialanma.es\/wp-content\/uploads\/2022\/07\/beefeater-light-70cl.jpg?fit=1080%2C1080&#038;ssl=1\" \/>\n\t<meta property=\"og:image:width\" content=\"1080\" \/>\n\t<meta property=\"og:image:height\" content=\"1080\" \/>\n<meta name=\"twitter:card\" content=\"summary_large_image\" \/>\n<meta name=\"twitter:label1\" content=\"Tiempo de lectura\">\n\t<meta name=\"twitter:data1\" content=\"1 minuto\">\n<script type=\"application\/ld+json\" class=\"yoast-schema-graph\">{\"@context\":\"https:\/\/schema.org\",\"@graph\":[{\"@type\":\"Organization\",\"@id\":\"https:\/\/www.comercialanma.es\/#organization\",\"name\":\"Comercial Anma\",\"url\":\"https:\/\/www.comercialanma.es\/\",\"sameAs\":[\"https:\/\/www.facebook.com\/AnmaHosteleria\",\"https:\/\/www.instagram.com\/anmahosteleria\/?hl=es\",\"https:\/\/www.youtube.com\/channel\/UCT2nmn08Ntks0hmpZPnDgCA\"],\"logo\":{\"@type\":\"ImageObject\",\"@id\":\"https:\/\/www.comercialanma.es\/#logo\",\"inLanguage\":\"es\",\"url\":\"https:\/\/i2.wp.com\/www.comercialanma.es\/wp-content\/uploads\/2019\/06\/logo-anma-color.png?fit=247%2C101&ssl=1\",\"width\":247,\"height\":101,\"caption\":\"Comercial Anma\"},\"image\":{\"@id\":\"https:\/\/www.comercialanma.es\/#logo\"}},{\"@type\":\"WebSite\",\"@id\":\"https:\/\/www.comercialanma.es\/#website\",\"url\":\"https:\/\/www.comercialanma.es\/\",\"name\":\"Comercial de Hosteleria Anma\",\"description\":\"\",\"publisher\":{\"@id\":\"https:\/\/www.comercialanma.es\/#organization\"},\"potentialAction\":[{\"@type\":\"SearchAction\",\"target\":\"https:\/\/www.comercialanma.es\/?s={search_term_string}\",\"query-input\":\"required name=search_term_string\"}],\"inLanguage\":\"es\"},{\"@type\":\"ImageObject\",\"@id\":\"https:\/\/www.comercialanma.es\/?product=beefeater-light#primaryimage\",\"inLanguage\":\"es\",\"url\":\"https:\/\/i2.wp.com\/www.comercialanma.es\/wp-content\/uploads\/2022\/07\/beefeater-light-70cl.jpg?fit=1080%2C1080&ssl=1\",\"width\":1080,\"height\":1080},{\"@type\":\"WebPage\",\"@id\":\"https:\/\/www.comercialanma.es\/?product=beefeater-light#webpage\",\"url\":\"https:\/\/www.comercialanma.es\/?product=beefeater-light\",\"name\":\"Beefeater light 70cl. - Comercial de Hosteleria Anma\",\"isPartOf\":{\"@id\":\"https:\/\/www.comercialanma.es\/#website\"},\"primaryImageOfPage\":{\"@id\":\"https:\/\/www.comercialanma.es\/?product=beefeater-light#primaryimage\"},\"datePublished\":\"2022-07-12T10:08:02+00:00\",\"dateModified\":\"2022-07-12T10:44:12+00:00\",\"description\":\"Beefeater ligth | 70cl. | 20\\u00ba | Contin\\u00faa con la tradici\\u00f3n de Beefeater pero con la particularidad de contar con la mitad de alcohol.\",\"breadcrumb\":{\"@id\":\"https:\/\/www.comercialanma.es\/?product=beefeater-light#breadcrumb\"},\"inLanguage\":\"es\",\"potentialAction\":[{\"@type\":\"ReadAction\",\"target\":[\"https:\/\/www.comercialanma.es\/?product=beefeater-light\"]}]},{\"@type\":\"BreadcrumbList\",\"@id\":\"https:\/\/www.comercialanma.es\/?product=beefeater-light#breadcrumb\",\"itemListElement\":[{\"@type\":\"ListItem\",\"position\":1,\"item\":{\"@type\":\"WebPage\",\"@id\":\"https:\/\/www.comercialanma.es\/\",\"url\":\"https:\/\/www.comercialanma.es\/\",\"name\":\"Portada\"}},{\"@type\":\"ListItem\",\"position\":2,\"item\":{\"@type\":\"WebPage\",\"@id\":\"https:\/\/www.comercialanma.es\/?page_id=3963\",\"url\":\"https:\/\/www.comercialanma.es\/?page_id=3963\",\"name\":\"Cat\\u00e1logo de Productos\"}},{\"@type\":\"ListItem\",\"position\":3,\"item\":{\"@type\":\"WebPage\",\"@id\":\"https:\/\/www.comercialanma.es\/?product=beefeater-light\",\"url\":\"https:\/\/www.comercialanma.es\/?product=beefeater-light\",\"name\":\"Beefeater light 70cl.\"}}]}]}<\/script>\n<!-- \/ Yoast SEO plugin. -->","_links":{"self":[{"href":"https:\/\/www.comercialanma.es\/index.php?rest_route=\/wp\/v2\/product\/21533"}],"collection":[{"href":"https:\/\/www.comercialanma.es\/index.php?rest_route=\/wp\/v2\/product"}],"about":[{"href":"https:\/\/www.comercialanma.es\/index.php?rest_route=\/wp\/v2\/types\/product"}],"version-history":[{"count":2,"href":"https:\/\/www.comercialanma.es\/index.php?rest_route=\/wp\/v2\/product\/21533\/revisions"}],"predecessor-version":[{"id":21544,"href":"https:\/\/www.comercialanma.es\/index.php?rest_route=\/wp\/v2\/product\/21533\/revisions\/21544"}],"wp:featuredmedia":[{"embeddable":true,"href":"https:\/\/www.comercialanma.es\/index.php?rest_route=\/wp\/v2\/media\/21534"}],"wp:attachment":[{"href":"https:\/\/www.comercialanma.es\/index.php?rest_route=%2Fwp%2Fv2%2Fmedia&parent=21533"}],"curies":[{"name":"wp","href":"https:\/\/api.w.org\/{rel}","templated":true}]}}