
{"id":21772,"date":"2022-08-04T10:30:26","date_gmt":"2022-08-04T08:30:26","guid":{"rendered":"https:\/\/www.comercialanma.es\/?post_type=product&#038;p=21772"},"modified":"2022-08-04T10:41:06","modified_gmt":"2022-08-04T08:41:06","slug":"jalapenos-rodaja-800","status":"publish","type":"product","link":"https:\/\/www.comercialanma.es\/?product=jalapenos-rodaja-800","title":{"rendered":"Chile Jalape\u00f1os en rodajas 800gr."},"content":{"rendered":"<h3>Ingredientes:<\/h3>\n<p>Pimientos jalape\u00f1os en rodajas 57%, agua, vinagre de alcohol, sal, endurecedor: E509.<\/p>\n","protected":false},"excerpt":{"rendered":"<p><span class=\"a-list-item\">Es de los m\u00e1s populares de la cocina mexicana que se utilizan para la elaboraci\u00f3n de guisos o acompa\u00f1ar tacos de pollo, carne o papas. <\/span><span class=\"a-list-item\">Son el complemento ideal para dar un toque picante en un pollo asado, en pescado, frijoles, arroz, etc.<\/span><\/p>\n","protected":false},"featured_media":21773,"template":"","meta":{"spay_email":""},"yoast_head":"<!-- This site is optimized with the Yoast SEO plugin v15.9 - https:\/\/yoast.com\/wordpress\/plugins\/seo\/ -->\n<title>Chile Jalape\u00f1os en rodajas 800gr. - Comercial de Hosteleria Anma<\/title>\n<meta name=\"description\" content=\"Chile Jalape\u00f1os rodajas | El Chamaquito | 800gr. | Son el complemento ideal para dar un toque picante a tus platos.\" \/>\n<meta name=\"robots\" content=\"index, follow, max-snippet:-1, max-image-preview:large, max-video-preview:-1\" \/>\n<link rel=\"canonical\" href=\"https:\/\/www.comercialanma.es\/?product=jalapenos-rodaja-800\" \/>\n<meta property=\"og:locale\" content=\"es_ES\" \/>\n<meta property=\"og:type\" content=\"article\" \/>\n<meta property=\"og:title\" content=\"Chile Jalape\u00f1os en rodajas 800gr. - Comercial de Hosteleria Anma\" \/>\n<meta property=\"og:description\" content=\"Chile Jalape\u00f1os rodajas | El Chamaquito | 800gr. | Son el complemento ideal para dar un toque picante a tus platos.\" \/>\n<meta property=\"og:url\" content=\"https:\/\/www.comercialanma.es\/?product=jalapenos-rodaja-800\" \/>\n<meta property=\"og:site_name\" content=\"Comercial de Hosteleria Anma\" \/>\n<meta property=\"article:publisher\" content=\"https:\/\/www.facebook.com\/AnmaHosteleria\" \/>\n<meta property=\"article:modified_time\" content=\"2022-08-04T08:41:06+00:00\" \/>\n<meta property=\"og:image\" content=\"https:\/\/i2.wp.com\/www.comercialanma.es\/wp-content\/uploads\/2022\/08\/Jalapenos-verdes-en-rodajas-250.jpg?fit=1080%2C1080&#038;ssl=1\" \/>\n\t<meta property=\"og:image:width\" content=\"1080\" \/>\n\t<meta property=\"og:image:height\" content=\"1080\" \/>\n<meta name=\"twitter:card\" content=\"summary_large_image\" \/>\n<meta name=\"twitter:label1\" content=\"Tiempo de lectura\">\n\t<meta name=\"twitter:data1\" content=\"1 minuto\">\n<script type=\"application\/ld+json\" class=\"yoast-schema-graph\">{\"@context\":\"https:\/\/schema.org\",\"@graph\":[{\"@type\":\"Organization\",\"@id\":\"https:\/\/www.comercialanma.es\/#organization\",\"name\":\"Comercial Anma\",\"url\":\"https:\/\/www.comercialanma.es\/\",\"sameAs\":[\"https:\/\/www.facebook.com\/AnmaHosteleria\",\"https:\/\/www.instagram.com\/anmahosteleria\/?hl=es\",\"https:\/\/www.youtube.com\/channel\/UCT2nmn08Ntks0hmpZPnDgCA\"],\"logo\":{\"@type\":\"ImageObject\",\"@id\":\"https:\/\/www.comercialanma.es\/#logo\",\"inLanguage\":\"es\",\"url\":\"https:\/\/i2.wp.com\/www.comercialanma.es\/wp-content\/uploads\/2019\/06\/logo-anma-color.png?fit=247%2C101&ssl=1\",\"width\":247,\"height\":101,\"caption\":\"Comercial Anma\"},\"image\":{\"@id\":\"https:\/\/www.comercialanma.es\/#logo\"}},{\"@type\":\"WebSite\",\"@id\":\"https:\/\/www.comercialanma.es\/#website\",\"url\":\"https:\/\/www.comercialanma.es\/\",\"name\":\"Comercial de Hosteleria Anma\",\"description\":\"\",\"publisher\":{\"@id\":\"https:\/\/www.comercialanma.es\/#organization\"},\"potentialAction\":[{\"@type\":\"SearchAction\",\"target\":\"https:\/\/www.comercialanma.es\/?s={search_term_string}\",\"query-input\":\"required name=search_term_string\"}],\"inLanguage\":\"es\"},{\"@type\":\"ImageObject\",\"@id\":\"https:\/\/www.comercialanma.es\/?product=jalapenos-rodaja-800#primaryimage\",\"inLanguage\":\"es\",\"url\":\"https:\/\/i2.wp.com\/www.comercialanma.es\/wp-content\/uploads\/2022\/08\/Jalapenos-verdes-en-rodajas-250.jpg?fit=1080%2C1080&ssl=1\",\"width\":1080,\"height\":1080},{\"@type\":\"WebPage\",\"@id\":\"https:\/\/www.comercialanma.es\/?product=jalapenos-rodaja-800#webpage\",\"url\":\"https:\/\/www.comercialanma.es\/?product=jalapenos-rodaja-800\",\"name\":\"Chile Jalape\\u00f1os en rodajas 800gr. - Comercial de Hosteleria Anma\",\"isPartOf\":{\"@id\":\"https:\/\/www.comercialanma.es\/#website\"},\"primaryImageOfPage\":{\"@id\":\"https:\/\/www.comercialanma.es\/?product=jalapenos-rodaja-800#primaryimage\"},\"datePublished\":\"2022-08-04T08:30:26+00:00\",\"dateModified\":\"2022-08-04T08:41:06+00:00\",\"description\":\"Chile Jalape\\u00f1os rodajas | El Chamaquito | 800gr. | Son el complemento ideal para dar un toque picante a tus platos.\",\"breadcrumb\":{\"@id\":\"https:\/\/www.comercialanma.es\/?product=jalapenos-rodaja-800#breadcrumb\"},\"inLanguage\":\"es\",\"potentialAction\":[{\"@type\":\"ReadAction\",\"target\":[\"https:\/\/www.comercialanma.es\/?product=jalapenos-rodaja-800\"]}]},{\"@type\":\"BreadcrumbList\",\"@id\":\"https:\/\/www.comercialanma.es\/?product=jalapenos-rodaja-800#breadcrumb\",\"itemListElement\":[{\"@type\":\"ListItem\",\"position\":1,\"item\":{\"@type\":\"WebPage\",\"@id\":\"https:\/\/www.comercialanma.es\/\",\"url\":\"https:\/\/www.comercialanma.es\/\",\"name\":\"Portada\"}},{\"@type\":\"ListItem\",\"position\":2,\"item\":{\"@type\":\"WebPage\",\"@id\":\"https:\/\/www.comercialanma.es\/?page_id=3963\",\"url\":\"https:\/\/www.comercialanma.es\/?page_id=3963\",\"name\":\"Cat\\u00e1logo de Productos\"}},{\"@type\":\"ListItem\",\"position\":3,\"item\":{\"@type\":\"WebPage\",\"@id\":\"https:\/\/www.comercialanma.es\/?product=jalapenos-rodaja-800\",\"url\":\"https:\/\/www.comercialanma.es\/?product=jalapenos-rodaja-800\",\"name\":\"Chile Jalape\\u00f1os en rodajas 800gr.\"}}]}]}<\/script>\n<!-- \/ Yoast SEO plugin. -->","_links":{"self":[{"href":"https:\/\/www.comercialanma.es\/index.php?rest_route=\/wp\/v2\/product\/21772"}],"collection":[{"href":"https:\/\/www.comercialanma.es\/index.php?rest_route=\/wp\/v2\/product"}],"about":[{"href":"https:\/\/www.comercialanma.es\/index.php?rest_route=\/wp\/v2\/types\/product"}],"version-history":[{"count":2,"href":"https:\/\/www.comercialanma.es\/index.php?rest_route=\/wp\/v2\/product\/21772\/revisions"}],"predecessor-version":[{"id":21775,"href":"https:\/\/www.comercialanma.es\/index.php?rest_route=\/wp\/v2\/product\/21772\/revisions\/21775"}],"wp:featuredmedia":[{"embeddable":true,"href":"https:\/\/www.comercialanma.es\/index.php?rest_route=\/wp\/v2\/media\/21773"}],"wp:attachment":[{"href":"https:\/\/www.comercialanma.es\/index.php?rest_route=%2Fwp%2Fv2%2Fmedia&parent=21772"}],"curies":[{"name":"wp","href":"https:\/\/api.w.org\/{rel}","templated":true}]}}