
{"id":21787,"date":"2022-08-23T09:59:51","date_gmt":"2022-08-23T07:59:51","guid":{"rendered":"https:\/\/www.comercialanma.es\/?post_type=product&#038;p=21787"},"modified":"2022-08-24T08:23:25","modified_gmt":"2022-08-24T06:23:25","slug":"jamon-premium-jabuguena","status":"publish","type":"product","link":"https:\/\/www.comercialanma.es\/?product=jamon-premium-jabuguena","title":{"rendered":"Jam\u00f3n Premium Jabugue\u00f1a"},"content":{"rendered":"<ul>\n<li>Jam\u00f3n Premium<\/li>\n<li>7-8Kg .\/Aprox.<\/li>\n<li>Huelva<\/li>\n<\/ul>\n","protected":false},"excerpt":{"rendered":"<p>Jabugue\u00f1a Premium es el resultado de toda una vida de esfuerzo aunando los elementos necesarios para conseguir un gran resultado final, se podr\u00eda decir que es la joya de la corona de nuestros productos y nuestro mayor orgullo.<\/p>\n<p>Estos jamones proceden de cerdos sacrificados en el matadero LA JABUGUE\u00d1A ubicado en Jabugo (Huelva), criados en la finca CANTOS PICADOS propiedad del grupo, de aproximadamente 3500 hect\u00e1reas, ubicada en pleno Parque Natural de Sierra de Aracena y Picos de Aroche, est\u00e1 declarada Reserva de la Biosfera desde el a\u00f1o 2002 y es una dehesa certificada para la crianza de cerdos ib\u00e9ricos de BELLOTA.<\/p>\n<p>Los cerdos de CANTOS PICADOS proceden de progenitores presentes en la misma finca e inscritos en los correspondientes libros geneal\u00f3gicos de la raza IB\u00c9RICA.<\/p>\n<p>Son animales criados en r\u00e9gimen extensivo (en libertad) y no se sacrifican hasta alcanzar una edad m\u00ednima de 18 meses a fin de que sus productos adquieran las mejores cualidades organol\u00e9pticas.<\/p>\n<p>La alimentaci\u00f3n a lo largo de toda su vida es 100% natural.<\/p>\n<p>En base a esta alimentaci\u00f3n, los perfiles de \u00e1cidos grasos de sus grasas son iguales o superiores al 54% en \u00e1cido oleico, por todo ello la grasa de sus productos es calificada como cardiosaludable gracias al perfil de los \u00e1cidos grasos de la misma.<\/p>\n<p>En este sentido, decir que a partir de un 53% de \u00e1cido oleico ya se considera calidad de bellota lo cual implica que nuestro Premium sobrepasa todos los par\u00e1metros establecidos de calidad.<\/p>\n","protected":false},"featured_media":21788,"template":"","meta":{"spay_email":""},"yoast_head":"<!-- This site is optimized with the Yoast SEO plugin v15.9 - https:\/\/yoast.com\/wordpress\/plugins\/seo\/ -->\n<title>Jam\u00f3n Premium Jabugue\u00f1a - Comercial de Hosteleria Anma<\/title>\n<meta name=\"description\" content=\"Jam\u00f3n Premium | 7-8kg.\/ Aprox. | Jabugue\u00f1a | Se cr\u00edan en libertad, aliment\u00e1ndose de los recursos naturales.\" \/>\n<meta name=\"robots\" content=\"index, follow, max-snippet:-1, max-image-preview:large, max-video-preview:-1\" \/>\n<link rel=\"canonical\" href=\"https:\/\/www.comercialanma.es\/?product=jamon-premium-jabuguena\" \/>\n<meta property=\"og:locale\" content=\"es_ES\" \/>\n<meta property=\"og:type\" content=\"article\" \/>\n<meta property=\"og:title\" content=\"Jam\u00f3n Premium Jabugue\u00f1a - Comercial de Hosteleria Anma\" \/>\n<meta property=\"og:description\" content=\"Jam\u00f3n Premium | 7-8kg.\/ Aprox. | Jabugue\u00f1a | Se cr\u00edan en libertad, aliment\u00e1ndose de los recursos naturales.\" \/>\n<meta property=\"og:url\" content=\"https:\/\/www.comercialanma.es\/?product=jamon-premium-jabuguena\" \/>\n<meta property=\"og:site_name\" content=\"Comercial de Hosteleria Anma\" \/>\n<meta property=\"article:publisher\" content=\"https:\/\/www.facebook.com\/AnmaHosteleria\" \/>\n<meta property=\"article:modified_time\" content=\"2022-08-24T06:23:25+00:00\" \/>\n<meta property=\"og:image\" content=\"https:\/\/i1.wp.com\/www.comercialanma.es\/wp-content\/uploads\/2022\/08\/Jamon-premium-jabuguen\u0303a.jpg?fit=1080%2C1080&#038;ssl=1\" \/>\n\t<meta property=\"og:image:width\" content=\"1080\" \/>\n\t<meta property=\"og:image:height\" content=\"1080\" \/>\n<meta name=\"twitter:card\" content=\"summary_large_image\" \/>\n<meta name=\"twitter:label1\" content=\"Tiempo de lectura\">\n\t<meta name=\"twitter:data1\" content=\"1 minuto\">\n<script type=\"application\/ld+json\" class=\"yoast-schema-graph\">{\"@context\":\"https:\/\/schema.org\",\"@graph\":[{\"@type\":\"Organization\",\"@id\":\"https:\/\/www.comercialanma.es\/#organization\",\"name\":\"Comercial Anma\",\"url\":\"https:\/\/www.comercialanma.es\/\",\"sameAs\":[\"https:\/\/www.facebook.com\/AnmaHosteleria\",\"https:\/\/www.instagram.com\/anmahosteleria\/?hl=es\",\"https:\/\/www.youtube.com\/channel\/UCT2nmn08Ntks0hmpZPnDgCA\"],\"logo\":{\"@type\":\"ImageObject\",\"@id\":\"https:\/\/www.comercialanma.es\/#logo\",\"inLanguage\":\"es\",\"url\":\"https:\/\/i2.wp.com\/www.comercialanma.es\/wp-content\/uploads\/2019\/06\/logo-anma-color.png?fit=247%2C101&ssl=1\",\"width\":247,\"height\":101,\"caption\":\"Comercial Anma\"},\"image\":{\"@id\":\"https:\/\/www.comercialanma.es\/#logo\"}},{\"@type\":\"WebSite\",\"@id\":\"https:\/\/www.comercialanma.es\/#website\",\"url\":\"https:\/\/www.comercialanma.es\/\",\"name\":\"Comercial de Hosteleria Anma\",\"description\":\"\",\"publisher\":{\"@id\":\"https:\/\/www.comercialanma.es\/#organization\"},\"potentialAction\":[{\"@type\":\"SearchAction\",\"target\":\"https:\/\/www.comercialanma.es\/?s={search_term_string}\",\"query-input\":\"required name=search_term_string\"}],\"inLanguage\":\"es\"},{\"@type\":\"ImageObject\",\"@id\":\"https:\/\/www.comercialanma.es\/?product=jamon-premium-jabuguena#primaryimage\",\"inLanguage\":\"es\",\"url\":\"https:\/\/i1.wp.com\/www.comercialanma.es\/wp-content\/uploads\/2022\/08\/Jamon-premium-jabuguen\\u0303a.jpg?fit=1080%2C1080&ssl=1\",\"width\":1080,\"height\":1080},{\"@type\":\"WebPage\",\"@id\":\"https:\/\/www.comercialanma.es\/?product=jamon-premium-jabuguena#webpage\",\"url\":\"https:\/\/www.comercialanma.es\/?product=jamon-premium-jabuguena\",\"name\":\"Jam\\u00f3n Premium Jabugue\\u00f1a - Comercial de Hosteleria Anma\",\"isPartOf\":{\"@id\":\"https:\/\/www.comercialanma.es\/#website\"},\"primaryImageOfPage\":{\"@id\":\"https:\/\/www.comercialanma.es\/?product=jamon-premium-jabuguena#primaryimage\"},\"datePublished\":\"2022-08-23T07:59:51+00:00\",\"dateModified\":\"2022-08-24T06:23:25+00:00\",\"description\":\"Jam\\u00f3n Premium | 7-8kg.\/ Aprox. | Jabugue\\u00f1a | Se cr\\u00edan en libertad, aliment\\u00e1ndose de los recursos naturales.\",\"breadcrumb\":{\"@id\":\"https:\/\/www.comercialanma.es\/?product=jamon-premium-jabuguena#breadcrumb\"},\"inLanguage\":\"es\",\"potentialAction\":[{\"@type\":\"ReadAction\",\"target\":[\"https:\/\/www.comercialanma.es\/?product=jamon-premium-jabuguena\"]}]},{\"@type\":\"BreadcrumbList\",\"@id\":\"https:\/\/www.comercialanma.es\/?product=jamon-premium-jabuguena#breadcrumb\",\"itemListElement\":[{\"@type\":\"ListItem\",\"position\":1,\"item\":{\"@type\":\"WebPage\",\"@id\":\"https:\/\/www.comercialanma.es\/\",\"url\":\"https:\/\/www.comercialanma.es\/\",\"name\":\"Portada\"}},{\"@type\":\"ListItem\",\"position\":2,\"item\":{\"@type\":\"WebPage\",\"@id\":\"https:\/\/www.comercialanma.es\/?page_id=3963\",\"url\":\"https:\/\/www.comercialanma.es\/?page_id=3963\",\"name\":\"Cat\\u00e1logo de Productos\"}},{\"@type\":\"ListItem\",\"position\":3,\"item\":{\"@type\":\"WebPage\",\"@id\":\"https:\/\/www.comercialanma.es\/?product=jamon-premium-jabuguena\",\"url\":\"https:\/\/www.comercialanma.es\/?product=jamon-premium-jabuguena\",\"name\":\"Jam\\u00f3n Premium Jabugue\\u00f1a\"}}]}]}<\/script>\n<!-- \/ Yoast SEO plugin. -->","_links":{"self":[{"href":"https:\/\/www.comercialanma.es\/index.php?rest_route=\/wp\/v2\/product\/21787"}],"collection":[{"href":"https:\/\/www.comercialanma.es\/index.php?rest_route=\/wp\/v2\/product"}],"about":[{"href":"https:\/\/www.comercialanma.es\/index.php?rest_route=\/wp\/v2\/types\/product"}],"version-history":[{"count":1,"href":"https:\/\/www.comercialanma.es\/index.php?rest_route=\/wp\/v2\/product\/21787\/revisions"}],"predecessor-version":[{"id":21789,"href":"https:\/\/www.comercialanma.es\/index.php?rest_route=\/wp\/v2\/product\/21787\/revisions\/21789"}],"wp:featuredmedia":[{"embeddable":true,"href":"https:\/\/www.comercialanma.es\/index.php?rest_route=\/wp\/v2\/media\/21788"}],"wp:attachment":[{"href":"https:\/\/www.comercialanma.es\/index.php?rest_route=%2Fwp%2Fv2%2Fmedia&parent=21787"}],"curies":[{"name":"wp","href":"https:\/\/api.w.org\/{rel}","templated":true}]}}