
{"id":21797,"date":"2022-09-14T11:09:59","date_gmt":"2022-09-14T09:09:59","guid":{"rendered":"https:\/\/www.comercialanma.es\/?post_type=product&#038;p=21797"},"modified":"2022-09-14T11:15:10","modified_gmt":"2022-09-14T09:15:10","slug":"1870-la-rubia-barril-30","status":"publish","type":"product","link":"https:\/\/www.comercialanma.es\/?product=1870-la-rubia-barril-30","title":{"rendered":"Cerveza Barril La Rubia 18\/70 30L."},"content":{"rendered":"<div class=\"grid-wrapper\">\n<div class=\"grid-l-14 grid-xs-24\">\n<div class=\"product-info-list-wrap\">\n<p>Cerveza Lager con sabor y calidad Donostiarra.<\/p>\n<h3>Contenido<\/h3>\n<ul>\n<li>30L.<\/li>\n<\/ul>\n<h3>Nota de Cata<\/h3>\n<ul>\n<li>Una cerveza lager de trago f\u00e1cil, intenso sabor con aroma frutal y un punto de amargor en boca aportado por los l\u00fapulos Nugget y Perle empleados en su receta.<\/li>\n<li>El resultado es una cerveza especial de color rubio oscuro y espuma consistente, con m\u00e1s cuerpo, m\u00e1s malta que el resto de las cervezas de su categor\u00eda<\/li>\n<\/ul>\n<h3>Porcentaje de alcohol<\/h3>\n<\/div>\n<div class=\"product-info-list-wrap\">\n<ul>\n<li>6.2 % vol.<\/li>\n<\/ul>\n<\/div>\n<\/div>\n<\/div>\n","protected":false},"excerpt":{"rendered":"<ul>\n<li>Nacional<\/li>\n<\/ul>\n<p>Empez\u00f3 siendo una producci\u00f3n limitada de barrilesen algunas barras vascas\u2026 y la hicieron su signo de identidad.<br \/>\nNaci\u00f3 exclusivamente para el gusto del norte: una lager con m\u00e1s cuerpo y a la vez, f\u00e1cil de beber.<br \/>\nInspirada en la calidad, tradici\u00f3n y vanguardia de esta regi\u00f3n, representan el esp\u00edritu de quienes aman lo que hacen y comparten la esencia del car\u00e1cter de 18\/70.<\/p>\n<p>&nbsp;<\/p>\n<p>&nbsp;<\/p>\n","protected":false},"featured_media":21798,"template":"","meta":{"spay_email":""},"yoast_head":"<!-- This site is optimized with the Yoast SEO plugin v15.9 - https:\/\/yoast.com\/wordpress\/plugins\/seo\/ -->\n<title>Cerveza Barril La Rubia 18\/70 30L. - Comercial de Hosteleria Anma<\/title>\n<meta name=\"description\" content=\"Barril cerveza | La Rubia 18\/70 | 30L. | Cerveza Lager con sabor y calidad Donostiarra. Hoy d\u00eda signo de identidad en las barras bascas.\" \/>\n<meta name=\"robots\" content=\"index, follow, max-snippet:-1, max-image-preview:large, max-video-preview:-1\" \/>\n<link rel=\"canonical\" href=\"https:\/\/www.comercialanma.es\/?product=1870-la-rubia-barril-30\" \/>\n<meta property=\"og:locale\" content=\"es_ES\" \/>\n<meta property=\"og:type\" content=\"article\" \/>\n<meta property=\"og:title\" content=\"Cerveza Barril La Rubia 18\/70 30L. - Comercial de Hosteleria Anma\" \/>\n<meta property=\"og:description\" content=\"Barril cerveza | La Rubia 18\/70 | 30L. | Cerveza Lager con sabor y calidad Donostiarra. Hoy d\u00eda signo de identidad en las barras bascas.\" \/>\n<meta property=\"og:url\" content=\"https:\/\/www.comercialanma.es\/?product=1870-la-rubia-barril-30\" \/>\n<meta property=\"og:site_name\" content=\"Comercial de Hosteleria Anma\" \/>\n<meta property=\"article:publisher\" content=\"https:\/\/www.facebook.com\/AnmaHosteleria\" \/>\n<meta property=\"article:modified_time\" content=\"2022-09-14T09:15:10+00:00\" \/>\n<meta property=\"og:image\" content=\"https:\/\/i2.wp.com\/www.comercialanma.es\/wp-content\/uploads\/2022\/09\/BARRIL-30-LA-RUBIA-1870.jpg?fit=1080%2C1080&#038;ssl=1\" \/>\n\t<meta property=\"og:image:width\" content=\"1080\" \/>\n\t<meta property=\"og:image:height\" content=\"1080\" \/>\n<meta name=\"twitter:card\" content=\"summary_large_image\" \/>\n<meta name=\"twitter:label1\" content=\"Tiempo de lectura\">\n\t<meta name=\"twitter:data1\" content=\"1 minuto\">\n<script type=\"application\/ld+json\" class=\"yoast-schema-graph\">{\"@context\":\"https:\/\/schema.org\",\"@graph\":[{\"@type\":\"Organization\",\"@id\":\"https:\/\/www.comercialanma.es\/#organization\",\"name\":\"Comercial Anma\",\"url\":\"https:\/\/www.comercialanma.es\/\",\"sameAs\":[\"https:\/\/www.facebook.com\/AnmaHosteleria\",\"https:\/\/www.instagram.com\/anmahosteleria\/?hl=es\",\"https:\/\/www.youtube.com\/channel\/UCT2nmn08Ntks0hmpZPnDgCA\"],\"logo\":{\"@type\":\"ImageObject\",\"@id\":\"https:\/\/www.comercialanma.es\/#logo\",\"inLanguage\":\"es\",\"url\":\"https:\/\/i2.wp.com\/www.comercialanma.es\/wp-content\/uploads\/2019\/06\/logo-anma-color.png?fit=247%2C101&ssl=1\",\"width\":247,\"height\":101,\"caption\":\"Comercial Anma\"},\"image\":{\"@id\":\"https:\/\/www.comercialanma.es\/#logo\"}},{\"@type\":\"WebSite\",\"@id\":\"https:\/\/www.comercialanma.es\/#website\",\"url\":\"https:\/\/www.comercialanma.es\/\",\"name\":\"Comercial de Hosteleria Anma\",\"description\":\"\",\"publisher\":{\"@id\":\"https:\/\/www.comercialanma.es\/#organization\"},\"potentialAction\":[{\"@type\":\"SearchAction\",\"target\":\"https:\/\/www.comercialanma.es\/?s={search_term_string}\",\"query-input\":\"required name=search_term_string\"}],\"inLanguage\":\"es\"},{\"@type\":\"ImageObject\",\"@id\":\"https:\/\/www.comercialanma.es\/?product=1870-la-rubia-barril-30#primaryimage\",\"inLanguage\":\"es\",\"url\":\"https:\/\/i2.wp.com\/www.comercialanma.es\/wp-content\/uploads\/2022\/09\/BARRIL-30-LA-RUBIA-1870.jpg?fit=1080%2C1080&ssl=1\",\"width\":1080,\"height\":1080},{\"@type\":\"WebPage\",\"@id\":\"https:\/\/www.comercialanma.es\/?product=1870-la-rubia-barril-30#webpage\",\"url\":\"https:\/\/www.comercialanma.es\/?product=1870-la-rubia-barril-30\",\"name\":\"Cerveza Barril La Rubia 18\/70 30L. - Comercial de Hosteleria Anma\",\"isPartOf\":{\"@id\":\"https:\/\/www.comercialanma.es\/#website\"},\"primaryImageOfPage\":{\"@id\":\"https:\/\/www.comercialanma.es\/?product=1870-la-rubia-barril-30#primaryimage\"},\"datePublished\":\"2022-09-14T09:09:59+00:00\",\"dateModified\":\"2022-09-14T09:15:10+00:00\",\"description\":\"Barril cerveza | La Rubia 18\/70 | 30L. | Cerveza Lager con sabor y calidad Donostiarra. Hoy d\\u00eda signo de identidad en las barras bascas.\",\"breadcrumb\":{\"@id\":\"https:\/\/www.comercialanma.es\/?product=1870-la-rubia-barril-30#breadcrumb\"},\"inLanguage\":\"es\",\"potentialAction\":[{\"@type\":\"ReadAction\",\"target\":[\"https:\/\/www.comercialanma.es\/?product=1870-la-rubia-barril-30\"]}]},{\"@type\":\"BreadcrumbList\",\"@id\":\"https:\/\/www.comercialanma.es\/?product=1870-la-rubia-barril-30#breadcrumb\",\"itemListElement\":[{\"@type\":\"ListItem\",\"position\":1,\"item\":{\"@type\":\"WebPage\",\"@id\":\"https:\/\/www.comercialanma.es\/\",\"url\":\"https:\/\/www.comercialanma.es\/\",\"name\":\"Portada\"}},{\"@type\":\"ListItem\",\"position\":2,\"item\":{\"@type\":\"WebPage\",\"@id\":\"https:\/\/www.comercialanma.es\/?page_id=3963\",\"url\":\"https:\/\/www.comercialanma.es\/?page_id=3963\",\"name\":\"Cat\\u00e1logo de Productos\"}},{\"@type\":\"ListItem\",\"position\":3,\"item\":{\"@type\":\"WebPage\",\"@id\":\"https:\/\/www.comercialanma.es\/?product=1870-la-rubia-barril-30\",\"url\":\"https:\/\/www.comercialanma.es\/?product=1870-la-rubia-barril-30\",\"name\":\"Cerveza Barril La Rubia 18\/70 30L.\"}}]}]}<\/script>\n<!-- \/ Yoast SEO plugin. -->","_links":{"self":[{"href":"https:\/\/www.comercialanma.es\/index.php?rest_route=\/wp\/v2\/product\/21797"}],"collection":[{"href":"https:\/\/www.comercialanma.es\/index.php?rest_route=\/wp\/v2\/product"}],"about":[{"href":"https:\/\/www.comercialanma.es\/index.php?rest_route=\/wp\/v2\/types\/product"}],"version-history":[{"count":1,"href":"https:\/\/www.comercialanma.es\/index.php?rest_route=\/wp\/v2\/product\/21797\/revisions"}],"predecessor-version":[{"id":21799,"href":"https:\/\/www.comercialanma.es\/index.php?rest_route=\/wp\/v2\/product\/21797\/revisions\/21799"}],"wp:featuredmedia":[{"embeddable":true,"href":"https:\/\/www.comercialanma.es\/index.php?rest_route=\/wp\/v2\/media\/21798"}],"wp:attachment":[{"href":"https:\/\/www.comercialanma.es\/index.php?rest_route=%2Fwp%2Fv2%2Fmedia&parent=21797"}],"curies":[{"name":"wp","href":"https:\/\/api.w.org\/{rel}","templated":true}]}}