
{"id":21978,"date":"2022-12-28T12:28:57","date_gmt":"2022-12-28T11:28:57","guid":{"rendered":"https:\/\/www.comercialanma.es\/?post_type=product&#038;p=21978"},"modified":"2022-12-28T12:42:32","modified_gmt":"2022-12-28T11:42:32","slug":"peligro-catrina-sandia","status":"publish","type":"product","link":"https:\/\/www.comercialanma.es\/?product=peligro-catrina-sandia","title":{"rendered":"Crema Tequila Peligro Catrina Sand\u00eda 70cl."},"content":{"rendered":"<h3>Nota de Cata:<\/h3>\n<ul>\n<li>Vista: Textura cremosa con una tonalidad crom\u00e1tica rojiza procedente de esta fruta tan veraniega.<\/li>\n<li>Nariz: Intenso y dulce aroma a sand\u00eda con leve recuerdos c\u00edtricos.<\/li>\n<li>En Boca: Primera impresi\u00f3n cremosa y suave en el paladar, con pinceladas de sabor a tequila y unas refrescantes, profundas y persistentes notas a sand\u00eda.<\/li>\n<\/ul>\n<p><strong>Contiene productos l\u00e1cteos<\/strong><\/p>\n<h3>Graduaci\u00f3n:<\/h3>\n<ul>\n<li>15% vol.<\/li>\n<\/ul>\n","protected":false},"excerpt":{"rendered":"<p>La propuesta m\u00e1s refrescante y veraniega de Peligro Catrina. Sugerente crema l\u00e1ctea con agradable textura y el sabor propio del tequila unida con una intensa presencia de la sand\u00eda, que le aporta un alto grado de frescor. Imprescindible consumirlo a temperaturas muy bajas, ya sea en una copa con hielo o emple\u00e1ndolo en reposter\u00eda.<\/p>\n","protected":false},"featured_media":21979,"template":"","meta":{"spay_email":""},"yoast_head":"<!-- This site is optimized with the Yoast SEO plugin v15.9 - https:\/\/yoast.com\/wordpress\/plugins\/seo\/ -->\n<title>Crema Tequila Peligro Catrina Sand\u00eda 70cl. - Comercial de Hosteleria Anma<\/title>\n<meta name=\"description\" content=\"Crema Tequila Peligro Catrina Sand\u00eda | 70cl.| 15\u00ba vol. | crema con agradable textura y el sabor del tequila, intensa presencia de la sand\u00eda.\" \/>\n<meta name=\"robots\" content=\"index, follow, max-snippet:-1, max-image-preview:large, max-video-preview:-1\" \/>\n<link rel=\"canonical\" href=\"https:\/\/www.comercialanma.es\/?product=peligro-catrina-sandia\" \/>\n<meta property=\"og:locale\" content=\"es_ES\" \/>\n<meta property=\"og:type\" content=\"article\" \/>\n<meta property=\"og:title\" content=\"Crema Tequila Peligro Catrina Sand\u00eda 70cl. - Comercial de Hosteleria Anma\" \/>\n<meta property=\"og:description\" content=\"Crema Tequila Peligro Catrina Sand\u00eda | 70cl.| 15\u00ba vol. | crema con agradable textura y el sabor del tequila, intensa presencia de la sand\u00eda.\" \/>\n<meta property=\"og:url\" content=\"https:\/\/www.comercialanma.es\/?product=peligro-catrina-sandia\" \/>\n<meta property=\"og:site_name\" content=\"Comercial de Hosteleria Anma\" \/>\n<meta property=\"article:publisher\" content=\"https:\/\/www.facebook.com\/AnmaHosteleria\" \/>\n<meta property=\"article:modified_time\" content=\"2022-12-28T11:42:32+00:00\" \/>\n<meta property=\"og:image\" content=\"https:\/\/i0.wp.com\/www.comercialanma.es\/wp-content\/uploads\/2022\/12\/peligro-catrina-sandia.jpg?fit=1080%2C1080&#038;ssl=1\" \/>\n\t<meta property=\"og:image:width\" content=\"1080\" \/>\n\t<meta property=\"og:image:height\" content=\"1080\" \/>\n<meta name=\"twitter:card\" content=\"summary_large_image\" \/>\n<meta name=\"twitter:label1\" content=\"Tiempo de lectura\">\n\t<meta name=\"twitter:data1\" content=\"1 minuto\">\n<script type=\"application\/ld+json\" class=\"yoast-schema-graph\">{\"@context\":\"https:\/\/schema.org\",\"@graph\":[{\"@type\":\"Organization\",\"@id\":\"https:\/\/www.comercialanma.es\/#organization\",\"name\":\"Comercial Anma\",\"url\":\"https:\/\/www.comercialanma.es\/\",\"sameAs\":[\"https:\/\/www.facebook.com\/AnmaHosteleria\",\"https:\/\/www.instagram.com\/anmahosteleria\/?hl=es\",\"https:\/\/www.youtube.com\/channel\/UCT2nmn08Ntks0hmpZPnDgCA\"],\"logo\":{\"@type\":\"ImageObject\",\"@id\":\"https:\/\/www.comercialanma.es\/#logo\",\"inLanguage\":\"es\",\"url\":\"https:\/\/i2.wp.com\/www.comercialanma.es\/wp-content\/uploads\/2019\/06\/logo-anma-color.png?fit=247%2C101&ssl=1\",\"width\":247,\"height\":101,\"caption\":\"Comercial Anma\"},\"image\":{\"@id\":\"https:\/\/www.comercialanma.es\/#logo\"}},{\"@type\":\"WebSite\",\"@id\":\"https:\/\/www.comercialanma.es\/#website\",\"url\":\"https:\/\/www.comercialanma.es\/\",\"name\":\"Comercial de Hosteleria Anma\",\"description\":\"\",\"publisher\":{\"@id\":\"https:\/\/www.comercialanma.es\/#organization\"},\"potentialAction\":[{\"@type\":\"SearchAction\",\"target\":\"https:\/\/www.comercialanma.es\/?s={search_term_string}\",\"query-input\":\"required name=search_term_string\"}],\"inLanguage\":\"es\"},{\"@type\":\"ImageObject\",\"@id\":\"https:\/\/www.comercialanma.es\/?product=peligro-catrina-sandia#primaryimage\",\"inLanguage\":\"es\",\"url\":\"https:\/\/i0.wp.com\/www.comercialanma.es\/wp-content\/uploads\/2022\/12\/peligro-catrina-sandia.jpg?fit=1080%2C1080&ssl=1\",\"width\":1080,\"height\":1080},{\"@type\":\"WebPage\",\"@id\":\"https:\/\/www.comercialanma.es\/?product=peligro-catrina-sandia#webpage\",\"url\":\"https:\/\/www.comercialanma.es\/?product=peligro-catrina-sandia\",\"name\":\"Crema Tequila Peligro Catrina Sand\\u00eda 70cl. - Comercial de Hosteleria Anma\",\"isPartOf\":{\"@id\":\"https:\/\/www.comercialanma.es\/#website\"},\"primaryImageOfPage\":{\"@id\":\"https:\/\/www.comercialanma.es\/?product=peligro-catrina-sandia#primaryimage\"},\"datePublished\":\"2022-12-28T11:28:57+00:00\",\"dateModified\":\"2022-12-28T11:42:32+00:00\",\"description\":\"Crema Tequila Peligro Catrina Sand\\u00eda | 70cl.| 15\\u00ba vol. | crema con agradable textura y el sabor del tequila, intensa presencia de la sand\\u00eda.\",\"breadcrumb\":{\"@id\":\"https:\/\/www.comercialanma.es\/?product=peligro-catrina-sandia#breadcrumb\"},\"inLanguage\":\"es\",\"potentialAction\":[{\"@type\":\"ReadAction\",\"target\":[\"https:\/\/www.comercialanma.es\/?product=peligro-catrina-sandia\"]}]},{\"@type\":\"BreadcrumbList\",\"@id\":\"https:\/\/www.comercialanma.es\/?product=peligro-catrina-sandia#breadcrumb\",\"itemListElement\":[{\"@type\":\"ListItem\",\"position\":1,\"item\":{\"@type\":\"WebPage\",\"@id\":\"https:\/\/www.comercialanma.es\/\",\"url\":\"https:\/\/www.comercialanma.es\/\",\"name\":\"Portada\"}},{\"@type\":\"ListItem\",\"position\":2,\"item\":{\"@type\":\"WebPage\",\"@id\":\"https:\/\/www.comercialanma.es\/?page_id=3963\",\"url\":\"https:\/\/www.comercialanma.es\/?page_id=3963\",\"name\":\"Cat\\u00e1logo de Productos\"}},{\"@type\":\"ListItem\",\"position\":3,\"item\":{\"@type\":\"WebPage\",\"@id\":\"https:\/\/www.comercialanma.es\/?product=peligro-catrina-sandia\",\"url\":\"https:\/\/www.comercialanma.es\/?product=peligro-catrina-sandia\",\"name\":\"Crema Tequila Peligro Catrina Sand\\u00eda 70cl.\"}}]}]}<\/script>\n<!-- \/ Yoast SEO plugin. -->","_links":{"self":[{"href":"https:\/\/www.comercialanma.es\/index.php?rest_route=\/wp\/v2\/product\/21978"}],"collection":[{"href":"https:\/\/www.comercialanma.es\/index.php?rest_route=\/wp\/v2\/product"}],"about":[{"href":"https:\/\/www.comercialanma.es\/index.php?rest_route=\/wp\/v2\/types\/product"}],"version-history":[{"count":2,"href":"https:\/\/www.comercialanma.es\/index.php?rest_route=\/wp\/v2\/product\/21978\/revisions"}],"predecessor-version":[{"id":21984,"href":"https:\/\/www.comercialanma.es\/index.php?rest_route=\/wp\/v2\/product\/21978\/revisions\/21984"}],"wp:featuredmedia":[{"embeddable":true,"href":"https:\/\/www.comercialanma.es\/index.php?rest_route=\/wp\/v2\/media\/21979"}],"wp:attachment":[{"href":"https:\/\/www.comercialanma.es\/index.php?rest_route=%2Fwp%2Fv2%2Fmedia&parent=21978"}],"curies":[{"name":"wp","href":"https:\/\/api.w.org\/{rel}","templated":true}]}}