
{"id":22562,"date":"2023-09-20T12:28:10","date_gmt":"2023-09-20T10:28:10","guid":{"rendered":"https:\/\/www.comercialanma.es\/?post_type=product&#038;p=22562"},"modified":"2023-09-20T12:35:34","modified_gmt":"2023-09-20T10:35:34","slug":"la-camioneta","status":"publish","type":"product","link":"https:\/\/www.comercialanma.es\/?product=la-camioneta","title":{"rendered":"La Camioneta 75cl."},"content":{"rendered":"<h3>D.O.:<\/h3>\n<ul>\n<li>Rueda<\/li>\n<\/ul>\n<h3>Variedades de uva:<\/h3>\n<ul>\n<li><span class=\"tlid-translation translation\" lang=\"es\"><span title=\"\"><span class=\"tablaValorContenido\">Verdejo<br \/>\n<\/span><\/span><\/span><\/li>\n<\/ul>\n<h3>Graduaci\u00f3n:<\/h3>\n<ul>\n<li>Graduaci\u00f3n: 13,0% vol.<\/li>\n<\/ul>\n<h3>Nota de Cata:<\/h3>\n<div>\n<ul>\n<li>Notas de Cata Color alimonado con reflejos dorados. En nariz predominan las notas a hinojo, heno y fruta blanca madura. En boca es frutoso, intenso y agradable.<\/li>\n<\/ul>\n<h3>Maridaje<\/h3>\n<ul>\n<li>Disfruta de este vino verdejo con mariscos y pescados y sorprende con un maridaje con comida asi\u00e1tica.<\/li>\n<\/ul>\n<\/div>\n","protected":false},"excerpt":{"rendered":"<p>En Espa\u00f1a, la variedad de uva verdejo es un sin\u00f3nimo de un delicioso vino blanco ligero y afrutado. La Camioneta Verdejo es un vino que capta a la perfecci\u00f3n la imagen fresca y desenfada de la regi\u00f3n de Rueda, donde est\u00e1 ubicada la bodega de Pagos del Rey. Un cultivo cuidadoso de la uva estrella de esta regi\u00f3n, la verdejo, combinada con las m\u00e1s modernas t\u00e9cnicas en vinificaci\u00f3n, dan lugar a un vino blanco deliciosamente fresco y afrutado con verdadero car\u00e1cter y personalidad.<\/p>\n","protected":false},"featured_media":22563,"template":"","meta":{"spay_email":""},"yoast_head":"<!-- This site is optimized with the Yoast SEO plugin v15.9 - https:\/\/yoast.com\/wordpress\/plugins\/seo\/ -->\n<title>La Camioneta 75cl. - Comercial de Hosteleria Anma<\/title>\n<meta name=\"description\" content=\"La Camioneta Verdejo es un vino que capta a la perfecci\u00f3n la imagen fresca y desenfada de la regi\u00f3n de Rueda.\" \/>\n<meta name=\"robots\" content=\"index, follow, max-snippet:-1, max-image-preview:large, max-video-preview:-1\" \/>\n<link rel=\"canonical\" href=\"https:\/\/www.comercialanma.es\/?product=la-camioneta\" \/>\n<meta property=\"og:locale\" content=\"es_ES\" \/>\n<meta property=\"og:type\" content=\"article\" \/>\n<meta property=\"og:title\" content=\"La Camioneta 75cl. - Comercial de Hosteleria Anma\" \/>\n<meta property=\"og:description\" content=\"La Camioneta Verdejo es un vino que capta a la perfecci\u00f3n la imagen fresca y desenfada de la regi\u00f3n de Rueda.\" \/>\n<meta property=\"og:url\" content=\"https:\/\/www.comercialanma.es\/?product=la-camioneta\" \/>\n<meta property=\"og:site_name\" content=\"Comercial de Hosteleria Anma\" \/>\n<meta property=\"article:publisher\" content=\"https:\/\/www.facebook.com\/AnmaHosteleria\" \/>\n<meta property=\"article:modified_time\" content=\"2023-09-20T10:35:34+00:00\" \/>\n<meta property=\"og:image\" content=\"https:\/\/i2.wp.com\/www.comercialanma.es\/wp-content\/uploads\/2023\/09\/la-camioneta.jpg?fit=1080%2C1080&#038;ssl=1\" \/>\n\t<meta property=\"og:image:width\" content=\"1080\" \/>\n\t<meta property=\"og:image:height\" content=\"1080\" \/>\n<meta name=\"twitter:card\" content=\"summary_large_image\" \/>\n<meta name=\"twitter:label1\" content=\"Tiempo de lectura\">\n\t<meta name=\"twitter:data1\" content=\"1 minuto\">\n<script type=\"application\/ld+json\" class=\"yoast-schema-graph\">{\"@context\":\"https:\/\/schema.org\",\"@graph\":[{\"@type\":\"Organization\",\"@id\":\"https:\/\/www.comercialanma.es\/#organization\",\"name\":\"Comercial Anma\",\"url\":\"https:\/\/www.comercialanma.es\/\",\"sameAs\":[\"https:\/\/www.facebook.com\/AnmaHosteleria\",\"https:\/\/www.instagram.com\/anmahosteleria\/?hl=es\",\"https:\/\/www.youtube.com\/channel\/UCT2nmn08Ntks0hmpZPnDgCA\"],\"logo\":{\"@type\":\"ImageObject\",\"@id\":\"https:\/\/www.comercialanma.es\/#logo\",\"inLanguage\":\"es\",\"url\":\"https:\/\/i2.wp.com\/www.comercialanma.es\/wp-content\/uploads\/2019\/06\/logo-anma-color.png?fit=247%2C101&ssl=1\",\"width\":247,\"height\":101,\"caption\":\"Comercial Anma\"},\"image\":{\"@id\":\"https:\/\/www.comercialanma.es\/#logo\"}},{\"@type\":\"WebSite\",\"@id\":\"https:\/\/www.comercialanma.es\/#website\",\"url\":\"https:\/\/www.comercialanma.es\/\",\"name\":\"Comercial de Hosteleria Anma\",\"description\":\"\",\"publisher\":{\"@id\":\"https:\/\/www.comercialanma.es\/#organization\"},\"potentialAction\":[{\"@type\":\"SearchAction\",\"target\":\"https:\/\/www.comercialanma.es\/?s={search_term_string}\",\"query-input\":\"required name=search_term_string\"}],\"inLanguage\":\"es\"},{\"@type\":\"ImageObject\",\"@id\":\"https:\/\/www.comercialanma.es\/?product=la-camioneta#primaryimage\",\"inLanguage\":\"es\",\"url\":\"https:\/\/i2.wp.com\/www.comercialanma.es\/wp-content\/uploads\/2023\/09\/la-camioneta.jpg?fit=1080%2C1080&ssl=1\",\"width\":1080,\"height\":1080},{\"@type\":\"WebPage\",\"@id\":\"https:\/\/www.comercialanma.es\/?product=la-camioneta#webpage\",\"url\":\"https:\/\/www.comercialanma.es\/?product=la-camioneta\",\"name\":\"La Camioneta 75cl. - Comercial de Hosteleria Anma\",\"isPartOf\":{\"@id\":\"https:\/\/www.comercialanma.es\/#website\"},\"primaryImageOfPage\":{\"@id\":\"https:\/\/www.comercialanma.es\/?product=la-camioneta#primaryimage\"},\"datePublished\":\"2023-09-20T10:28:10+00:00\",\"dateModified\":\"2023-09-20T10:35:34+00:00\",\"description\":\"La Camioneta Verdejo es un vino que capta a la perfecci\\u00f3n la imagen fresca y desenfada de la regi\\u00f3n de Rueda.\",\"breadcrumb\":{\"@id\":\"https:\/\/www.comercialanma.es\/?product=la-camioneta#breadcrumb\"},\"inLanguage\":\"es\",\"potentialAction\":[{\"@type\":\"ReadAction\",\"target\":[\"https:\/\/www.comercialanma.es\/?product=la-camioneta\"]}]},{\"@type\":\"BreadcrumbList\",\"@id\":\"https:\/\/www.comercialanma.es\/?product=la-camioneta#breadcrumb\",\"itemListElement\":[{\"@type\":\"ListItem\",\"position\":1,\"item\":{\"@type\":\"WebPage\",\"@id\":\"https:\/\/www.comercialanma.es\/\",\"url\":\"https:\/\/www.comercialanma.es\/\",\"name\":\"Portada\"}},{\"@type\":\"ListItem\",\"position\":2,\"item\":{\"@type\":\"WebPage\",\"@id\":\"https:\/\/www.comercialanma.es\/?page_id=3963\",\"url\":\"https:\/\/www.comercialanma.es\/?page_id=3963\",\"name\":\"Cat\\u00e1logo de Productos\"}},{\"@type\":\"ListItem\",\"position\":3,\"item\":{\"@type\":\"WebPage\",\"@id\":\"https:\/\/www.comercialanma.es\/?product=la-camioneta\",\"url\":\"https:\/\/www.comercialanma.es\/?product=la-camioneta\",\"name\":\"La Camioneta 75cl.\"}}]}]}<\/script>\n<!-- \/ Yoast SEO plugin. -->","_links":{"self":[{"href":"https:\/\/www.comercialanma.es\/index.php?rest_route=\/wp\/v2\/product\/22562"}],"collection":[{"href":"https:\/\/www.comercialanma.es\/index.php?rest_route=\/wp\/v2\/product"}],"about":[{"href":"https:\/\/www.comercialanma.es\/index.php?rest_route=\/wp\/v2\/types\/product"}],"version-history":[{"count":1,"href":"https:\/\/www.comercialanma.es\/index.php?rest_route=\/wp\/v2\/product\/22562\/revisions"}],"predecessor-version":[{"id":22564,"href":"https:\/\/www.comercialanma.es\/index.php?rest_route=\/wp\/v2\/product\/22562\/revisions\/22564"}],"wp:featuredmedia":[{"embeddable":true,"href":"https:\/\/www.comercialanma.es\/index.php?rest_route=\/wp\/v2\/media\/22563"}],"wp:attachment":[{"href":"https:\/\/www.comercialanma.es\/index.php?rest_route=%2Fwp%2Fv2%2Fmedia&parent=22562"}],"curies":[{"name":"wp","href":"https:\/\/api.w.org\/{rel}","templated":true}]}}

<h3>D.O.:</h3>
<ul>
<li>Rueda</li>
</ul>
<h3>Variedades de uva:</h3>
<ul>
<li><span class="tlid-translation translation" lang="es"><span title=""><span class="tablaValorContenido">Verdejo<br />
</span></span></span></li>
</ul>
<h3>Graduación:</h3>
<ul>
<li>Graduación: 13,0% vol.</li>
</ul>
<h3>Nota de Cata:</h3>
<div>
<ul>
<li>Notas de Cata Color alimonado con reflejos dorados. En nariz predominan las notas a hinojo, heno y fruta blanca madura. En boca es frutoso, intenso y agradable.</li>
</ul>
<h3>Maridaje</h3>
<ul>
<li>Disfruta de este vino verdejo con mariscos y pescados y sorprende con un maridaje con comida asiática.</li>
</ul>
</div>

<p>En España, la variedad de uva verdejo es un sinónimo de un delicioso vino blanco ligero y afrutado. La Camioneta Verdejo es un vino que capta a la perfección la imagen fresca y desenfada de la región de Rueda, donde está ubicada la bodega de Pagos del Rey. Un cultivo cuidadoso de la uva estrella de esta región, la verdejo, combinada con las más modernas técnicas en vinificación, dan lugar a un vino blanco deliciosamente fresco y afrutado con verdadero carácter y personalidad.</p>

<!-- This site is optimized with the Yoast SEO plugin v15.9 - https://yoast.com/wordpress/plugins/seo/ -->
<title>La Camioneta 75cl. - Comercial de Hosteleria Anma</title>
<meta name="description" content="La Camioneta Verdejo es un vino que capta a la perfección la imagen fresca y desenfada de la región de Rueda." />
<meta name="robots" content="index, follow, max-snippet:-1, max-image-preview:large, max-video-preview:-1" />
<link rel="canonical" href="https://www.comercialanma.es/?product=la-camioneta" />
<meta property="og:locale" content="es_ES" />
<meta property="og:type" content="article" />
<meta property="og:title" content="La Camioneta 75cl. - Comercial de Hosteleria Anma" />
<meta property="og:description" content="La Camioneta Verdejo es un vino que capta a la perfección la imagen fresca y desenfada de la región de Rueda." />
<meta property="og:url" content="https://www.comercialanma.es/?product=la-camioneta" />
<meta property="og:site_name" content="Comercial de Hosteleria Anma" />
<meta property="article:publisher" content="https://www.facebook.com/AnmaHosteleria" />
<meta property="article:modified_time" content="2023-09-20T10:35:34+00:00" />
<meta property="og:image" content="https://i2.wp.com/www.comercialanma.es/wp-content/uploads/2023/09/la-camioneta.jpg?fit=1080%2C1080&#038;ssl=1" />
	<meta property="og:image:width" content="1080" />
	<meta property="og:image:height" content="1080" />
<meta name="twitter:card" content="summary_large_image" />
<meta name="twitter:label1" content="Tiempo de lectura">
	<meta name="twitter:data1" content="1 minuto">
<script type="application/ld+json" class="yoast-schema-graph">{"@context":"https://schema.org","@graph":[{"@type":"Organization","@id":"https://www.comercialanma.es/#organization","name":"Comercial Anma","url":"https://www.comercialanma.es/","sameAs":["https://www.facebook.com/AnmaHosteleria","https://www.instagram.com/anmahosteleria/?hl=es","https://www.youtube.com/channel/UCT2nmn08Ntks0hmpZPnDgCA"],"logo":{"@type":"ImageObject","@id":"https://www.comercialanma.es/#logo","inLanguage":"es","url":"https://i2.wp.com/www.comercialanma.es/wp-content/uploads/2019/06/logo-anma-color.png?fit=247%2C101&ssl=1","width":247,"height":101,"caption":"Comercial Anma"},"image":{"@id":"https://www.comercialanma.es/#logo"}},{"@type":"WebSite","@id":"https://www.comercialanma.es/#website","url":"https://www.comercialanma.es/","name":"Comercial de Hosteleria Anma","description":"","publisher":{"@id":"https://www.comercialanma.es/#organization"},"potentialAction":[{"@type":"SearchAction","target":"https://www.comercialanma.es/?s={search_term_string}","query-input":"required name=search_term_string"}],"inLanguage":"es"},{"@type":"ImageObject","@id":"https://www.comercialanma.es/?product=la-camioneta#primaryimage","inLanguage":"es","url":"https://i2.wp.com/www.comercialanma.es/wp-content/uploads/2023/09/la-camioneta.jpg?fit=1080%2C1080&ssl=1","width":1080,"height":1080},{"@type":"WebPage","@id":"https://www.comercialanma.es/?product=la-camioneta#webpage","url":"https://www.comercialanma.es/?product=la-camioneta","name":"La Camioneta 75cl. - Comercial de Hosteleria Anma","isPartOf":{"@id":"https://www.comercialanma.es/#website"},"primaryImageOfPage":{"@id":"https://www.comercialanma.es/?product=la-camioneta#primaryimage"},"datePublished":"2023-09-20T10:28:10+00:00","dateModified":"2023-09-20T10:35:34+00:00","description":"La Camioneta Verdejo es un vino que capta a la perfecci\u00f3n la imagen fresca y desenfada de la regi\u00f3n de Rueda.","breadcrumb":{"@id":"https://www.comercialanma.es/?product=la-camioneta#breadcrumb"},"inLanguage":"es","potentialAction":[{"@type":"ReadAction","target":["https://www.comercialanma.es/?product=la-camioneta"]}]},{"@type":"BreadcrumbList","@id":"https://www.comercialanma.es/?product=la-camioneta#breadcrumb","itemListElement":[{"@type":"ListItem","position":1,"item":{"@type":"WebPage","@id":"https://www.comercialanma.es/","url":"https://www.comercialanma.es/","name":"Portada"}},{"@type":"ListItem","position":2,"item":{"@type":"WebPage","@id":"https://www.comercialanma.es/?page_id=3963","url":"https://www.comercialanma.es/?page_id=3963","name":"Cat\u00e1logo de Productos"}},{"@type":"ListItem","position":3,"item":{"@type":"WebPage","@id":"https://www.comercialanma.es/?product=la-camioneta","url":"https://www.comercialanma.es/?product=la-camioneta","name":"La Camioneta 75cl."}}]}]}</script>
<!-- / Yoast SEO plugin. -->
