
{"id":22565,"date":"2023-09-20T12:44:46","date_gmt":"2023-09-20T10:44:46","guid":{"rendered":"https:\/\/www.comercialanma.es\/?post_type=product&#038;p=22565"},"modified":"2023-09-20T12:53:01","modified_gmt":"2023-09-20T10:53:01","slug":"pago-pitaya","status":"publish","type":"product","link":"https:\/\/www.comercialanma.es\/?product=pago-pitaya","title":{"rendered":"Zumo Pago Pitaya 20cl."},"content":{"rendered":"<p>La pitaya es una fruta tropical que es conocida por sus propiedades nutricionales y beneficios para la salud.<\/p>\n<h3 class=\"product_info_title\">Ingredientes<\/h3>\n<p>Agua, zumo de manzana a partir de concentrado (14%), pur\u00e9 de guayaba (12%), pur\u00e9 de pitaya (5%), az\u00facar, zumo de lim\u00f3n a partir de concentrado, zumo de remolacha a partir de concentrado, pur\u00e9 de manzana (3%), aromas naturales y vitamina C.<\/p>\n","protected":false},"excerpt":{"rendered":"<p>Delicioso zumo de Pago elaborado con pitaya, tambi\u00e9n conocida como la fruta del drag\u00f3n. Una fruta ex\u00f3tica de sabor suave y agradable ideal para tomar sola o combinar para preparar deliciosos batidos o c\u00f3cteles.<\/p>\n","protected":false},"featured_media":22567,"template":"","meta":{"spay_email":""},"yoast_head":"<!-- This site is optimized with the Yoast SEO plugin v15.9 - https:\/\/yoast.com\/wordpress\/plugins\/seo\/ -->\n<title>Zumo Pago Pitaya 20cl. - Comercial de Hosteleria Anma<\/title>\n<meta name=\"description\" content=\"Zumo Pitaya | Pago | 20cl. | Los zumos de Pago, m\u00e1s que un zumo, son una experiencia: zumo 100% natural. Sin gluten.\" \/>\n<meta name=\"robots\" content=\"index, follow, max-snippet:-1, max-image-preview:large, max-video-preview:-1\" \/>\n<link rel=\"canonical\" href=\"https:\/\/www.comercialanma.es\/?product=pago-pitaya\" \/>\n<meta property=\"og:locale\" content=\"es_ES\" \/>\n<meta property=\"og:type\" content=\"article\" \/>\n<meta property=\"og:title\" content=\"Zumo Pago Pitaya 20cl. - Comercial de Hosteleria Anma\" \/>\n<meta property=\"og:description\" content=\"Zumo Pitaya | Pago | 20cl. | Los zumos de Pago, m\u00e1s que un zumo, son una experiencia: zumo 100% natural. Sin gluten.\" \/>\n<meta property=\"og:url\" content=\"https:\/\/www.comercialanma.es\/?product=pago-pitaya\" \/>\n<meta property=\"og:site_name\" content=\"Comercial de Hosteleria Anma\" \/>\n<meta property=\"article:publisher\" content=\"https:\/\/www.facebook.com\/AnmaHosteleria\" \/>\n<meta property=\"article:modified_time\" content=\"2023-09-20T10:53:01+00:00\" \/>\n<meta property=\"og:image\" content=\"https:\/\/i1.wp.com\/www.comercialanma.es\/wp-content\/uploads\/2023\/09\/Zumo-pago-pitaya-1.jpg?fit=1080%2C1080&#038;ssl=1\" \/>\n\t<meta property=\"og:image:width\" content=\"1080\" \/>\n\t<meta property=\"og:image:height\" content=\"1080\" \/>\n<meta name=\"twitter:card\" content=\"summary_large_image\" \/>\n<meta name=\"twitter:label1\" content=\"Tiempo de lectura\">\n\t<meta name=\"twitter:data1\" content=\"1 minuto\">\n<script type=\"application\/ld+json\" class=\"yoast-schema-graph\">{\"@context\":\"https:\/\/schema.org\",\"@graph\":[{\"@type\":\"Organization\",\"@id\":\"https:\/\/www.comercialanma.es\/#organization\",\"name\":\"Comercial Anma\",\"url\":\"https:\/\/www.comercialanma.es\/\",\"sameAs\":[\"https:\/\/www.facebook.com\/AnmaHosteleria\",\"https:\/\/www.instagram.com\/anmahosteleria\/?hl=es\",\"https:\/\/www.youtube.com\/channel\/UCT2nmn08Ntks0hmpZPnDgCA\"],\"logo\":{\"@type\":\"ImageObject\",\"@id\":\"https:\/\/www.comercialanma.es\/#logo\",\"inLanguage\":\"es\",\"url\":\"https:\/\/i2.wp.com\/www.comercialanma.es\/wp-content\/uploads\/2019\/06\/logo-anma-color.png?fit=247%2C101&ssl=1\",\"width\":247,\"height\":101,\"caption\":\"Comercial Anma\"},\"image\":{\"@id\":\"https:\/\/www.comercialanma.es\/#logo\"}},{\"@type\":\"WebSite\",\"@id\":\"https:\/\/www.comercialanma.es\/#website\",\"url\":\"https:\/\/www.comercialanma.es\/\",\"name\":\"Comercial de Hosteleria Anma\",\"description\":\"\",\"publisher\":{\"@id\":\"https:\/\/www.comercialanma.es\/#organization\"},\"potentialAction\":[{\"@type\":\"SearchAction\",\"target\":\"https:\/\/www.comercialanma.es\/?s={search_term_string}\",\"query-input\":\"required name=search_term_string\"}],\"inLanguage\":\"es\"},{\"@type\":\"ImageObject\",\"@id\":\"https:\/\/www.comercialanma.es\/?product=pago-pitaya#primaryimage\",\"inLanguage\":\"es\",\"url\":\"https:\/\/i1.wp.com\/www.comercialanma.es\/wp-content\/uploads\/2023\/09\/Zumo-pago-pitaya-1.jpg?fit=1080%2C1080&ssl=1\",\"width\":1080,\"height\":1080},{\"@type\":\"WebPage\",\"@id\":\"https:\/\/www.comercialanma.es\/?product=pago-pitaya#webpage\",\"url\":\"https:\/\/www.comercialanma.es\/?product=pago-pitaya\",\"name\":\"Zumo Pago Pitaya 20cl. - Comercial de Hosteleria Anma\",\"isPartOf\":{\"@id\":\"https:\/\/www.comercialanma.es\/#website\"},\"primaryImageOfPage\":{\"@id\":\"https:\/\/www.comercialanma.es\/?product=pago-pitaya#primaryimage\"},\"datePublished\":\"2023-09-20T10:44:46+00:00\",\"dateModified\":\"2023-09-20T10:53:01+00:00\",\"description\":\"Zumo Pitaya | Pago | 20cl. | Los zumos de Pago, m\\u00e1s que un zumo, son una experiencia: zumo 100% natural. Sin gluten.\",\"breadcrumb\":{\"@id\":\"https:\/\/www.comercialanma.es\/?product=pago-pitaya#breadcrumb\"},\"inLanguage\":\"es\",\"potentialAction\":[{\"@type\":\"ReadAction\",\"target\":[\"https:\/\/www.comercialanma.es\/?product=pago-pitaya\"]}]},{\"@type\":\"BreadcrumbList\",\"@id\":\"https:\/\/www.comercialanma.es\/?product=pago-pitaya#breadcrumb\",\"itemListElement\":[{\"@type\":\"ListItem\",\"position\":1,\"item\":{\"@type\":\"WebPage\",\"@id\":\"https:\/\/www.comercialanma.es\/\",\"url\":\"https:\/\/www.comercialanma.es\/\",\"name\":\"Portada\"}},{\"@type\":\"ListItem\",\"position\":2,\"item\":{\"@type\":\"WebPage\",\"@id\":\"https:\/\/www.comercialanma.es\/?page_id=3963\",\"url\":\"https:\/\/www.comercialanma.es\/?page_id=3963\",\"name\":\"Cat\\u00e1logo de Productos\"}},{\"@type\":\"ListItem\",\"position\":3,\"item\":{\"@type\":\"WebPage\",\"@id\":\"https:\/\/www.comercialanma.es\/?product=pago-pitaya\",\"url\":\"https:\/\/www.comercialanma.es\/?product=pago-pitaya\",\"name\":\"Zumo Pago Pitaya 20cl.\"}}]}]}<\/script>\n<!-- \/ Yoast SEO plugin. -->","_links":{"self":[{"href":"https:\/\/www.comercialanma.es\/index.php?rest_route=\/wp\/v2\/product\/22565"}],"collection":[{"href":"https:\/\/www.comercialanma.es\/index.php?rest_route=\/wp\/v2\/product"}],"about":[{"href":"https:\/\/www.comercialanma.es\/index.php?rest_route=\/wp\/v2\/types\/product"}],"version-history":[{"count":1,"href":"https:\/\/www.comercialanma.es\/index.php?rest_route=\/wp\/v2\/product\/22565\/revisions"}],"predecessor-version":[{"id":22568,"href":"https:\/\/www.comercialanma.es\/index.php?rest_route=\/wp\/v2\/product\/22565\/revisions\/22568"}],"wp:featuredmedia":[{"embeddable":true,"href":"https:\/\/www.comercialanma.es\/index.php?rest_route=\/wp\/v2\/media\/22567"}],"wp:attachment":[{"href":"https:\/\/www.comercialanma.es\/index.php?rest_route=%2Fwp%2Fv2%2Fmedia&parent=22565"}],"curies":[{"name":"wp","href":"https:\/\/api.w.org\/{rel}","templated":true}]}}