
{"id":22629,"date":"2023-09-21T15:55:04","date_gmt":"2023-09-21T13:55:04","guid":{"rendered":"https:\/\/www.comercialanma.es\/?post_type=product&#038;p=22629"},"modified":"2023-09-21T16:04:13","modified_gmt":"2023-09-21T14:04:13","slug":"blonda-plata-rectangular-26x32","status":"publish","type":"product","link":"https:\/\/www.comercialanma.es\/?product=blonda-plata-rectangular-26x32","title":{"rendered":"Blonda rectangular plata 26x32cm. Pack 25u."},"content":{"rendered":"<p>Blonda rectangular<\/p>\n<ul>\n<li>Color plata<\/li>\n<li>26x32cm.<\/li>\n<li>25u.<\/li>\n<\/ul>\n","protected":false},"excerpt":{"rendered":"<p>Blondas plata de papel. Ideales para reposter\u00eda, canap\u00e9s, pasteler\u00eda, pastas, pasteles, postres, tapas o hojaldres. Apto para contacto alimentario. No apta para horno ni microondas<\/p>\n","protected":false},"featured_media":22628,"template":"","meta":{"spay_email":""},"yoast_head":"<!-- This site is optimized with the Yoast SEO plugin v15.9 - https:\/\/yoast.com\/wordpress\/plugins\/seo\/ -->\n<title>Blonda rectangular plata 26x32cm. Pack 25u. - Comercial de Hosteleria Anma<\/title>\n<meta name=\"description\" content=\"Blonda blanca rectangular | 25u. | 26x32cm.| Blondas plata de papel. Apto para contacto alimentario. No apta para horno ni microondas.\" \/>\n<meta name=\"robots\" content=\"index, follow, max-snippet:-1, max-image-preview:large, max-video-preview:-1\" \/>\n<link rel=\"canonical\" href=\"https:\/\/www.comercialanma.es\/?product=blonda-plata-rectangular-26x32\" \/>\n<meta property=\"og:locale\" content=\"es_ES\" \/>\n<meta property=\"og:type\" content=\"article\" \/>\n<meta property=\"og:title\" content=\"Blonda rectangular plata 26x32cm. Pack 25u. - Comercial de Hosteleria Anma\" \/>\n<meta property=\"og:description\" content=\"Blonda blanca rectangular | 25u. | 26x32cm.| Blondas plata de papel. Apto para contacto alimentario. No apta para horno ni microondas.\" \/>\n<meta property=\"og:url\" content=\"https:\/\/www.comercialanma.es\/?product=blonda-plata-rectangular-26x32\" \/>\n<meta property=\"og:site_name\" content=\"Comercial de Hosteleria Anma\" \/>\n<meta property=\"article:publisher\" content=\"https:\/\/www.facebook.com\/AnmaHosteleria\" \/>\n<meta property=\"article:modified_time\" content=\"2023-09-21T14:04:13+00:00\" \/>\n<meta property=\"og:image\" content=\"https:\/\/i2.wp.com\/www.comercialanma.es\/wp-content\/uploads\/2023\/09\/blonda-plata-26x32-1.jpg?fit=1080%2C1080&#038;ssl=1\" \/>\n\t<meta property=\"og:image:width\" content=\"1080\" \/>\n\t<meta property=\"og:image:height\" content=\"1080\" \/>\n<meta name=\"twitter:card\" content=\"summary_large_image\" \/>\n<meta name=\"twitter:label1\" content=\"Tiempo de lectura\">\n\t<meta name=\"twitter:data1\" content=\"1 minuto\">\n<script type=\"application\/ld+json\" class=\"yoast-schema-graph\">{\"@context\":\"https:\/\/schema.org\",\"@graph\":[{\"@type\":\"Organization\",\"@id\":\"https:\/\/www.comercialanma.es\/#organization\",\"name\":\"Comercial Anma\",\"url\":\"https:\/\/www.comercialanma.es\/\",\"sameAs\":[\"https:\/\/www.facebook.com\/AnmaHosteleria\",\"https:\/\/www.instagram.com\/anmahosteleria\/?hl=es\",\"https:\/\/www.youtube.com\/channel\/UCT2nmn08Ntks0hmpZPnDgCA\"],\"logo\":{\"@type\":\"ImageObject\",\"@id\":\"https:\/\/www.comercialanma.es\/#logo\",\"inLanguage\":\"es\",\"url\":\"https:\/\/i2.wp.com\/www.comercialanma.es\/wp-content\/uploads\/2019\/06\/logo-anma-color.png?fit=247%2C101&ssl=1\",\"width\":247,\"height\":101,\"caption\":\"Comercial Anma\"},\"image\":{\"@id\":\"https:\/\/www.comercialanma.es\/#logo\"}},{\"@type\":\"WebSite\",\"@id\":\"https:\/\/www.comercialanma.es\/#website\",\"url\":\"https:\/\/www.comercialanma.es\/\",\"name\":\"Comercial de Hosteleria Anma\",\"description\":\"\",\"publisher\":{\"@id\":\"https:\/\/www.comercialanma.es\/#organization\"},\"potentialAction\":[{\"@type\":\"SearchAction\",\"target\":\"https:\/\/www.comercialanma.es\/?s={search_term_string}\",\"query-input\":\"required name=search_term_string\"}],\"inLanguage\":\"es\"},{\"@type\":\"ImageObject\",\"@id\":\"https:\/\/www.comercialanma.es\/?product=blonda-plata-rectangular-26x32#primaryimage\",\"inLanguage\":\"es\",\"url\":\"https:\/\/i2.wp.com\/www.comercialanma.es\/wp-content\/uploads\/2023\/09\/blonda-plata-26x32-1.jpg?fit=1080%2C1080&ssl=1\",\"width\":1080,\"height\":1080},{\"@type\":\"WebPage\",\"@id\":\"https:\/\/www.comercialanma.es\/?product=blonda-plata-rectangular-26x32#webpage\",\"url\":\"https:\/\/www.comercialanma.es\/?product=blonda-plata-rectangular-26x32\",\"name\":\"Blonda rectangular plata 26x32cm. Pack 25u. - Comercial de Hosteleria Anma\",\"isPartOf\":{\"@id\":\"https:\/\/www.comercialanma.es\/#website\"},\"primaryImageOfPage\":{\"@id\":\"https:\/\/www.comercialanma.es\/?product=blonda-plata-rectangular-26x32#primaryimage\"},\"datePublished\":\"2023-09-21T13:55:04+00:00\",\"dateModified\":\"2023-09-21T14:04:13+00:00\",\"description\":\"Blonda blanca rectangular | 25u. | 26x32cm.| Blondas plata de papel. Apto para contacto alimentario. No apta para horno ni microondas.\",\"breadcrumb\":{\"@id\":\"https:\/\/www.comercialanma.es\/?product=blonda-plata-rectangular-26x32#breadcrumb\"},\"inLanguage\":\"es\",\"potentialAction\":[{\"@type\":\"ReadAction\",\"target\":[\"https:\/\/www.comercialanma.es\/?product=blonda-plata-rectangular-26x32\"]}]},{\"@type\":\"BreadcrumbList\",\"@id\":\"https:\/\/www.comercialanma.es\/?product=blonda-plata-rectangular-26x32#breadcrumb\",\"itemListElement\":[{\"@type\":\"ListItem\",\"position\":1,\"item\":{\"@type\":\"WebPage\",\"@id\":\"https:\/\/www.comercialanma.es\/\",\"url\":\"https:\/\/www.comercialanma.es\/\",\"name\":\"Portada\"}},{\"@type\":\"ListItem\",\"position\":2,\"item\":{\"@type\":\"WebPage\",\"@id\":\"https:\/\/www.comercialanma.es\/?page_id=3963\",\"url\":\"https:\/\/www.comercialanma.es\/?page_id=3963\",\"name\":\"Cat\\u00e1logo de Productos\"}},{\"@type\":\"ListItem\",\"position\":3,\"item\":{\"@type\":\"WebPage\",\"@id\":\"https:\/\/www.comercialanma.es\/?product=blonda-plata-rectangular-26x32\",\"url\":\"https:\/\/www.comercialanma.es\/?product=blonda-plata-rectangular-26x32\",\"name\":\"Blonda rectangular plata 26x32cm. Pack 25u.\"}}]}]}<\/script>\n<!-- \/ Yoast SEO plugin. -->","_links":{"self":[{"href":"https:\/\/www.comercialanma.es\/index.php?rest_route=\/wp\/v2\/product\/22629"}],"collection":[{"href":"https:\/\/www.comercialanma.es\/index.php?rest_route=\/wp\/v2\/product"}],"about":[{"href":"https:\/\/www.comercialanma.es\/index.php?rest_route=\/wp\/v2\/types\/product"}],"version-history":[{"count":1,"href":"https:\/\/www.comercialanma.es\/index.php?rest_route=\/wp\/v2\/product\/22629\/revisions"}],"predecessor-version":[{"id":22630,"href":"https:\/\/www.comercialanma.es\/index.php?rest_route=\/wp\/v2\/product\/22629\/revisions\/22630"}],"wp:featuredmedia":[{"embeddable":true,"href":"https:\/\/www.comercialanma.es\/index.php?rest_route=\/wp\/v2\/media\/22628"}],"wp:attachment":[{"href":"https:\/\/www.comercialanma.es\/index.php?rest_route=%2Fwp%2Fv2%2Fmedia&parent=22629"}],"curies":[{"name":"wp","href":"https:\/\/api.w.org\/{rel}","templated":true}]}}

<p>Blondas plata de papel. Ideales para repostería, canapés, pastelería, pastas, pasteles, postres, tapas o hojaldres. Apto para contacto alimentario. No apta para horno ni microondas</p>
