
{"id":23672,"date":"2024-02-27T10:08:28","date_gmt":"2024-02-27T09:08:28","guid":{"rendered":"https:\/\/www.comercialanma.es\/?post_type=product&#038;p=23672"},"modified":"2024-02-27T10:17:47","modified_gmt":"2024-02-27T09:17:47","slug":"brockmans-orange-kiss","status":"publish","type":"product","link":"https:\/\/www.comercialanma.es\/?product=brockmans-orange-kiss","title":{"rendered":"Brockmans Orange Kiss 70cl."},"content":{"rendered":"<div>\n<div id=\"tabs_content_container\">\n<div>\n<div class=\"info\">\n<h3 class=\"title\">Nota de cata:<\/h3>\n<\/div>\n<ul>\n<li class=\"info\">Orange Kiss es una sinfon\u00eda de naranjas de Valencia maduras y notas \u00e1cidas de c\u00edtrico, todo balanceado de manera perfecta junto con bot\u00e1nicos tradicionales de ginebra y potenciado con el vibrante sabor del triple seco. Perfecta para tomar sola o en refrescantes c\u00f3cteles, Brockmans Orange Kiss es la representaci\u00f3n de una puesta de sol en una copa; sus sabores c\u00e1lidos, ricos y vibrantes te transportan a un atardecer excepcional.<\/li>\n<\/ul>\n<h3 class=\"title\">Graduaci\u00f3n alcoh\u00f3lica:<\/h3>\n<ul>\n<li>\u00a040\u00ba<\/li>\n<\/ul>\n<\/div>\n<div><\/div>\n<\/div>\n<\/div>\n<div class=\"clear\"><\/div>\n","protected":false},"excerpt":{"rendered":"<p>Brockmans Orange Kiss es una ginebra excepcionalmente suave y cautivadora que combina la frescura de los c\u00edtricos con una complejidad exquisita. Con una base de ginebra inglesa y destilaci\u00f3n en alambiques de cobre, ofrece un car\u00e1cter vibrante y elegante. El aroma cautiva con notas jugosas de naranjas dulces y amargas, acompa\u00f1adas de sutiles especias y hierbas arom\u00e1ticas. En el paladar, la ginebra ofrece una explosi\u00f3n intensa y equilibrada de sabores c\u00edtricos, acompa\u00f1ada de una textura sedosa. Su atractivo \u00fanico radica en su perfil frutal y ligeramente especiado, logrado mediante una producci\u00f3n meticulosa e ingredientes de alta calidad como moras, grosellas negras y regaliz. En resumen, Brockmans Orange Kiss es una ginebra sofisticada y moderna que promete una experiencia de degustaci\u00f3n inolvidable<\/p>\n","protected":false},"featured_media":23673,"template":"","meta":{"spay_email":""},"yoast_head":"<!-- This site is optimized with the Yoast SEO plugin v15.9 - https:\/\/yoast.com\/wordpress\/plugins\/seo\/ -->\n<title>Brockmans Orange Kiss 70cl. - Comercial de Hosteleria Anma<\/title>\n<meta name=\"description\" content=\"Brockmans Orange Kiss | 40\u00ba | Ginebra suave y cautivadora que combina la frescura de los c\u00edtricos con una complejidad exquisita.\" \/>\n<meta name=\"robots\" content=\"index, follow, max-snippet:-1, max-image-preview:large, max-video-preview:-1\" \/>\n<link rel=\"canonical\" href=\"https:\/\/www.comercialanma.es\/?product=brockmans-orange-kiss\" \/>\n<meta property=\"og:locale\" content=\"es_ES\" \/>\n<meta property=\"og:type\" content=\"article\" \/>\n<meta property=\"og:title\" content=\"Brockmans Orange Kiss 70cl. - Comercial de Hosteleria Anma\" \/>\n<meta property=\"og:description\" content=\"Brockmans Orange Kiss | 40\u00ba | Ginebra suave y cautivadora que combina la frescura de los c\u00edtricos con una complejidad exquisita.\" \/>\n<meta property=\"og:url\" content=\"https:\/\/www.comercialanma.es\/?product=brockmans-orange-kiss\" \/>\n<meta property=\"og:site_name\" content=\"Comercial de Hosteleria Anma\" \/>\n<meta property=\"article:publisher\" content=\"https:\/\/www.facebook.com\/AnmaHosteleria\" \/>\n<meta property=\"article:modified_time\" content=\"2024-02-27T09:17:47+00:00\" \/>\n<meta property=\"og:image\" content=\"https:\/\/i1.wp.com\/www.comercialanma.es\/wp-content\/uploads\/2024\/02\/Brockmans-orange-kiss-gin.jpg?fit=1080%2C1080&#038;ssl=1\" \/>\n\t<meta property=\"og:image:width\" content=\"1080\" \/>\n\t<meta property=\"og:image:height\" content=\"1080\" \/>\n<meta name=\"twitter:card\" content=\"summary_large_image\" \/>\n<meta name=\"twitter:label1\" content=\"Tiempo de lectura\">\n\t<meta name=\"twitter:data1\" content=\"1 minuto\">\n<script type=\"application\/ld+json\" class=\"yoast-schema-graph\">{\"@context\":\"https:\/\/schema.org\",\"@graph\":[{\"@type\":\"Organization\",\"@id\":\"https:\/\/www.comercialanma.es\/#organization\",\"name\":\"Comercial Anma\",\"url\":\"https:\/\/www.comercialanma.es\/\",\"sameAs\":[\"https:\/\/www.facebook.com\/AnmaHosteleria\",\"https:\/\/www.instagram.com\/anmahosteleria\/?hl=es\",\"https:\/\/www.youtube.com\/channel\/UCT2nmn08Ntks0hmpZPnDgCA\"],\"logo\":{\"@type\":\"ImageObject\",\"@id\":\"https:\/\/www.comercialanma.es\/#logo\",\"inLanguage\":\"es\",\"url\":\"https:\/\/i2.wp.com\/www.comercialanma.es\/wp-content\/uploads\/2019\/06\/logo-anma-color.png?fit=247%2C101&ssl=1\",\"width\":247,\"height\":101,\"caption\":\"Comercial Anma\"},\"image\":{\"@id\":\"https:\/\/www.comercialanma.es\/#logo\"}},{\"@type\":\"WebSite\",\"@id\":\"https:\/\/www.comercialanma.es\/#website\",\"url\":\"https:\/\/www.comercialanma.es\/\",\"name\":\"Comercial de Hosteleria Anma\",\"description\":\"\",\"publisher\":{\"@id\":\"https:\/\/www.comercialanma.es\/#organization\"},\"potentialAction\":[{\"@type\":\"SearchAction\",\"target\":\"https:\/\/www.comercialanma.es\/?s={search_term_string}\",\"query-input\":\"required name=search_term_string\"}],\"inLanguage\":\"es\"},{\"@type\":\"ImageObject\",\"@id\":\"https:\/\/www.comercialanma.es\/?product=brockmans-orange-kiss#primaryimage\",\"inLanguage\":\"es\",\"url\":\"https:\/\/i1.wp.com\/www.comercialanma.es\/wp-content\/uploads\/2024\/02\/Brockmans-orange-kiss-gin.jpg?fit=1080%2C1080&ssl=1\",\"width\":1080,\"height\":1080},{\"@type\":\"WebPage\",\"@id\":\"https:\/\/www.comercialanma.es\/?product=brockmans-orange-kiss#webpage\",\"url\":\"https:\/\/www.comercialanma.es\/?product=brockmans-orange-kiss\",\"name\":\"Brockmans Orange Kiss 70cl. - Comercial de Hosteleria Anma\",\"isPartOf\":{\"@id\":\"https:\/\/www.comercialanma.es\/#website\"},\"primaryImageOfPage\":{\"@id\":\"https:\/\/www.comercialanma.es\/?product=brockmans-orange-kiss#primaryimage\"},\"datePublished\":\"2024-02-27T09:08:28+00:00\",\"dateModified\":\"2024-02-27T09:17:47+00:00\",\"description\":\"Brockmans Orange Kiss | 40\\u00ba | Ginebra suave y cautivadora que combina la frescura de los c\\u00edtricos con una complejidad exquisita.\",\"breadcrumb\":{\"@id\":\"https:\/\/www.comercialanma.es\/?product=brockmans-orange-kiss#breadcrumb\"},\"inLanguage\":\"es\",\"potentialAction\":[{\"@type\":\"ReadAction\",\"target\":[\"https:\/\/www.comercialanma.es\/?product=brockmans-orange-kiss\"]}]},{\"@type\":\"BreadcrumbList\",\"@id\":\"https:\/\/www.comercialanma.es\/?product=brockmans-orange-kiss#breadcrumb\",\"itemListElement\":[{\"@type\":\"ListItem\",\"position\":1,\"item\":{\"@type\":\"WebPage\",\"@id\":\"https:\/\/www.comercialanma.es\/\",\"url\":\"https:\/\/www.comercialanma.es\/\",\"name\":\"Portada\"}},{\"@type\":\"ListItem\",\"position\":2,\"item\":{\"@type\":\"WebPage\",\"@id\":\"https:\/\/www.comercialanma.es\/?page_id=3963\",\"url\":\"https:\/\/www.comercialanma.es\/?page_id=3963\",\"name\":\"Cat\\u00e1logo de Productos\"}},{\"@type\":\"ListItem\",\"position\":3,\"item\":{\"@type\":\"WebPage\",\"@id\":\"https:\/\/www.comercialanma.es\/?product=brockmans-orange-kiss\",\"url\":\"https:\/\/www.comercialanma.es\/?product=brockmans-orange-kiss\",\"name\":\"Brockmans Orange Kiss 70cl.\"}}]}]}<\/script>\n<!-- \/ Yoast SEO plugin. -->","_links":{"self":[{"href":"https:\/\/www.comercialanma.es\/index.php?rest_route=\/wp\/v2\/product\/23672"}],"collection":[{"href":"https:\/\/www.comercialanma.es\/index.php?rest_route=\/wp\/v2\/product"}],"about":[{"href":"https:\/\/www.comercialanma.es\/index.php?rest_route=\/wp\/v2\/types\/product"}],"version-history":[{"count":1,"href":"https:\/\/www.comercialanma.es\/index.php?rest_route=\/wp\/v2\/product\/23672\/revisions"}],"predecessor-version":[{"id":23674,"href":"https:\/\/www.comercialanma.es\/index.php?rest_route=\/wp\/v2\/product\/23672\/revisions\/23674"}],"wp:featuredmedia":[{"embeddable":true,"href":"https:\/\/www.comercialanma.es\/index.php?rest_route=\/wp\/v2\/media\/23673"}],"wp:attachment":[{"href":"https:\/\/www.comercialanma.es\/index.php?rest_route=%2Fwp%2Fv2%2Fmedia&parent=23672"}],"curies":[{"name":"wp","href":"https:\/\/api.w.org\/{rel}","templated":true}]}}