
{"id":23743,"date":"2024-04-26T15:21:10","date_gmt":"2024-04-26T13:21:10","guid":{"rendered":"https:\/\/www.comercialanma.es\/?post_type=product&#038;p=23743"},"modified":"2024-04-26T15:52:39","modified_gmt":"2024-04-26T13:52:39","slug":"sommos-reserva","status":"publish","type":"product","link":"https:\/\/www.comercialanma.es\/?product=sommos-reserva","title":{"rendered":"Sommos Reserva  75cl."},"content":{"rendered":"<h3>D.O.:<\/h3>\n<ul>\n<li>Somontano<\/li>\n<\/ul>\n<h3>Variedades de uva:<\/h3>\n<ul>\n<li>Cabernet sauvignon, Syrah, Tempranillo.<\/li>\n<\/ul>\n<h3>Graduaci\u00f3n:<\/h3>\n<ul>\n<li>Graduaci\u00f3n: 14,5 % vol.<\/li>\n<\/ul>\n<h3>Nota de cata:<\/h3>\n<div class=\"field\">\n<div class=\"wpb_column vc_column_container vc_col-sm-4\">\n<div class=\"vc_column-inner vc_custom_1562151285845\">\n<div class=\"wpb_wrapper\">\n<ul>\n<li class=\"vc_acf vc_txt_align_center field_5d1c80cc72f2c\"><strong>Vista:<\/strong>\u00a0Rojo rub\u00ed intenso con ribetes viol\u00e1ceos.<\/li>\n<li class=\"vc_acf vc_txt_align_center field_5d1c80cc72f2c\"><strong>Aromas:<\/strong>\u00a0Aromas complejos que nos recuerdan a frutos deshidratados, hojarasca y toques de barrica con notas de canela, caja de puros\u2026<\/li>\n<li class=\"vc_acf vc_txt_align_center field_5d1c80cc72f2c\"><strong>Boca:<\/strong>\u00a0Es un vino con un ataque suave muy suave, de tanino fino y redondo que llena el paladar de sensaciones muy agradables que se alargan en el tiempo.<\/li>\n<\/ul>\n<h3>Maridaje:<\/h3>\n<ul>\n<li>Ideal con asados, caza, chulet\u00f3n y quesos curados.<\/li>\n<\/ul>\n<h3>T\u00aa Servicio:<\/h3>\n<ul>\n<li>16 &#8211; 18\u00baC.<\/li>\n<\/ul>\n<\/div>\n<\/div>\n<\/div>\n<\/div>\n","protected":false},"excerpt":{"rendered":"<p>SOMMOS RESERVA, es nuestra manera m\u00e1s cl\u00e1sica y elegante de interpretar el Somontano, pero siempre desde la visi\u00f3n innovadora de Bodega SOMMOS.<\/p>\n","protected":false},"featured_media":23744,"template":"","meta":{"spay_email":""},"yoast_head":"<!-- This site is optimized with the Yoast SEO plugin v15.9 - https:\/\/yoast.com\/wordpress\/plugins\/seo\/ -->\n<title>Sommos Reserva 75cl. - Comercial de Hosteleria Anma<\/title>\n<meta name=\"description\" content=\"Sommos reserva | 75cl. | D.O Somontano | Nuestra manera m\u00e1s cl\u00e1sica y elegante de interpretar el Somontano.\" \/>\n<meta name=\"robots\" content=\"index, follow, max-snippet:-1, max-image-preview:large, max-video-preview:-1\" \/>\n<link rel=\"canonical\" href=\"https:\/\/www.comercialanma.es\/?product=sommos-reserva\" \/>\n<meta property=\"og:locale\" content=\"es_ES\" \/>\n<meta property=\"og:type\" content=\"article\" \/>\n<meta property=\"og:title\" content=\"Sommos Reserva 75cl. - Comercial de Hosteleria Anma\" \/>\n<meta property=\"og:description\" content=\"Sommos reserva | 75cl. | D.O Somontano | Nuestra manera m\u00e1s cl\u00e1sica y elegante de interpretar el Somontano.\" \/>\n<meta property=\"og:url\" content=\"https:\/\/www.comercialanma.es\/?product=sommos-reserva\" \/>\n<meta property=\"og:site_name\" content=\"Comercial de Hosteleria Anma\" \/>\n<meta property=\"article:publisher\" content=\"https:\/\/www.facebook.com\/AnmaHosteleria\" \/>\n<meta property=\"article:modified_time\" content=\"2024-04-26T13:52:39+00:00\" \/>\n<meta property=\"og:image\" content=\"https:\/\/i2.wp.com\/www.comercialanma.es\/wp-content\/uploads\/2024\/04\/Sommos-reserva.jpg?fit=1080%2C1080&#038;ssl=1\" \/>\n\t<meta property=\"og:image:width\" content=\"1080\" \/>\n\t<meta property=\"og:image:height\" content=\"1080\" \/>\n<meta name=\"twitter:card\" content=\"summary_large_image\" \/>\n<meta name=\"twitter:label1\" content=\"Tiempo de lectura\">\n\t<meta name=\"twitter:data1\" content=\"1 minuto\">\n<script type=\"application\/ld+json\" class=\"yoast-schema-graph\">{\"@context\":\"https:\/\/schema.org\",\"@graph\":[{\"@type\":\"Organization\",\"@id\":\"https:\/\/www.comercialanma.es\/#organization\",\"name\":\"Comercial Anma\",\"url\":\"https:\/\/www.comercialanma.es\/\",\"sameAs\":[\"https:\/\/www.facebook.com\/AnmaHosteleria\",\"https:\/\/www.instagram.com\/anmahosteleria\/?hl=es\",\"https:\/\/www.youtube.com\/channel\/UCT2nmn08Ntks0hmpZPnDgCA\"],\"logo\":{\"@type\":\"ImageObject\",\"@id\":\"https:\/\/www.comercialanma.es\/#logo\",\"inLanguage\":\"es\",\"url\":\"https:\/\/i2.wp.com\/www.comercialanma.es\/wp-content\/uploads\/2019\/06\/logo-anma-color.png?fit=247%2C101&ssl=1\",\"width\":247,\"height\":101,\"caption\":\"Comercial Anma\"},\"image\":{\"@id\":\"https:\/\/www.comercialanma.es\/#logo\"}},{\"@type\":\"WebSite\",\"@id\":\"https:\/\/www.comercialanma.es\/#website\",\"url\":\"https:\/\/www.comercialanma.es\/\",\"name\":\"Comercial de Hosteleria Anma\",\"description\":\"\",\"publisher\":{\"@id\":\"https:\/\/www.comercialanma.es\/#organization\"},\"potentialAction\":[{\"@type\":\"SearchAction\",\"target\":\"https:\/\/www.comercialanma.es\/?s={search_term_string}\",\"query-input\":\"required name=search_term_string\"}],\"inLanguage\":\"es\"},{\"@type\":\"ImageObject\",\"@id\":\"https:\/\/www.comercialanma.es\/?product=sommos-reserva#primaryimage\",\"inLanguage\":\"es\",\"url\":\"https:\/\/i2.wp.com\/www.comercialanma.es\/wp-content\/uploads\/2024\/04\/Sommos-reserva.jpg?fit=1080%2C1080&ssl=1\",\"width\":1080,\"height\":1080},{\"@type\":\"WebPage\",\"@id\":\"https:\/\/www.comercialanma.es\/?product=sommos-reserva#webpage\",\"url\":\"https:\/\/www.comercialanma.es\/?product=sommos-reserva\",\"name\":\"Sommos Reserva 75cl. - Comercial de Hosteleria Anma\",\"isPartOf\":{\"@id\":\"https:\/\/www.comercialanma.es\/#website\"},\"primaryImageOfPage\":{\"@id\":\"https:\/\/www.comercialanma.es\/?product=sommos-reserva#primaryimage\"},\"datePublished\":\"2024-04-26T13:21:10+00:00\",\"dateModified\":\"2024-04-26T13:52:39+00:00\",\"description\":\"Sommos reserva | 75cl. | D.O Somontano | Nuestra manera m\\u00e1s cl\\u00e1sica y elegante de interpretar el Somontano.\",\"breadcrumb\":{\"@id\":\"https:\/\/www.comercialanma.es\/?product=sommos-reserva#breadcrumb\"},\"inLanguage\":\"es\",\"potentialAction\":[{\"@type\":\"ReadAction\",\"target\":[\"https:\/\/www.comercialanma.es\/?product=sommos-reserva\"]}]},{\"@type\":\"BreadcrumbList\",\"@id\":\"https:\/\/www.comercialanma.es\/?product=sommos-reserva#breadcrumb\",\"itemListElement\":[{\"@type\":\"ListItem\",\"position\":1,\"item\":{\"@type\":\"WebPage\",\"@id\":\"https:\/\/www.comercialanma.es\/\",\"url\":\"https:\/\/www.comercialanma.es\/\",\"name\":\"Portada\"}},{\"@type\":\"ListItem\",\"position\":2,\"item\":{\"@type\":\"WebPage\",\"@id\":\"https:\/\/www.comercialanma.es\/?page_id=3963\",\"url\":\"https:\/\/www.comercialanma.es\/?page_id=3963\",\"name\":\"Cat\\u00e1logo de Productos\"}},{\"@type\":\"ListItem\",\"position\":3,\"item\":{\"@type\":\"WebPage\",\"@id\":\"https:\/\/www.comercialanma.es\/?product=sommos-reserva\",\"url\":\"https:\/\/www.comercialanma.es\/?product=sommos-reserva\",\"name\":\"Sommos Reserva 75cl.\"}}]}]}<\/script>\n<!-- \/ Yoast SEO plugin. -->","_links":{"self":[{"href":"https:\/\/www.comercialanma.es\/index.php?rest_route=\/wp\/v2\/product\/23743"}],"collection":[{"href":"https:\/\/www.comercialanma.es\/index.php?rest_route=\/wp\/v2\/product"}],"about":[{"href":"https:\/\/www.comercialanma.es\/index.php?rest_route=\/wp\/v2\/types\/product"}],"version-history":[{"count":1,"href":"https:\/\/www.comercialanma.es\/index.php?rest_route=\/wp\/v2\/product\/23743\/revisions"}],"predecessor-version":[{"id":23745,"href":"https:\/\/www.comercialanma.es\/index.php?rest_route=\/wp\/v2\/product\/23743\/revisions\/23745"}],"wp:featuredmedia":[{"embeddable":true,"href":"https:\/\/www.comercialanma.es\/index.php?rest_route=\/wp\/v2\/media\/23744"}],"wp:attachment":[{"href":"https:\/\/www.comercialanma.es\/index.php?rest_route=%2Fwp%2Fv2%2Fmedia&parent=23743"}],"curies":[{"name":"wp","href":"https:\/\/api.w.org\/{rel}","templated":true}]}}

<h3>D.O.:</h3>
<ul>
<li>Somontano</li>
</ul>
<h3>Variedades de uva:</h3>
<ul>
<li>Cabernet sauvignon, Syrah, Tempranillo.</li>
</ul>
<h3>Graduación:</h3>
<ul>
<li>Graduación: 14,5 % vol.</li>
</ul>
<h3>Nota de cata:</h3>
<div class="field">
<div class="wpb_column vc_column_container vc_col-sm-4">
<div class="vc_column-inner vc_custom_1562151285845">
<div class="wpb_wrapper">
<ul>
<li class="vc_acf vc_txt_align_center field_5d1c80cc72f2c"><strong>Vista:</strong> Rojo rubí intenso con ribetes violáceos.</li>
<li class="vc_acf vc_txt_align_center field_5d1c80cc72f2c"><strong>Aromas:</strong> Aromas complejos que nos recuerdan a frutos deshidratados, hojarasca y toques de barrica con notas de canela, caja de puros…</li>
<li class="vc_acf vc_txt_align_center field_5d1c80cc72f2c"><strong>Boca:</strong> Es un vino con un ataque suave muy suave, de tanino fino y redondo que llena el paladar de sensaciones muy agradables que se alargan en el tiempo.</li>
</ul>
<h3>Maridaje:</h3>
<ul>
<li>Ideal con asados, caza, chuletón y quesos curados.</li>
</ul>
<h3>Tª Servicio:</h3>
<ul>
<li>16 &#8211; 18ºC.</li>
</ul>
</div>
</div>
</div>
</div>

<p>SOMMOS RESERVA, es nuestra manera más clásica y elegante de interpretar el Somontano, pero siempre desde la visión innovadora de Bodega SOMMOS.</p>

<!-- This site is optimized with the Yoast SEO plugin v15.9 - https://yoast.com/wordpress/plugins/seo/ -->
<title>Sommos Reserva 75cl. - Comercial de Hosteleria Anma</title>
<meta name="description" content="Sommos reserva | 75cl. | D.O Somontano | Nuestra manera más clásica y elegante de interpretar el Somontano." />
<meta name="robots" content="index, follow, max-snippet:-1, max-image-preview:large, max-video-preview:-1" />
<link rel="canonical" href="https://www.comercialanma.es/?product=sommos-reserva" />
<meta property="og:locale" content="es_ES" />
<meta property="og:type" content="article" />
<meta property="og:title" content="Sommos Reserva 75cl. - Comercial de Hosteleria Anma" />
<meta property="og:description" content="Sommos reserva | 75cl. | D.O Somontano | Nuestra manera más clásica y elegante de interpretar el Somontano." />
<meta property="og:url" content="https://www.comercialanma.es/?product=sommos-reserva" />
<meta property="og:site_name" content="Comercial de Hosteleria Anma" />
<meta property="article:publisher" content="https://www.facebook.com/AnmaHosteleria" />
<meta property="article:modified_time" content="2024-04-26T13:52:39+00:00" />
<meta property="og:image" content="https://i2.wp.com/www.comercialanma.es/wp-content/uploads/2024/04/Sommos-reserva.jpg?fit=1080%2C1080&#038;ssl=1" />
	<meta property="og:image:width" content="1080" />
	<meta property="og:image:height" content="1080" />
<meta name="twitter:card" content="summary_large_image" />
<meta name="twitter:label1" content="Tiempo de lectura">
	<meta name="twitter:data1" content="1 minuto">
<script type="application/ld+json" class="yoast-schema-graph">{"@context":"https://schema.org","@graph":[{"@type":"Organization","@id":"https://www.comercialanma.es/#organization","name":"Comercial Anma","url":"https://www.comercialanma.es/","sameAs":["https://www.facebook.com/AnmaHosteleria","https://www.instagram.com/anmahosteleria/?hl=es","https://www.youtube.com/channel/UCT2nmn08Ntks0hmpZPnDgCA"],"logo":{"@type":"ImageObject","@id":"https://www.comercialanma.es/#logo","inLanguage":"es","url":"https://i2.wp.com/www.comercialanma.es/wp-content/uploads/2019/06/logo-anma-color.png?fit=247%2C101&ssl=1","width":247,"height":101,"caption":"Comercial Anma"},"image":{"@id":"https://www.comercialanma.es/#logo"}},{"@type":"WebSite","@id":"https://www.comercialanma.es/#website","url":"https://www.comercialanma.es/","name":"Comercial de Hosteleria Anma","description":"","publisher":{"@id":"https://www.comercialanma.es/#organization"},"potentialAction":[{"@type":"SearchAction","target":"https://www.comercialanma.es/?s={search_term_string}","query-input":"required name=search_term_string"}],"inLanguage":"es"},{"@type":"ImageObject","@id":"https://www.comercialanma.es/?product=sommos-reserva#primaryimage","inLanguage":"es","url":"https://i2.wp.com/www.comercialanma.es/wp-content/uploads/2024/04/Sommos-reserva.jpg?fit=1080%2C1080&ssl=1","width":1080,"height":1080},{"@type":"WebPage","@id":"https://www.comercialanma.es/?product=sommos-reserva#webpage","url":"https://www.comercialanma.es/?product=sommos-reserva","name":"Sommos Reserva 75cl. - Comercial de Hosteleria Anma","isPartOf":{"@id":"https://www.comercialanma.es/#website"},"primaryImageOfPage":{"@id":"https://www.comercialanma.es/?product=sommos-reserva#primaryimage"},"datePublished":"2024-04-26T13:21:10+00:00","dateModified":"2024-04-26T13:52:39+00:00","description":"Sommos reserva | 75cl. | D.O Somontano | Nuestra manera m\u00e1s cl\u00e1sica y elegante de interpretar el Somontano.","breadcrumb":{"@id":"https://www.comercialanma.es/?product=sommos-reserva#breadcrumb"},"inLanguage":"es","potentialAction":[{"@type":"ReadAction","target":["https://www.comercialanma.es/?product=sommos-reserva"]}]},{"@type":"BreadcrumbList","@id":"https://www.comercialanma.es/?product=sommos-reserva#breadcrumb","itemListElement":[{"@type":"ListItem","position":1,"item":{"@type":"WebPage","@id":"https://www.comercialanma.es/","url":"https://www.comercialanma.es/","name":"Portada"}},{"@type":"ListItem","position":2,"item":{"@type":"WebPage","@id":"https://www.comercialanma.es/?page_id=3963","url":"https://www.comercialanma.es/?page_id=3963","name":"Cat\u00e1logo de Productos"}},{"@type":"ListItem","position":3,"item":{"@type":"WebPage","@id":"https://www.comercialanma.es/?product=sommos-reserva","url":"https://www.comercialanma.es/?product=sommos-reserva","name":"Sommos Reserva 75cl."}}]}]}</script>
<!-- / Yoast SEO plugin. -->
