
{"id":23873,"date":"2024-06-25T17:36:37","date_gmt":"2024-06-25T15:36:37","guid":{"rendered":"https:\/\/www.comercialanma.es\/?post_type=product&#038;p=23873"},"modified":"2024-06-25T17:50:47","modified_gmt":"2024-06-25T15:50:47","slug":"sirope-cana-azucar-blanca-giffard","status":"publish","type":"product","link":"https:\/\/www.comercialanma.es\/?product=sirope-cana-azucar-blanca-giffard","title":{"rendered":"Griffard sirope de ca\u00f1a de az\u00facar blanca 70cl."},"content":{"rendered":"<h3>INGREDIENTES<\/h3>\n<div class=\"ProductAttributeValue \">Az\u00facar de ca\u00f1a, agua.<\/div>\n<h3>NOTAS DE SABOR<\/h3>\n<div class=\"ProductAttributeValue \">Sabor t\u00edpico del az\u00facar de ca\u00f1a.<\/div>\n<h3>COLOR<\/h3>\n<div class=\"ProductAttributeValue \">Alm\u00edbar transparente con un ligero color marfil.<\/div>\n<h3>AROMA<\/h3>\n<div class=\"ProductAttributeValue \">Aromas t\u00edpicos pero no abrumadores de la ca\u00f1a de az\u00facar.<\/div>\n","protected":false},"excerpt":{"rendered":"<p>Jarabe de az\u00facar puro de ca\u00f1a de az\u00facar blanca de color alm\u00edbar transparente con un ligero color marfil y aromas t\u00edpicos pero no abrumadores de ca\u00f1a de az\u00facar. Sabor t\u00edpico del az\u00facar de ca\u00f1a.<\/p>\n","protected":false},"featured_media":23874,"template":"","meta":{"spay_email":""},"yoast_head":"<!-- This site is optimized with the Yoast SEO plugin v15.9 - https:\/\/yoast.com\/wordpress\/plugins\/seo\/ -->\n<title>Griffard sirope de ca\u00f1a de az\u00facar blanca 70cl. - Comercial de Hosteleria Anma<\/title>\n<meta name=\"description\" content=\"Sirope de ca\u00f1a de az\u00facar blanca | 1L. | Giffard | Jarabe de az\u00facar puro de ca\u00f1a de az\u00facar blanca. Sabor t\u00edpico del az\u00facar de ca\u00f1a.\" \/>\n<meta name=\"robots\" content=\"index, follow, max-snippet:-1, max-image-preview:large, max-video-preview:-1\" \/>\n<link rel=\"canonical\" href=\"https:\/\/www.comercialanma.es\/?product=sirope-cana-azucar-blanca-giffard\" \/>\n<meta property=\"og:locale\" content=\"es_ES\" \/>\n<meta property=\"og:type\" content=\"article\" \/>\n<meta property=\"og:title\" content=\"Griffard sirope de ca\u00f1a de az\u00facar blanca 70cl. - Comercial de Hosteleria Anma\" \/>\n<meta property=\"og:description\" content=\"Sirope de ca\u00f1a de az\u00facar blanca | 1L. | Giffard | Jarabe de az\u00facar puro de ca\u00f1a de az\u00facar blanca. Sabor t\u00edpico del az\u00facar de ca\u00f1a.\" \/>\n<meta property=\"og:url\" content=\"https:\/\/www.comercialanma.es\/?product=sirope-cana-azucar-blanca-giffard\" \/>\n<meta property=\"og:site_name\" content=\"Comercial de Hosteleria Anma\" \/>\n<meta property=\"article:publisher\" content=\"https:\/\/www.facebook.com\/AnmaHosteleria\" \/>\n<meta property=\"article:modified_time\" content=\"2024-06-25T15:50:47+00:00\" \/>\n<meta property=\"og:image\" content=\"https:\/\/i1.wp.com\/www.comercialanma.es\/wp-content\/uploads\/2024\/06\/sirope-giffard-azucar-de-can\u0303a-blanca.jpg?fit=1080%2C1080&#038;ssl=1\" \/>\n\t<meta property=\"og:image:width\" content=\"1080\" \/>\n\t<meta property=\"og:image:height\" content=\"1080\" \/>\n<meta name=\"twitter:card\" content=\"summary_large_image\" \/>\n<meta name=\"twitter:label1\" content=\"Tiempo de lectura\">\n\t<meta name=\"twitter:data1\" content=\"1 minuto\">\n<script type=\"application\/ld+json\" class=\"yoast-schema-graph\">{\"@context\":\"https:\/\/schema.org\",\"@graph\":[{\"@type\":\"Organization\",\"@id\":\"https:\/\/www.comercialanma.es\/#organization\",\"name\":\"Comercial Anma\",\"url\":\"https:\/\/www.comercialanma.es\/\",\"sameAs\":[\"https:\/\/www.facebook.com\/AnmaHosteleria\",\"https:\/\/www.instagram.com\/anmahosteleria\/?hl=es\",\"https:\/\/www.youtube.com\/channel\/UCT2nmn08Ntks0hmpZPnDgCA\"],\"logo\":{\"@type\":\"ImageObject\",\"@id\":\"https:\/\/www.comercialanma.es\/#logo\",\"inLanguage\":\"es\",\"url\":\"https:\/\/i2.wp.com\/www.comercialanma.es\/wp-content\/uploads\/2019\/06\/logo-anma-color.png?fit=247%2C101&ssl=1\",\"width\":247,\"height\":101,\"caption\":\"Comercial Anma\"},\"image\":{\"@id\":\"https:\/\/www.comercialanma.es\/#logo\"}},{\"@type\":\"WebSite\",\"@id\":\"https:\/\/www.comercialanma.es\/#website\",\"url\":\"https:\/\/www.comercialanma.es\/\",\"name\":\"Comercial de Hosteleria Anma\",\"description\":\"\",\"publisher\":{\"@id\":\"https:\/\/www.comercialanma.es\/#organization\"},\"potentialAction\":[{\"@type\":\"SearchAction\",\"target\":\"https:\/\/www.comercialanma.es\/?s={search_term_string}\",\"query-input\":\"required name=search_term_string\"}],\"inLanguage\":\"es\"},{\"@type\":\"ImageObject\",\"@id\":\"https:\/\/www.comercialanma.es\/?product=sirope-cana-azucar-blanca-giffard#primaryimage\",\"inLanguage\":\"es\",\"url\":\"https:\/\/i1.wp.com\/www.comercialanma.es\/wp-content\/uploads\/2024\/06\/sirope-giffard-azucar-de-can\\u0303a-blanca.jpg?fit=1080%2C1080&ssl=1\",\"width\":1080,\"height\":1080},{\"@type\":\"WebPage\",\"@id\":\"https:\/\/www.comercialanma.es\/?product=sirope-cana-azucar-blanca-giffard#webpage\",\"url\":\"https:\/\/www.comercialanma.es\/?product=sirope-cana-azucar-blanca-giffard\",\"name\":\"Griffard sirope de ca\\u00f1a de az\\u00facar blanca 70cl. - Comercial de Hosteleria Anma\",\"isPartOf\":{\"@id\":\"https:\/\/www.comercialanma.es\/#website\"},\"primaryImageOfPage\":{\"@id\":\"https:\/\/www.comercialanma.es\/?product=sirope-cana-azucar-blanca-giffard#primaryimage\"},\"datePublished\":\"2024-06-25T15:36:37+00:00\",\"dateModified\":\"2024-06-25T15:50:47+00:00\",\"description\":\"Sirope de ca\\u00f1a de az\\u00facar blanca | 1L. | Giffard | Jarabe de az\\u00facar puro de ca\\u00f1a de az\\u00facar blanca. Sabor t\\u00edpico del az\\u00facar de ca\\u00f1a.\",\"breadcrumb\":{\"@id\":\"https:\/\/www.comercialanma.es\/?product=sirope-cana-azucar-blanca-giffard#breadcrumb\"},\"inLanguage\":\"es\",\"potentialAction\":[{\"@type\":\"ReadAction\",\"target\":[\"https:\/\/www.comercialanma.es\/?product=sirope-cana-azucar-blanca-giffard\"]}]},{\"@type\":\"BreadcrumbList\",\"@id\":\"https:\/\/www.comercialanma.es\/?product=sirope-cana-azucar-blanca-giffard#breadcrumb\",\"itemListElement\":[{\"@type\":\"ListItem\",\"position\":1,\"item\":{\"@type\":\"WebPage\",\"@id\":\"https:\/\/www.comercialanma.es\/\",\"url\":\"https:\/\/www.comercialanma.es\/\",\"name\":\"Portada\"}},{\"@type\":\"ListItem\",\"position\":2,\"item\":{\"@type\":\"WebPage\",\"@id\":\"https:\/\/www.comercialanma.es\/?page_id=3963\",\"url\":\"https:\/\/www.comercialanma.es\/?page_id=3963\",\"name\":\"Cat\\u00e1logo de Productos\"}},{\"@type\":\"ListItem\",\"position\":3,\"item\":{\"@type\":\"WebPage\",\"@id\":\"https:\/\/www.comercialanma.es\/?product=sirope-cana-azucar-blanca-giffard\",\"url\":\"https:\/\/www.comercialanma.es\/?product=sirope-cana-azucar-blanca-giffard\",\"name\":\"Griffard sirope de ca\\u00f1a de az\\u00facar blanca 70cl.\"}}]}]}<\/script>\n<!-- \/ Yoast SEO plugin. -->","_links":{"self":[{"href":"https:\/\/www.comercialanma.es\/index.php?rest_route=\/wp\/v2\/product\/23873"}],"collection":[{"href":"https:\/\/www.comercialanma.es\/index.php?rest_route=\/wp\/v2\/product"}],"about":[{"href":"https:\/\/www.comercialanma.es\/index.php?rest_route=\/wp\/v2\/types\/product"}],"version-history":[{"count":1,"href":"https:\/\/www.comercialanma.es\/index.php?rest_route=\/wp\/v2\/product\/23873\/revisions"}],"predecessor-version":[{"id":23875,"href":"https:\/\/www.comercialanma.es\/index.php?rest_route=\/wp\/v2\/product\/23873\/revisions\/23875"}],"wp:featuredmedia":[{"embeddable":true,"href":"https:\/\/www.comercialanma.es\/index.php?rest_route=\/wp\/v2\/media\/23874"}],"wp:attachment":[{"href":"https:\/\/www.comercialanma.es\/index.php?rest_route=%2Fwp%2Fv2%2Fmedia&parent=23873"}],"curies":[{"name":"wp","href":"https:\/\/api.w.org\/{rel}","templated":true}]}}