
{"id":23954,"date":"2024-10-01T10:27:34","date_gmt":"2024-10-01T08:27:34","guid":{"rendered":"https:\/\/www.comercialanma.es\/?post_type=product&#038;p=23954"},"modified":"2024-10-01T11:18:49","modified_gmt":"2024-10-01T09:18:49","slug":"tequila-sierra-blanco-70cl","status":"publish","type":"product","link":"https:\/\/www.comercialanma.es\/?product=tequila-sierra-blanco-70cl","title":{"rendered":"Tequila Sierra Blanco 70cl."},"content":{"rendered":"<h3>Nota de cata:<\/h3>\n<ul>\n<li>Tequila mexicano de Guadalajara<\/li>\n<li>Aromas frescos y afrutados con una ligera nota de chile<\/li>\n<li>Hecho de agave Weber azul recogido a mano<\/li>\n<li>Ideal como shot con sal y lim\u00f3n<\/li>\n<\/ul>\n<h3>Graduaci\u00f3n:<\/h3>\n<ul>\n<li>38% vol.<\/li>\n<\/ul>\n","protected":false},"excerpt":{"rendered":"<p>El Sierra Tequila est\u00e1 disponible en m\u00e1s de 90 pa\u00edses del mundo, pero se sigue produciendo al estilo tradicional en Jalisco (M\u00e9xico). El tequila proviene de una empresa familiar, Destiler\u00eda Sierra Unidas, ubicada en una hacienda hist\u00f3rica en Guadalajara, tambi\u00e9n conocida como la capital del Tequila. El complejo proceso de producci\u00f3n comienza con la cuidadosa recogida a mano de los exquisitos agaves del estado de Jalisco, tras la que se realiza un suave proceso de destilaci\u00f3n doble en alambiques aplicando los est\u00e1ndares de calidad m\u00e1s elevados. Tras el proceso de destilaci\u00f3n, el Sierra Tequila Blanco reposa en dep\u00f3sitos de acero inoxidable.<br \/>\nEsto armoniza el Tequila. Por \u00faltimo, el Tequila se llena en botellas exclusivas con el famoso sombrero mexicano rojo.<br \/>\nEl Sierra Tequila Blanco es un Tequila claro. Destaca por un aroma pleno, fresco y afrutado con una ligera nota de chile, reforzado por el agave Weber azul y ligeras notas de manzana verde y pi\u00f1a joven.<\/p>\n<p>El Sierra Tequila es conocido en todo el mundo por su famoso ritual que no debe faltar en ninguna fiesta: sal, Sierra Tequila Blanco y lim\u00f3n<\/p>\n","protected":false},"featured_media":23955,"template":"","meta":{"spay_email":""},"yoast_head":"<!-- This site is optimized with the Yoast SEO plugin v15.9 - https:\/\/yoast.com\/wordpress\/plugins\/seo\/ -->\n<title>Tequila Sierra Blanco 70cl. - Comercial de Hosteleria Anma<\/title>\n<meta name=\"description\" content=\"Tequila Sierra blanco | 38\u00ba | Destaca por un aroma pleno, fresco y afrutado con una ligera nota de chile, reforzado por el agave Weber azul.\" \/>\n<meta name=\"robots\" content=\"index, follow, max-snippet:-1, max-image-preview:large, max-video-preview:-1\" \/>\n<link rel=\"canonical\" href=\"https:\/\/www.comercialanma.es\/?product=tequila-sierra-blanco-70cl\" \/>\n<meta property=\"og:locale\" content=\"es_ES\" \/>\n<meta property=\"og:type\" content=\"article\" \/>\n<meta property=\"og:title\" content=\"Tequila Sierra Blanco 70cl. - Comercial de Hosteleria Anma\" \/>\n<meta property=\"og:description\" content=\"Tequila Sierra blanco | 38\u00ba | Destaca por un aroma pleno, fresco y afrutado con una ligera nota de chile, reforzado por el agave Weber azul.\" \/>\n<meta property=\"og:url\" content=\"https:\/\/www.comercialanma.es\/?product=tequila-sierra-blanco-70cl\" \/>\n<meta property=\"og:site_name\" content=\"Comercial de Hosteleria Anma\" \/>\n<meta property=\"article:publisher\" content=\"https:\/\/www.facebook.com\/AnmaHosteleria\" \/>\n<meta property=\"article:modified_time\" content=\"2024-10-01T09:18:49+00:00\" \/>\n<meta property=\"og:image\" content=\"https:\/\/i0.wp.com\/www.comercialanma.es\/wp-content\/uploads\/2024\/10\/tequila-sierra-blanco.jpg?fit=1080%2C1080&#038;ssl=1\" \/>\n\t<meta property=\"og:image:width\" content=\"1080\" \/>\n\t<meta property=\"og:image:height\" content=\"1080\" \/>\n<meta name=\"twitter:card\" content=\"summary_large_image\" \/>\n<meta name=\"twitter:label1\" content=\"Tiempo de lectura\">\n\t<meta name=\"twitter:data1\" content=\"1 minuto\">\n<script type=\"application\/ld+json\" class=\"yoast-schema-graph\">{\"@context\":\"https:\/\/schema.org\",\"@graph\":[{\"@type\":\"Organization\",\"@id\":\"https:\/\/www.comercialanma.es\/#organization\",\"name\":\"Comercial Anma\",\"url\":\"https:\/\/www.comercialanma.es\/\",\"sameAs\":[\"https:\/\/www.facebook.com\/AnmaHosteleria\",\"https:\/\/www.instagram.com\/anmahosteleria\/?hl=es\",\"https:\/\/www.youtube.com\/channel\/UCT2nmn08Ntks0hmpZPnDgCA\"],\"logo\":{\"@type\":\"ImageObject\",\"@id\":\"https:\/\/www.comercialanma.es\/#logo\",\"inLanguage\":\"es\",\"url\":\"https:\/\/i2.wp.com\/www.comercialanma.es\/wp-content\/uploads\/2019\/06\/logo-anma-color.png?fit=247%2C101&ssl=1\",\"width\":247,\"height\":101,\"caption\":\"Comercial Anma\"},\"image\":{\"@id\":\"https:\/\/www.comercialanma.es\/#logo\"}},{\"@type\":\"WebSite\",\"@id\":\"https:\/\/www.comercialanma.es\/#website\",\"url\":\"https:\/\/www.comercialanma.es\/\",\"name\":\"Comercial de Hosteleria Anma\",\"description\":\"\",\"publisher\":{\"@id\":\"https:\/\/www.comercialanma.es\/#organization\"},\"potentialAction\":[{\"@type\":\"SearchAction\",\"target\":\"https:\/\/www.comercialanma.es\/?s={search_term_string}\",\"query-input\":\"required name=search_term_string\"}],\"inLanguage\":\"es\"},{\"@type\":\"ImageObject\",\"@id\":\"https:\/\/www.comercialanma.es\/?product=tequila-sierra-blanco-70cl#primaryimage\",\"inLanguage\":\"es\",\"url\":\"https:\/\/i0.wp.com\/www.comercialanma.es\/wp-content\/uploads\/2024\/10\/tequila-sierra-blanco.jpg?fit=1080%2C1080&ssl=1\",\"width\":1080,\"height\":1080},{\"@type\":\"WebPage\",\"@id\":\"https:\/\/www.comercialanma.es\/?product=tequila-sierra-blanco-70cl#webpage\",\"url\":\"https:\/\/www.comercialanma.es\/?product=tequila-sierra-blanco-70cl\",\"name\":\"Tequila Sierra Blanco 70cl. - Comercial de Hosteleria Anma\",\"isPartOf\":{\"@id\":\"https:\/\/www.comercialanma.es\/#website\"},\"primaryImageOfPage\":{\"@id\":\"https:\/\/www.comercialanma.es\/?product=tequila-sierra-blanco-70cl#primaryimage\"},\"datePublished\":\"2024-10-01T08:27:34+00:00\",\"dateModified\":\"2024-10-01T09:18:49+00:00\",\"description\":\"Tequila Sierra blanco | 38\\u00ba | Destaca por un aroma pleno, fresco y afrutado con una ligera nota de chile, reforzado por el agave Weber azul.\",\"breadcrumb\":{\"@id\":\"https:\/\/www.comercialanma.es\/?product=tequila-sierra-blanco-70cl#breadcrumb\"},\"inLanguage\":\"es\",\"potentialAction\":[{\"@type\":\"ReadAction\",\"target\":[\"https:\/\/www.comercialanma.es\/?product=tequila-sierra-blanco-70cl\"]}]},{\"@type\":\"BreadcrumbList\",\"@id\":\"https:\/\/www.comercialanma.es\/?product=tequila-sierra-blanco-70cl#breadcrumb\",\"itemListElement\":[{\"@type\":\"ListItem\",\"position\":1,\"item\":{\"@type\":\"WebPage\",\"@id\":\"https:\/\/www.comercialanma.es\/\",\"url\":\"https:\/\/www.comercialanma.es\/\",\"name\":\"Portada\"}},{\"@type\":\"ListItem\",\"position\":2,\"item\":{\"@type\":\"WebPage\",\"@id\":\"https:\/\/www.comercialanma.es\/?page_id=3963\",\"url\":\"https:\/\/www.comercialanma.es\/?page_id=3963\",\"name\":\"Cat\\u00e1logo de Productos\"}},{\"@type\":\"ListItem\",\"position\":3,\"item\":{\"@type\":\"WebPage\",\"@id\":\"https:\/\/www.comercialanma.es\/?product=tequila-sierra-blanco-70cl\",\"url\":\"https:\/\/www.comercialanma.es\/?product=tequila-sierra-blanco-70cl\",\"name\":\"Tequila Sierra Blanco 70cl.\"}}]}]}<\/script>\n<!-- \/ Yoast SEO plugin. -->","_links":{"self":[{"href":"https:\/\/www.comercialanma.es\/index.php?rest_route=\/wp\/v2\/product\/23954"}],"collection":[{"href":"https:\/\/www.comercialanma.es\/index.php?rest_route=\/wp\/v2\/product"}],"about":[{"href":"https:\/\/www.comercialanma.es\/index.php?rest_route=\/wp\/v2\/types\/product"}],"version-history":[{"count":1,"href":"https:\/\/www.comercialanma.es\/index.php?rest_route=\/wp\/v2\/product\/23954\/revisions"}],"predecessor-version":[{"id":23956,"href":"https:\/\/www.comercialanma.es\/index.php?rest_route=\/wp\/v2\/product\/23954\/revisions\/23956"}],"wp:featuredmedia":[{"embeddable":true,"href":"https:\/\/www.comercialanma.es\/index.php?rest_route=\/wp\/v2\/media\/23955"}],"wp:attachment":[{"href":"https:\/\/www.comercialanma.es\/index.php?rest_route=%2Fwp%2Fv2%2Fmedia&parent=23954"}],"curies":[{"name":"wp","href":"https:\/\/api.w.org\/{rel}","templated":true}]}}

<h3>Nota de cata:</h3>
<ul>
<li>Tequila mexicano de Guadalajara</li>
<li>Aromas frescos y afrutados con una ligera nota de chile</li>
<li>Hecho de agave Weber azul recogido a mano</li>
<li>Ideal como shot con sal y limón</li>
</ul>
<h3>Graduación:</h3>
<ul>
<li>38% vol.</li>
</ul>

<p>El Sierra Tequila está disponible en más de 90 países del mundo, pero se sigue produciendo al estilo tradicional en Jalisco (México). El tequila proviene de una empresa familiar, Destilería Sierra Unidas, ubicada en una hacienda histórica en Guadalajara, también conocida como la capital del Tequila. El complejo proceso de producción comienza con la cuidadosa recogida a mano de los exquisitos agaves del estado de Jalisco, tras la que se realiza un suave proceso de destilación doble en alambiques aplicando los estándares de calidad más elevados. Tras el proceso de destilación, el Sierra Tequila Blanco reposa en depósitos de acero inoxidable.<br />
Esto armoniza el Tequila. Por último, el Tequila se llena en botellas exclusivas con el famoso sombrero mexicano rojo.<br />
El Sierra Tequila Blanco es un Tequila claro. Destaca por un aroma pleno, fresco y afrutado con una ligera nota de chile, reforzado por el agave Weber azul y ligeras notas de manzana verde y piña joven.</p>
<p>El Sierra Tequila es conocido en todo el mundo por su famoso ritual que no debe faltar en ninguna fiesta: sal, Sierra Tequila Blanco y limón</p>

<!-- This site is optimized with the Yoast SEO plugin v15.9 - https://yoast.com/wordpress/plugins/seo/ -->
<title>Tequila Sierra Blanco 70cl. - Comercial de Hosteleria Anma</title>
<meta name="description" content="Tequila Sierra blanco | 38º | Destaca por un aroma pleno, fresco y afrutado con una ligera nota de chile, reforzado por el agave Weber azul." />
<meta name="robots" content="index, follow, max-snippet:-1, max-image-preview:large, max-video-preview:-1" />
<link rel="canonical" href="https://www.comercialanma.es/?product=tequila-sierra-blanco-70cl" />
<meta property="og:locale" content="es_ES" />
<meta property="og:type" content="article" />
<meta property="og:title" content="Tequila Sierra Blanco 70cl. - Comercial de Hosteleria Anma" />
<meta property="og:description" content="Tequila Sierra blanco | 38º | Destaca por un aroma pleno, fresco y afrutado con una ligera nota de chile, reforzado por el agave Weber azul." />
<meta property="og:url" content="https://www.comercialanma.es/?product=tequila-sierra-blanco-70cl" />
<meta property="og:site_name" content="Comercial de Hosteleria Anma" />
<meta property="article:publisher" content="https://www.facebook.com/AnmaHosteleria" />
<meta property="article:modified_time" content="2024-10-01T09:18:49+00:00" />
<meta property="og:image" content="https://i0.wp.com/www.comercialanma.es/wp-content/uploads/2024/10/tequila-sierra-blanco.jpg?fit=1080%2C1080&#038;ssl=1" />
	<meta property="og:image:width" content="1080" />
	<meta property="og:image:height" content="1080" />
<meta name="twitter:card" content="summary_large_image" />
<meta name="twitter:label1" content="Tiempo de lectura">
	<meta name="twitter:data1" content="1 minuto">
<script type="application/ld+json" class="yoast-schema-graph">{"@context":"https://schema.org","@graph":[{"@type":"Organization","@id":"https://www.comercialanma.es/#organization","name":"Comercial Anma","url":"https://www.comercialanma.es/","sameAs":["https://www.facebook.com/AnmaHosteleria","https://www.instagram.com/anmahosteleria/?hl=es","https://www.youtube.com/channel/UCT2nmn08Ntks0hmpZPnDgCA"],"logo":{"@type":"ImageObject","@id":"https://www.comercialanma.es/#logo","inLanguage":"es","url":"https://i2.wp.com/www.comercialanma.es/wp-content/uploads/2019/06/logo-anma-color.png?fit=247%2C101&ssl=1","width":247,"height":101,"caption":"Comercial Anma"},"image":{"@id":"https://www.comercialanma.es/#logo"}},{"@type":"WebSite","@id":"https://www.comercialanma.es/#website","url":"https://www.comercialanma.es/","name":"Comercial de Hosteleria Anma","description":"","publisher":{"@id":"https://www.comercialanma.es/#organization"},"potentialAction":[{"@type":"SearchAction","target":"https://www.comercialanma.es/?s={search_term_string}","query-input":"required name=search_term_string"}],"inLanguage":"es"},{"@type":"ImageObject","@id":"https://www.comercialanma.es/?product=tequila-sierra-blanco-70cl#primaryimage","inLanguage":"es","url":"https://i0.wp.com/www.comercialanma.es/wp-content/uploads/2024/10/tequila-sierra-blanco.jpg?fit=1080%2C1080&ssl=1","width":1080,"height":1080},{"@type":"WebPage","@id":"https://www.comercialanma.es/?product=tequila-sierra-blanco-70cl#webpage","url":"https://www.comercialanma.es/?product=tequila-sierra-blanco-70cl","name":"Tequila Sierra Blanco 70cl. - Comercial de Hosteleria Anma","isPartOf":{"@id":"https://www.comercialanma.es/#website"},"primaryImageOfPage":{"@id":"https://www.comercialanma.es/?product=tequila-sierra-blanco-70cl#primaryimage"},"datePublished":"2024-10-01T08:27:34+00:00","dateModified":"2024-10-01T09:18:49+00:00","description":"Tequila Sierra blanco | 38\u00ba | Destaca por un aroma pleno, fresco y afrutado con una ligera nota de chile, reforzado por el agave Weber azul.","breadcrumb":{"@id":"https://www.comercialanma.es/?product=tequila-sierra-blanco-70cl#breadcrumb"},"inLanguage":"es","potentialAction":[{"@type":"ReadAction","target":["https://www.comercialanma.es/?product=tequila-sierra-blanco-70cl"]}]},{"@type":"BreadcrumbList","@id":"https://www.comercialanma.es/?product=tequila-sierra-blanco-70cl#breadcrumb","itemListElement":[{"@type":"ListItem","position":1,"item":{"@type":"WebPage","@id":"https://www.comercialanma.es/","url":"https://www.comercialanma.es/","name":"Portada"}},{"@type":"ListItem","position":2,"item":{"@type":"WebPage","@id":"https://www.comercialanma.es/?page_id=3963","url":"https://www.comercialanma.es/?page_id=3963","name":"Cat\u00e1logo de Productos"}},{"@type":"ListItem","position":3,"item":{"@type":"WebPage","@id":"https://www.comercialanma.es/?product=tequila-sierra-blanco-70cl","url":"https://www.comercialanma.es/?product=tequila-sierra-blanco-70cl","name":"Tequila Sierra Blanco 70cl."}}]}]}</script>
<!-- / Yoast SEO plugin. -->
