
{"id":24246,"date":"2025-05-14T09:59:01","date_gmt":"2025-05-14T07:59:01","guid":{"rendered":"https:\/\/www.comercialanma.es\/?post_type=product&#038;p=24246"},"modified":"2025-05-14T10:06:48","modified_gmt":"2025-05-14T08:06:48","slug":"pureza","status":"publish","type":"product","link":"https:\/\/www.comercialanma.es\/?product=pureza","title":{"rendered":"Pureza de Ar\u00ednzano 75cl."},"content":{"rendered":"<h3>D.O.P:<\/h3>\n<ul>\n<li>D.O.P. Pago de Ar\u00ednzano<\/li>\n<\/ul>\n<h3>Variedades de uva:<\/h3>\n<ul>\n<li><span class=\"tlid-translation translation\" lang=\"es\"><span title=\"\"><span class=\"tablaValorContenido\">Chardonnay 100%<\/span><\/span><\/span><\/li>\n<\/ul>\n<h3>Graduaci\u00f3n:<\/h3>\n<ul>\n<li>Graduaci\u00f3n: 14,5% vol.<\/li>\n<\/ul>\n<h3>Nota de Cata:<\/h3>\n<div class=\"field\">\n<ul>\n<li class=\"field-item odd \">Amarillo limpio brillante con tonos pajizos y reflejos verdes.<\/li>\n<li class=\"field-item odd \">Destaca por su franqueza arom\u00e1tica, complejidad mineral recordando a olor a lluvia o tierra mojada con un frescor natural en nariz. Durante su apertura arom\u00e1tica, tras varios minutos aparecen las arom\u00e1ticas de monte, a tomillo y romero. Un chardonnay especialmente arom\u00e1tico que recuerda a aromas generados al caminar por el monte que rodea el vi\u00f1edo de Canteras, origen del Chardonnay.<\/li>\n<li class=\"field-item odd \">En boca se trata de un chardonnay fresco, atl\u00e1ntico muy salino y s\u00e1pido, lineal con muy buena profundidad potenciada por la frescura, dando lugar a un paso de boca bien balanceado, envolvente sin aristas, redondo y muy equilibrado.<\/li>\n<\/ul>\n<\/div>\n","protected":false},"excerpt":{"rendered":"<p>Pureza de Ar\u00ednzano | 75cl. |<\/p>\n<p>Vino blanco excepcional de Hacienda Arinzano, primera expresi\u00f3n del proyecto Chardonnay Lab.<\/p>\n","protected":false},"featured_media":24247,"template":"","meta":{"spay_email":""},"yoast_head":"<!-- This site is optimized with the Yoast SEO plugin v15.9 - https:\/\/yoast.com\/wordpress\/plugins\/seo\/ -->\n<title>Pureza de Ar\u00ednzano 75cl. - Comercial de Hosteleria Anma<\/title>\n<meta name=\"description\" content=\"Pureza de Ar\u00ednzano | 75cl. | Vino blanco excepcional de Hacienda Arinzano, primera expresi\u00f3n del proyecto Chardonnay Lab.\" \/>\n<meta name=\"robots\" content=\"index, follow, max-snippet:-1, max-image-preview:large, max-video-preview:-1\" \/>\n<link rel=\"canonical\" href=\"https:\/\/www.comercialanma.es\/?product=pureza\" \/>\n<meta property=\"og:locale\" content=\"es_ES\" \/>\n<meta property=\"og:type\" content=\"article\" \/>\n<meta property=\"og:title\" content=\"Pureza de Ar\u00ednzano 75cl. - Comercial de Hosteleria Anma\" \/>\n<meta property=\"og:description\" content=\"Pureza de Ar\u00ednzano | 75cl. | Vino blanco excepcional de Hacienda Arinzano, primera expresi\u00f3n del proyecto Chardonnay Lab.\" \/>\n<meta property=\"og:url\" content=\"https:\/\/www.comercialanma.es\/?product=pureza\" \/>\n<meta property=\"og:site_name\" content=\"Comercial de Hosteleria Anma\" \/>\n<meta property=\"article:publisher\" content=\"https:\/\/www.facebook.com\/AnmaHosteleria\" \/>\n<meta property=\"article:modified_time\" content=\"2025-05-14T08:06:48+00:00\" \/>\n<meta property=\"og:image\" content=\"https:\/\/i0.wp.com\/www.comercialanma.es\/wp-content\/uploads\/2025\/05\/Pureza-arinzano.jpg?fit=1080%2C1080&#038;ssl=1\" \/>\n\t<meta property=\"og:image:width\" content=\"1080\" \/>\n\t<meta property=\"og:image:height\" content=\"1080\" \/>\n<meta name=\"twitter:card\" content=\"summary_large_image\" \/>\n<meta name=\"twitter:label1\" content=\"Tiempo de lectura\">\n\t<meta name=\"twitter:data1\" content=\"1 minuto\">\n<script type=\"application\/ld+json\" class=\"yoast-schema-graph\">{\"@context\":\"https:\/\/schema.org\",\"@graph\":[{\"@type\":\"Organization\",\"@id\":\"https:\/\/www.comercialanma.es\/#organization\",\"name\":\"Comercial Anma\",\"url\":\"https:\/\/www.comercialanma.es\/\",\"sameAs\":[\"https:\/\/www.facebook.com\/AnmaHosteleria\",\"https:\/\/www.instagram.com\/anmahosteleria\/?hl=es\",\"https:\/\/www.youtube.com\/channel\/UCT2nmn08Ntks0hmpZPnDgCA\"],\"logo\":{\"@type\":\"ImageObject\",\"@id\":\"https:\/\/www.comercialanma.es\/#logo\",\"inLanguage\":\"es\",\"url\":\"https:\/\/i2.wp.com\/www.comercialanma.es\/wp-content\/uploads\/2019\/06\/logo-anma-color.png?fit=247%2C101&ssl=1\",\"width\":247,\"height\":101,\"caption\":\"Comercial Anma\"},\"image\":{\"@id\":\"https:\/\/www.comercialanma.es\/#logo\"}},{\"@type\":\"WebSite\",\"@id\":\"https:\/\/www.comercialanma.es\/#website\",\"url\":\"https:\/\/www.comercialanma.es\/\",\"name\":\"Comercial de Hosteleria Anma\",\"description\":\"\",\"publisher\":{\"@id\":\"https:\/\/www.comercialanma.es\/#organization\"},\"potentialAction\":[{\"@type\":\"SearchAction\",\"target\":\"https:\/\/www.comercialanma.es\/?s={search_term_string}\",\"query-input\":\"required name=search_term_string\"}],\"inLanguage\":\"es\"},{\"@type\":\"ImageObject\",\"@id\":\"https:\/\/www.comercialanma.es\/?product=pureza#primaryimage\",\"inLanguage\":\"es\",\"url\":\"https:\/\/i0.wp.com\/www.comercialanma.es\/wp-content\/uploads\/2025\/05\/Pureza-arinzano.jpg?fit=1080%2C1080&ssl=1\",\"width\":1080,\"height\":1080},{\"@type\":\"WebPage\",\"@id\":\"https:\/\/www.comercialanma.es\/?product=pureza#webpage\",\"url\":\"https:\/\/www.comercialanma.es\/?product=pureza\",\"name\":\"Pureza de Ar\\u00ednzano 75cl. - Comercial de Hosteleria Anma\",\"isPartOf\":{\"@id\":\"https:\/\/www.comercialanma.es\/#website\"},\"primaryImageOfPage\":{\"@id\":\"https:\/\/www.comercialanma.es\/?product=pureza#primaryimage\"},\"datePublished\":\"2025-05-14T07:59:01+00:00\",\"dateModified\":\"2025-05-14T08:06:48+00:00\",\"description\":\"Pureza de Ar\\u00ednzano | 75cl. | Vino blanco excepcional de Hacienda Arinzano, primera expresi\\u00f3n del proyecto Chardonnay Lab.\",\"breadcrumb\":{\"@id\":\"https:\/\/www.comercialanma.es\/?product=pureza#breadcrumb\"},\"inLanguage\":\"es\",\"potentialAction\":[{\"@type\":\"ReadAction\",\"target\":[\"https:\/\/www.comercialanma.es\/?product=pureza\"]}]},{\"@type\":\"BreadcrumbList\",\"@id\":\"https:\/\/www.comercialanma.es\/?product=pureza#breadcrumb\",\"itemListElement\":[{\"@type\":\"ListItem\",\"position\":1,\"item\":{\"@type\":\"WebPage\",\"@id\":\"https:\/\/www.comercialanma.es\/\",\"url\":\"https:\/\/www.comercialanma.es\/\",\"name\":\"Portada\"}},{\"@type\":\"ListItem\",\"position\":2,\"item\":{\"@type\":\"WebPage\",\"@id\":\"https:\/\/www.comercialanma.es\/?page_id=3963\",\"url\":\"https:\/\/www.comercialanma.es\/?page_id=3963\",\"name\":\"Cat\\u00e1logo de Productos\"}},{\"@type\":\"ListItem\",\"position\":3,\"item\":{\"@type\":\"WebPage\",\"@id\":\"https:\/\/www.comercialanma.es\/?product=pureza\",\"url\":\"https:\/\/www.comercialanma.es\/?product=pureza\",\"name\":\"Pureza de Ar\\u00ednzano 75cl.\"}}]}]}<\/script>\n<!-- \/ Yoast SEO plugin. -->","_links":{"self":[{"href":"https:\/\/www.comercialanma.es\/index.php?rest_route=\/wp\/v2\/product\/24246"}],"collection":[{"href":"https:\/\/www.comercialanma.es\/index.php?rest_route=\/wp\/v2\/product"}],"about":[{"href":"https:\/\/www.comercialanma.es\/index.php?rest_route=\/wp\/v2\/types\/product"}],"version-history":[{"count":2,"href":"https:\/\/www.comercialanma.es\/index.php?rest_route=\/wp\/v2\/product\/24246\/revisions"}],"predecessor-version":[{"id":24249,"href":"https:\/\/www.comercialanma.es\/index.php?rest_route=\/wp\/v2\/product\/24246\/revisions\/24249"}],"wp:featuredmedia":[{"embeddable":true,"href":"https:\/\/www.comercialanma.es\/index.php?rest_route=\/wp\/v2\/media\/24247"}],"wp:attachment":[{"href":"https:\/\/www.comercialanma.es\/index.php?rest_route=%2Fwp%2Fv2%2Fmedia&parent=24246"}],"curies":[{"name":"wp","href":"https:\/\/api.w.org\/{rel}","templated":true}]}}