
{"id":24315,"date":"2025-08-08T16:30:29","date_gmt":"2025-08-08T14:30:29","guid":{"rendered":"https:\/\/www.comercialanma.es\/?post_type=product&#038;p=24315"},"modified":"2025-08-08T16:37:58","modified_gmt":"2025-08-08T14:37:58","slug":"kick-the-rules-tequila-con-sandia","status":"publish","type":"product","link":"https:\/\/www.comercialanma.es\/?product=kick-the-rules-tequila-con-sandia","title":{"rendered":"Kick The Rules Tequila con Sand\u00eda 70cl."},"content":{"rendered":"<h3>Nota de cata:<\/h3>\n<ul>\n<li>\u00a1Prep\u00e1rate para una explosi\u00f3n de sabor que desaf\u00eda lo convencional! La crema de sand\u00eda con tequila \u00abKick The Rules\u00bb ha llegado para revolucionar tus fiestas y momentos de relax. Olv\u00eddate de las bebidas aburridas y dale la bienvenida a una experiencia \u00fanica que combina la dulzura de la sand\u00eda con el toque audaz del tequila.<\/li>\n<\/ul>\n<h3>Graduaci\u00f3n:<\/h3>\n<ul>\n<li>15% vol.<\/li>\n<\/ul>\n","protected":false},"excerpt":{"rendered":"<p><strong>Tequila Kick The Rules Sand\u00eda<\/strong>, una combinaci\u00f3n tan explosiva como placentera. No hay paladar que se resista al placer de sentir el mejor tequila mexicano mientras es envuelto en una fina capa con sabor a sand\u00eda. Suena bien, \u00bfVerdad? Imagina ahora probarlo en un vaso bien fr\u00edo y repleto de motivos para no abandonar la silla. As\u00ed es como se nos presenta <strong>Kick The Rules,<\/strong>\u00a0as\u00ed es como te ofrecemos esta crema de tequila para que puedas disfrutarla con todos los sentidos. Un regalo o un capricho<\/p>\n","protected":false},"featured_media":24320,"template":"","meta":{"spay_email":""},"yoast_head":"<!-- This site is optimized with the Yoast SEO plugin v15.9 - https:\/\/yoast.com\/wordpress\/plugins\/seo\/ -->\n<title>Kick The Rules Tequila con Sand\u00eda 70cl. - Comercial de Hosteleria Anma<\/title>\n<meta name=\"description\" content=\"Kick The Rules Tequila con Sand\u00eda | 70cl. | 15\u00ba | el mejor tequila mexicano mientras es envuelto en una fina capa con sabor a sand\u00eda.\" \/>\n<meta name=\"robots\" content=\"index, follow, max-snippet:-1, max-image-preview:large, max-video-preview:-1\" \/>\n<link rel=\"canonical\" href=\"https:\/\/www.comercialanma.es\/?product=kick-the-rules-tequila-con-sandia\" \/>\n<meta property=\"og:locale\" content=\"es_ES\" \/>\n<meta property=\"og:type\" content=\"article\" \/>\n<meta property=\"og:title\" content=\"Kick The Rules Tequila con Sand\u00eda 70cl. - Comercial de Hosteleria Anma\" \/>\n<meta property=\"og:description\" content=\"Kick The Rules Tequila con Sand\u00eda | 70cl. | 15\u00ba | el mejor tequila mexicano mientras es envuelto en una fina capa con sabor a sand\u00eda.\" \/>\n<meta property=\"og:url\" content=\"https:\/\/www.comercialanma.es\/?product=kick-the-rules-tequila-con-sandia\" \/>\n<meta property=\"og:site_name\" content=\"Comercial de Hosteleria Anma\" \/>\n<meta property=\"article:publisher\" content=\"https:\/\/www.facebook.com\/AnmaHosteleria\" \/>\n<meta property=\"article:modified_time\" content=\"2025-08-08T14:37:58+00:00\" \/>\n<meta property=\"og:image\" content=\"https:\/\/i1.wp.com\/www.comercialanma.es\/wp-content\/uploads\/2025\/08\/Kick-The-Rules-Sandia.jpg?fit=1080%2C1080&#038;ssl=1\" \/>\n\t<meta property=\"og:image:width\" content=\"1080\" \/>\n\t<meta property=\"og:image:height\" content=\"1080\" \/>\n<meta name=\"twitter:card\" content=\"summary_large_image\" \/>\n<meta name=\"twitter:label1\" content=\"Tiempo de lectura\">\n\t<meta name=\"twitter:data1\" content=\"1 minuto\">\n<script type=\"application\/ld+json\" class=\"yoast-schema-graph\">{\"@context\":\"https:\/\/schema.org\",\"@graph\":[{\"@type\":\"Organization\",\"@id\":\"https:\/\/www.comercialanma.es\/#organization\",\"name\":\"Comercial Anma\",\"url\":\"https:\/\/www.comercialanma.es\/\",\"sameAs\":[\"https:\/\/www.facebook.com\/AnmaHosteleria\",\"https:\/\/www.instagram.com\/anmahosteleria\/?hl=es\",\"https:\/\/www.youtube.com\/channel\/UCT2nmn08Ntks0hmpZPnDgCA\"],\"logo\":{\"@type\":\"ImageObject\",\"@id\":\"https:\/\/www.comercialanma.es\/#logo\",\"inLanguage\":\"es\",\"url\":\"https:\/\/i2.wp.com\/www.comercialanma.es\/wp-content\/uploads\/2019\/06\/logo-anma-color.png?fit=247%2C101&ssl=1\",\"width\":247,\"height\":101,\"caption\":\"Comercial Anma\"},\"image\":{\"@id\":\"https:\/\/www.comercialanma.es\/#logo\"}},{\"@type\":\"WebSite\",\"@id\":\"https:\/\/www.comercialanma.es\/#website\",\"url\":\"https:\/\/www.comercialanma.es\/\",\"name\":\"Comercial de Hosteleria Anma\",\"description\":\"\",\"publisher\":{\"@id\":\"https:\/\/www.comercialanma.es\/#organization\"},\"potentialAction\":[{\"@type\":\"SearchAction\",\"target\":\"https:\/\/www.comercialanma.es\/?s={search_term_string}\",\"query-input\":\"required name=search_term_string\"}],\"inLanguage\":\"es\"},{\"@type\":\"ImageObject\",\"@id\":\"https:\/\/www.comercialanma.es\/?product=kick-the-rules-tequila-con-sandia#primaryimage\",\"inLanguage\":\"es\",\"url\":\"https:\/\/i1.wp.com\/www.comercialanma.es\/wp-content\/uploads\/2025\/08\/Kick-The-Rules-Sandia.jpg?fit=1080%2C1080&ssl=1\",\"width\":1080,\"height\":1080},{\"@type\":\"WebPage\",\"@id\":\"https:\/\/www.comercialanma.es\/?product=kick-the-rules-tequila-con-sandia#webpage\",\"url\":\"https:\/\/www.comercialanma.es\/?product=kick-the-rules-tequila-con-sandia\",\"name\":\"Kick The Rules Tequila con Sand\\u00eda 70cl. - Comercial de Hosteleria Anma\",\"isPartOf\":{\"@id\":\"https:\/\/www.comercialanma.es\/#website\"},\"primaryImageOfPage\":{\"@id\":\"https:\/\/www.comercialanma.es\/?product=kick-the-rules-tequila-con-sandia#primaryimage\"},\"datePublished\":\"2025-08-08T14:30:29+00:00\",\"dateModified\":\"2025-08-08T14:37:58+00:00\",\"description\":\"Kick The Rules Tequila con Sand\\u00eda | 70cl. | 15\\u00ba | el mejor tequila mexicano mientras es envuelto en una fina capa con sabor a sand\\u00eda.\",\"breadcrumb\":{\"@id\":\"https:\/\/www.comercialanma.es\/?product=kick-the-rules-tequila-con-sandia#breadcrumb\"},\"inLanguage\":\"es\",\"potentialAction\":[{\"@type\":\"ReadAction\",\"target\":[\"https:\/\/www.comercialanma.es\/?product=kick-the-rules-tequila-con-sandia\"]}]},{\"@type\":\"BreadcrumbList\",\"@id\":\"https:\/\/www.comercialanma.es\/?product=kick-the-rules-tequila-con-sandia#breadcrumb\",\"itemListElement\":[{\"@type\":\"ListItem\",\"position\":1,\"item\":{\"@type\":\"WebPage\",\"@id\":\"https:\/\/www.comercialanma.es\/\",\"url\":\"https:\/\/www.comercialanma.es\/\",\"name\":\"Portada\"}},{\"@type\":\"ListItem\",\"position\":2,\"item\":{\"@type\":\"WebPage\",\"@id\":\"https:\/\/www.comercialanma.es\/?page_id=3963\",\"url\":\"https:\/\/www.comercialanma.es\/?page_id=3963\",\"name\":\"Cat\\u00e1logo de Productos\"}},{\"@type\":\"ListItem\",\"position\":3,\"item\":{\"@type\":\"WebPage\",\"@id\":\"https:\/\/www.comercialanma.es\/?product=kick-the-rules-tequila-con-sandia\",\"url\":\"https:\/\/www.comercialanma.es\/?product=kick-the-rules-tequila-con-sandia\",\"name\":\"Kick The Rules Tequila con Sand\\u00eda 70cl.\"}}]}]}<\/script>\n<!-- \/ Yoast SEO plugin. -->","_links":{"self":[{"href":"https:\/\/www.comercialanma.es\/index.php?rest_route=\/wp\/v2\/product\/24315"}],"collection":[{"href":"https:\/\/www.comercialanma.es\/index.php?rest_route=\/wp\/v2\/product"}],"about":[{"href":"https:\/\/www.comercialanma.es\/index.php?rest_route=\/wp\/v2\/types\/product"}],"version-history":[{"count":1,"href":"https:\/\/www.comercialanma.es\/index.php?rest_route=\/wp\/v2\/product\/24315\/revisions"}],"predecessor-version":[{"id":24316,"href":"https:\/\/www.comercialanma.es\/index.php?rest_route=\/wp\/v2\/product\/24315\/revisions\/24316"}],"wp:featuredmedia":[{"embeddable":true,"href":"https:\/\/www.comercialanma.es\/index.php?rest_route=\/wp\/v2\/media\/24320"}],"wp:attachment":[{"href":"https:\/\/www.comercialanma.es\/index.php?rest_route=%2Fwp%2Fv2%2Fmedia&parent=24315"}],"curies":[{"name":"wp","href":"https:\/\/api.w.org\/{rel}","templated":true}]}}