
{"id":24327,"date":"2025-09-18T09:45:18","date_gmt":"2025-09-18T07:45:18","guid":{"rendered":"https:\/\/www.comercialanma.es\/?post_type=product&#038;p=24327"},"modified":"2025-09-18T10:02:50","modified_gmt":"2025-09-18T08:02:50","slug":"joana","status":"publish","type":"product","link":"https:\/\/www.comercialanma.es\/?product=joana","title":{"rendered":"Joana 75cl."},"content":{"rendered":"<h3>D.O.:<\/h3>\n<ul>\n<li>Montsant.<\/li>\n<\/ul>\n<h3>Variedades de uva:<\/h3>\n<ul>\n<li>Garnacha Negra, Merlot.<\/li>\n<\/ul>\n<h3>Graduaci\u00f3n:<\/h3>\n<ul>\n<li>14,5% vol.<\/li>\n<\/ul>\n<h3>Nota de cata:<\/h3>\n<ul>\n<li>De un vivo y reluciente color rojo<\/li>\n<li>Joana es una explosi\u00f3n arom\u00e1tica de flores y de fruta fresca.<\/li>\n<li>Directo, sabroso, descarado pero a la vez equilibrado y delicado. Joana invita a seguir bebiendo, a disfrutar intensamente de su juventud.<\/li>\n<\/ul>\n","protected":false},"excerpt":{"rendered":"<p>Joana es juventud y alegr\u00eda, un vino de aromas, matices y sensaciones que se expresan con franqueza. Pero Joana es tambi\u00e9n mucho m\u00e1s, el primero de los vinos de un proyecto estimulante al que se han sumado nuestros hijos para dar continuidad a una filosof\u00eda de vida.<\/p>\n","protected":false},"featured_media":24328,"template":"","meta":{"spay_email":""},"yoast_head":"<!-- This site is optimized with the Yoast SEO plugin v15.9 - https:\/\/yoast.com\/wordpress\/plugins\/seo\/ -->\n<title>Joana 75cl. - Comercial de Hosteleria Anma<\/title>\n<meta name=\"description\" content=\"Joana Cellers Sant Rafel | 75cl. | D.O Montsant | Joana es una explosi\u00f3n arom\u00e1tica de flores y de fruta fresca.\" \/>\n<meta name=\"robots\" content=\"index, follow, max-snippet:-1, max-image-preview:large, max-video-preview:-1\" \/>\n<link rel=\"canonical\" href=\"https:\/\/www.comercialanma.es\/?product=joana\" \/>\n<meta property=\"og:locale\" content=\"es_ES\" \/>\n<meta property=\"og:type\" content=\"article\" \/>\n<meta property=\"og:title\" content=\"Joana 75cl. - Comercial de Hosteleria Anma\" \/>\n<meta property=\"og:description\" content=\"Joana Cellers Sant Rafel | 75cl. | D.O Montsant | Joana es una explosi\u00f3n arom\u00e1tica de flores y de fruta fresca.\" \/>\n<meta property=\"og:url\" content=\"https:\/\/www.comercialanma.es\/?product=joana\" \/>\n<meta property=\"og:site_name\" content=\"Comercial de Hosteleria Anma\" \/>\n<meta property=\"article:publisher\" content=\"https:\/\/www.facebook.com\/AnmaHosteleria\" \/>\n<meta property=\"article:modified_time\" content=\"2025-09-18T08:02:50+00:00\" \/>\n<meta property=\"og:image\" content=\"https:\/\/i1.wp.com\/www.comercialanma.es\/wp-content\/uploads\/2025\/09\/joana-cellers-sant-rafel.jpg?fit=1080%2C1080&#038;ssl=1\" \/>\n\t<meta property=\"og:image:width\" content=\"1080\" \/>\n\t<meta property=\"og:image:height\" content=\"1080\" \/>\n<meta name=\"twitter:card\" content=\"summary_large_image\" \/>\n<meta name=\"twitter:label1\" content=\"Tiempo de lectura\">\n\t<meta name=\"twitter:data1\" content=\"1 minuto\">\n<script type=\"application\/ld+json\" class=\"yoast-schema-graph\">{\"@context\":\"https:\/\/schema.org\",\"@graph\":[{\"@type\":\"Organization\",\"@id\":\"https:\/\/www.comercialanma.es\/#organization\",\"name\":\"Comercial Anma\",\"url\":\"https:\/\/www.comercialanma.es\/\",\"sameAs\":[\"https:\/\/www.facebook.com\/AnmaHosteleria\",\"https:\/\/www.instagram.com\/anmahosteleria\/?hl=es\",\"https:\/\/www.youtube.com\/channel\/UCT2nmn08Ntks0hmpZPnDgCA\"],\"logo\":{\"@type\":\"ImageObject\",\"@id\":\"https:\/\/www.comercialanma.es\/#logo\",\"inLanguage\":\"es\",\"url\":\"https:\/\/i2.wp.com\/www.comercialanma.es\/wp-content\/uploads\/2019\/06\/logo-anma-color.png?fit=247%2C101&ssl=1\",\"width\":247,\"height\":101,\"caption\":\"Comercial Anma\"},\"image\":{\"@id\":\"https:\/\/www.comercialanma.es\/#logo\"}},{\"@type\":\"WebSite\",\"@id\":\"https:\/\/www.comercialanma.es\/#website\",\"url\":\"https:\/\/www.comercialanma.es\/\",\"name\":\"Comercial de Hosteleria Anma\",\"description\":\"\",\"publisher\":{\"@id\":\"https:\/\/www.comercialanma.es\/#organization\"},\"potentialAction\":[{\"@type\":\"SearchAction\",\"target\":\"https:\/\/www.comercialanma.es\/?s={search_term_string}\",\"query-input\":\"required name=search_term_string\"}],\"inLanguage\":\"es\"},{\"@type\":\"ImageObject\",\"@id\":\"https:\/\/www.comercialanma.es\/?product=joana#primaryimage\",\"inLanguage\":\"es\",\"url\":\"https:\/\/i1.wp.com\/www.comercialanma.es\/wp-content\/uploads\/2025\/09\/joana-cellers-sant-rafel.jpg?fit=1080%2C1080&ssl=1\",\"width\":1080,\"height\":1080},{\"@type\":\"WebPage\",\"@id\":\"https:\/\/www.comercialanma.es\/?product=joana#webpage\",\"url\":\"https:\/\/www.comercialanma.es\/?product=joana\",\"name\":\"Joana 75cl. - Comercial de Hosteleria Anma\",\"isPartOf\":{\"@id\":\"https:\/\/www.comercialanma.es\/#website\"},\"primaryImageOfPage\":{\"@id\":\"https:\/\/www.comercialanma.es\/?product=joana#primaryimage\"},\"datePublished\":\"2025-09-18T07:45:18+00:00\",\"dateModified\":\"2025-09-18T08:02:50+00:00\",\"description\":\"Joana Cellers Sant Rafel | 75cl. | D.O Montsant | Joana es una explosi\\u00f3n arom\\u00e1tica de flores y de fruta fresca.\",\"breadcrumb\":{\"@id\":\"https:\/\/www.comercialanma.es\/?product=joana#breadcrumb\"},\"inLanguage\":\"es\",\"potentialAction\":[{\"@type\":\"ReadAction\",\"target\":[\"https:\/\/www.comercialanma.es\/?product=joana\"]}]},{\"@type\":\"BreadcrumbList\",\"@id\":\"https:\/\/www.comercialanma.es\/?product=joana#breadcrumb\",\"itemListElement\":[{\"@type\":\"ListItem\",\"position\":1,\"item\":{\"@type\":\"WebPage\",\"@id\":\"https:\/\/www.comercialanma.es\/\",\"url\":\"https:\/\/www.comercialanma.es\/\",\"name\":\"Portada\"}},{\"@type\":\"ListItem\",\"position\":2,\"item\":{\"@type\":\"WebPage\",\"@id\":\"https:\/\/www.comercialanma.es\/?page_id=3963\",\"url\":\"https:\/\/www.comercialanma.es\/?page_id=3963\",\"name\":\"Cat\\u00e1logo de Productos\"}},{\"@type\":\"ListItem\",\"position\":3,\"item\":{\"@type\":\"WebPage\",\"@id\":\"https:\/\/www.comercialanma.es\/?product=joana\",\"url\":\"https:\/\/www.comercialanma.es\/?product=joana\",\"name\":\"Joana 75cl.\"}}]}]}<\/script>\n<!-- \/ Yoast SEO plugin. -->","_links":{"self":[{"href":"https:\/\/www.comercialanma.es\/index.php?rest_route=\/wp\/v2\/product\/24327"}],"collection":[{"href":"https:\/\/www.comercialanma.es\/index.php?rest_route=\/wp\/v2\/product"}],"about":[{"href":"https:\/\/www.comercialanma.es\/index.php?rest_route=\/wp\/v2\/types\/product"}],"version-history":[{"count":1,"href":"https:\/\/www.comercialanma.es\/index.php?rest_route=\/wp\/v2\/product\/24327\/revisions"}],"predecessor-version":[{"id":24329,"href":"https:\/\/www.comercialanma.es\/index.php?rest_route=\/wp\/v2\/product\/24327\/revisions\/24329"}],"wp:featuredmedia":[{"embeddable":true,"href":"https:\/\/www.comercialanma.es\/index.php?rest_route=\/wp\/v2\/media\/24328"}],"wp:attachment":[{"href":"https:\/\/www.comercialanma.es\/index.php?rest_route=%2Fwp%2Fv2%2Fmedia&parent=24327"}],"curies":[{"name":"wp","href":"https:\/\/api.w.org\/{rel}","templated":true}]}}

<h3>D.O.:</h3>
<ul>
<li>Montsant.</li>
</ul>
<h3>Variedades de uva:</h3>
<ul>
<li>Garnacha Negra, Merlot.</li>
</ul>
<h3>Graduación:</h3>
<ul>
<li>14,5% vol.</li>
</ul>
<h3>Nota de cata:</h3>
<ul>
<li>De un vivo y reluciente color rojo</li>
<li>Joana es una explosión aromática de flores y de fruta fresca.</li>
<li>Directo, sabroso, descarado pero a la vez equilibrado y delicado. Joana invita a seguir bebiendo, a disfrutar intensamente de su juventud.</li>
</ul>

<p>Joana es juventud y alegría, un vino de aromas, matices y sensaciones que se expresan con franqueza. Pero Joana es también mucho más, el primero de los vinos de un proyecto estimulante al que se han sumado nuestros hijos para dar continuidad a una filosofía de vida.</p>

<!-- This site is optimized with the Yoast SEO plugin v15.9 - https://yoast.com/wordpress/plugins/seo/ -->
<title>Joana 75cl. - Comercial de Hosteleria Anma</title>
<meta name="description" content="Joana Cellers Sant Rafel | 75cl. | D.O Montsant | Joana es una explosión aromática de flores y de fruta fresca." />
<meta name="robots" content="index, follow, max-snippet:-1, max-image-preview:large, max-video-preview:-1" />
<link rel="canonical" href="https://www.comercialanma.es/?product=joana" />
<meta property="og:locale" content="es_ES" />
<meta property="og:type" content="article" />
<meta property="og:title" content="Joana 75cl. - Comercial de Hosteleria Anma" />
<meta property="og:description" content="Joana Cellers Sant Rafel | 75cl. | D.O Montsant | Joana es una explosión aromática de flores y de fruta fresca." />
<meta property="og:url" content="https://www.comercialanma.es/?product=joana" />
<meta property="og:site_name" content="Comercial de Hosteleria Anma" />
<meta property="article:publisher" content="https://www.facebook.com/AnmaHosteleria" />
<meta property="article:modified_time" content="2025-09-18T08:02:50+00:00" />
<meta property="og:image" content="https://i1.wp.com/www.comercialanma.es/wp-content/uploads/2025/09/joana-cellers-sant-rafel.jpg?fit=1080%2C1080&#038;ssl=1" />
	<meta property="og:image:width" content="1080" />
	<meta property="og:image:height" content="1080" />
<meta name="twitter:card" content="summary_large_image" />
<meta name="twitter:label1" content="Tiempo de lectura">
	<meta name="twitter:data1" content="1 minuto">
<script type="application/ld+json" class="yoast-schema-graph">{"@context":"https://schema.org","@graph":[{"@type":"Organization","@id":"https://www.comercialanma.es/#organization","name":"Comercial Anma","url":"https://www.comercialanma.es/","sameAs":["https://www.facebook.com/AnmaHosteleria","https://www.instagram.com/anmahosteleria/?hl=es","https://www.youtube.com/channel/UCT2nmn08Ntks0hmpZPnDgCA"],"logo":{"@type":"ImageObject","@id":"https://www.comercialanma.es/#logo","inLanguage":"es","url":"https://i2.wp.com/www.comercialanma.es/wp-content/uploads/2019/06/logo-anma-color.png?fit=247%2C101&ssl=1","width":247,"height":101,"caption":"Comercial Anma"},"image":{"@id":"https://www.comercialanma.es/#logo"}},{"@type":"WebSite","@id":"https://www.comercialanma.es/#website","url":"https://www.comercialanma.es/","name":"Comercial de Hosteleria Anma","description":"","publisher":{"@id":"https://www.comercialanma.es/#organization"},"potentialAction":[{"@type":"SearchAction","target":"https://www.comercialanma.es/?s={search_term_string}","query-input":"required name=search_term_string"}],"inLanguage":"es"},{"@type":"ImageObject","@id":"https://www.comercialanma.es/?product=joana#primaryimage","inLanguage":"es","url":"https://i1.wp.com/www.comercialanma.es/wp-content/uploads/2025/09/joana-cellers-sant-rafel.jpg?fit=1080%2C1080&ssl=1","width":1080,"height":1080},{"@type":"WebPage","@id":"https://www.comercialanma.es/?product=joana#webpage","url":"https://www.comercialanma.es/?product=joana","name":"Joana 75cl. - Comercial de Hosteleria Anma","isPartOf":{"@id":"https://www.comercialanma.es/#website"},"primaryImageOfPage":{"@id":"https://www.comercialanma.es/?product=joana#primaryimage"},"datePublished":"2025-09-18T07:45:18+00:00","dateModified":"2025-09-18T08:02:50+00:00","description":"Joana Cellers Sant Rafel | 75cl. | D.O Montsant | Joana es una explosi\u00f3n arom\u00e1tica de flores y de fruta fresca.","breadcrumb":{"@id":"https://www.comercialanma.es/?product=joana#breadcrumb"},"inLanguage":"es","potentialAction":[{"@type":"ReadAction","target":["https://www.comercialanma.es/?product=joana"]}]},{"@type":"BreadcrumbList","@id":"https://www.comercialanma.es/?product=joana#breadcrumb","itemListElement":[{"@type":"ListItem","position":1,"item":{"@type":"WebPage","@id":"https://www.comercialanma.es/","url":"https://www.comercialanma.es/","name":"Portada"}},{"@type":"ListItem","position":2,"item":{"@type":"WebPage","@id":"https://www.comercialanma.es/?page_id=3963","url":"https://www.comercialanma.es/?page_id=3963","name":"Cat\u00e1logo de Productos"}},{"@type":"ListItem","position":3,"item":{"@type":"WebPage","@id":"https://www.comercialanma.es/?product=joana","url":"https://www.comercialanma.es/?product=joana","name":"Joana 75cl."}}]}]}</script>
<!-- / Yoast SEO plugin. -->
