
{"id":24368,"date":"2025-09-18T16:53:11","date_gmt":"2025-09-18T14:53:11","guid":{"rendered":"https:\/\/www.comercialanma.es\/?post_type=product&#038;p=24368"},"modified":"2025-09-18T16:58:42","modified_gmt":"2025-09-18T14:58:42","slug":"clos-farena","status":"publish","type":"product","link":"https:\/\/www.comercialanma.es\/?product=clos-farena","title":{"rendered":"Clos Farena 75cl."},"content":{"rendered":"<h3>D.O.Q:<\/h3>\n<ul>\n<li>Priorat.<\/li>\n<\/ul>\n<h3>Variedades de uva:<\/h3>\n<ul>\n<li>Garnacha blanca.<\/li>\n<\/ul>\n<h3>Graduaci\u00f3n:<\/h3>\n<ul>\n<li>Graduaci\u00f3n: 13,0% vol.<\/li>\n<\/ul>\n<h3>Nota de cata:<\/h3>\n<div class=\"field\">\n<div class=\"field-items\">\n<div class=\"field field--name-field-nose field--type-string-long field--label-above\">\n<ul>\n<li class=\"field__item\">Aromas de fruta blanca, c\u00edtricos y toques florales.<\/li>\n<\/ul>\n<\/div>\n<div class=\"field field--name-field-mouth field--type-string-long field--label-above\">\n<ul>\n<li class=\"field__item\">Golosa, fresca, afrutada, con muy buena frescura.<\/li>\n<\/ul>\n<\/div>\n<h3>Maridaje:<\/h3>\n<ul>\n<li>Ideal para acompa\u00f1ar con elaboraciones asi\u00e1ticas.<\/li>\n<\/ul>\n<\/div>\n<\/div>\n","protected":false},"excerpt":{"rendered":"<div id=\"tw-target-text-container\">\n<p dir=\"ltr\" data-placeholder=\"Traducci\u00f3n\">Este monovarietal de\u00a0Garnacha blanca\u00a0es una referencia perfecta para descubrir que el mosaico de\u00a0Priorat\u00a0se extiende m\u00e1s all\u00e1 de sus tintos. Procedente de vi\u00f1edos situados a gran altitud, entrega un vino de\u00a0gran frescura\u00a0y que se combina de forma ideal con comida asi\u00e1tica.<\/p>\n<\/div>\n","protected":false},"featured_media":24369,"template":"","meta":{"spay_email":""},"yoast_head":"<!-- This site is optimized with the Yoast SEO plugin v15.9 - https:\/\/yoast.com\/wordpress\/plugins\/seo\/ -->\n<title>Clos Farena 75cl. - Comercial de Hosteleria Anma<\/title>\n<meta name=\"description\" content=\"Clos Farena\u00a0| 75cl. | D.O.Q Priorat | Este monovarietal de\u00a0Garnacha blanca\u00a0es una referencia perfecta para descubrir.\" \/>\n<meta name=\"robots\" content=\"index, follow, max-snippet:-1, max-image-preview:large, max-video-preview:-1\" \/>\n<link rel=\"canonical\" href=\"https:\/\/www.comercialanma.es\/?product=clos-farena\" \/>\n<meta property=\"og:locale\" content=\"es_ES\" \/>\n<meta property=\"og:type\" content=\"article\" \/>\n<meta property=\"og:title\" content=\"Clos Farena 75cl. - Comercial de Hosteleria Anma\" \/>\n<meta property=\"og:description\" content=\"Clos Farena\u00a0| 75cl. | D.O.Q Priorat | Este monovarietal de\u00a0Garnacha blanca\u00a0es una referencia perfecta para descubrir.\" \/>\n<meta property=\"og:url\" content=\"https:\/\/www.comercialanma.es\/?product=clos-farena\" \/>\n<meta property=\"og:site_name\" content=\"Comercial de Hosteleria Anma\" \/>\n<meta property=\"article:publisher\" content=\"https:\/\/www.facebook.com\/AnmaHosteleria\" \/>\n<meta property=\"article:modified_time\" content=\"2025-09-18T14:58:42+00:00\" \/>\n<meta property=\"og:image\" content=\"https:\/\/i0.wp.com\/www.comercialanma.es\/wp-content\/uploads\/2025\/09\/Blanco-clos-farena.jpg?fit=1080%2C1080&#038;ssl=1\" \/>\n\t<meta property=\"og:image:width\" content=\"1080\" \/>\n\t<meta property=\"og:image:height\" content=\"1080\" \/>\n<meta name=\"twitter:card\" content=\"summary_large_image\" \/>\n<meta name=\"twitter:label1\" content=\"Tiempo de lectura\">\n\t<meta name=\"twitter:data1\" content=\"1 minuto\">\n<script type=\"application\/ld+json\" class=\"yoast-schema-graph\">{\"@context\":\"https:\/\/schema.org\",\"@graph\":[{\"@type\":\"Organization\",\"@id\":\"https:\/\/www.comercialanma.es\/#organization\",\"name\":\"Comercial Anma\",\"url\":\"https:\/\/www.comercialanma.es\/\",\"sameAs\":[\"https:\/\/www.facebook.com\/AnmaHosteleria\",\"https:\/\/www.instagram.com\/anmahosteleria\/?hl=es\",\"https:\/\/www.youtube.com\/channel\/UCT2nmn08Ntks0hmpZPnDgCA\"],\"logo\":{\"@type\":\"ImageObject\",\"@id\":\"https:\/\/www.comercialanma.es\/#logo\",\"inLanguage\":\"es\",\"url\":\"https:\/\/i2.wp.com\/www.comercialanma.es\/wp-content\/uploads\/2019\/06\/logo-anma-color.png?fit=247%2C101&ssl=1\",\"width\":247,\"height\":101,\"caption\":\"Comercial Anma\"},\"image\":{\"@id\":\"https:\/\/www.comercialanma.es\/#logo\"}},{\"@type\":\"WebSite\",\"@id\":\"https:\/\/www.comercialanma.es\/#website\",\"url\":\"https:\/\/www.comercialanma.es\/\",\"name\":\"Comercial de Hosteleria Anma\",\"description\":\"\",\"publisher\":{\"@id\":\"https:\/\/www.comercialanma.es\/#organization\"},\"potentialAction\":[{\"@type\":\"SearchAction\",\"target\":\"https:\/\/www.comercialanma.es\/?s={search_term_string}\",\"query-input\":\"required name=search_term_string\"}],\"inLanguage\":\"es\"},{\"@type\":\"ImageObject\",\"@id\":\"https:\/\/www.comercialanma.es\/?product=clos-farena#primaryimage\",\"inLanguage\":\"es\",\"url\":\"https:\/\/i0.wp.com\/www.comercialanma.es\/wp-content\/uploads\/2025\/09\/Blanco-clos-farena.jpg?fit=1080%2C1080&ssl=1\",\"width\":1080,\"height\":1080},{\"@type\":\"WebPage\",\"@id\":\"https:\/\/www.comercialanma.es\/?product=clos-farena#webpage\",\"url\":\"https:\/\/www.comercialanma.es\/?product=clos-farena\",\"name\":\"Clos Farena 75cl. - Comercial de Hosteleria Anma\",\"isPartOf\":{\"@id\":\"https:\/\/www.comercialanma.es\/#website\"},\"primaryImageOfPage\":{\"@id\":\"https:\/\/www.comercialanma.es\/?product=clos-farena#primaryimage\"},\"datePublished\":\"2025-09-18T14:53:11+00:00\",\"dateModified\":\"2025-09-18T14:58:42+00:00\",\"description\":\"Clos Farena\\u00a0| 75cl. | D.O.Q Priorat | Este monovarietal de\\u00a0Garnacha blanca\\u00a0es una referencia perfecta para descubrir.\",\"breadcrumb\":{\"@id\":\"https:\/\/www.comercialanma.es\/?product=clos-farena#breadcrumb\"},\"inLanguage\":\"es\",\"potentialAction\":[{\"@type\":\"ReadAction\",\"target\":[\"https:\/\/www.comercialanma.es\/?product=clos-farena\"]}]},{\"@type\":\"BreadcrumbList\",\"@id\":\"https:\/\/www.comercialanma.es\/?product=clos-farena#breadcrumb\",\"itemListElement\":[{\"@type\":\"ListItem\",\"position\":1,\"item\":{\"@type\":\"WebPage\",\"@id\":\"https:\/\/www.comercialanma.es\/\",\"url\":\"https:\/\/www.comercialanma.es\/\",\"name\":\"Portada\"}},{\"@type\":\"ListItem\",\"position\":2,\"item\":{\"@type\":\"WebPage\",\"@id\":\"https:\/\/www.comercialanma.es\/?page_id=3963\",\"url\":\"https:\/\/www.comercialanma.es\/?page_id=3963\",\"name\":\"Cat\\u00e1logo de Productos\"}},{\"@type\":\"ListItem\",\"position\":3,\"item\":{\"@type\":\"WebPage\",\"@id\":\"https:\/\/www.comercialanma.es\/?product=clos-farena\",\"url\":\"https:\/\/www.comercialanma.es\/?product=clos-farena\",\"name\":\"Clos Farena 75cl.\"}}]}]}<\/script>\n<!-- \/ Yoast SEO plugin. -->","_links":{"self":[{"href":"https:\/\/www.comercialanma.es\/index.php?rest_route=\/wp\/v2\/product\/24368"}],"collection":[{"href":"https:\/\/www.comercialanma.es\/index.php?rest_route=\/wp\/v2\/product"}],"about":[{"href":"https:\/\/www.comercialanma.es\/index.php?rest_route=\/wp\/v2\/types\/product"}],"version-history":[{"count":1,"href":"https:\/\/www.comercialanma.es\/index.php?rest_route=\/wp\/v2\/product\/24368\/revisions"}],"predecessor-version":[{"id":24370,"href":"https:\/\/www.comercialanma.es\/index.php?rest_route=\/wp\/v2\/product\/24368\/revisions\/24370"}],"wp:featuredmedia":[{"embeddable":true,"href":"https:\/\/www.comercialanma.es\/index.php?rest_route=\/wp\/v2\/media\/24369"}],"wp:attachment":[{"href":"https:\/\/www.comercialanma.es\/index.php?rest_route=%2Fwp%2Fv2%2Fmedia&parent=24368"}],"curies":[{"name":"wp","href":"https:\/\/api.w.org\/{rel}","templated":true}]}}