
{"id":24394,"date":"2025-09-22T11:53:24","date_gmt":"2025-09-22T09:53:24","guid":{"rendered":"https:\/\/www.comercialanma.es\/?post_type=product&#038;p=24394"},"modified":"2025-09-22T12:07:39","modified_gmt":"2025-09-22T10:07:39","slug":"la-caprichosa","status":"publish","type":"product","link":"https:\/\/www.comercialanma.es\/?product=la-caprichosa","title":{"rendered":"Palacio de Bornos La Caprichosa 75cl."},"content":{"rendered":"<h3>D.O.:<\/h3>\n<ul>\n<li>Rueda<\/li>\n<\/ul>\n<h3>Variedades de uva:<\/h3>\n<ul>\n<li><span class=\"tlid-translation translation\" lang=\"es\"><span title=\"\"><span class=\"tablaValorContenido\">Verdejo sobre l\u00edas<br \/>\n<\/span><\/span><\/span><\/li>\n<\/ul>\n<h3>Graduaci\u00f3n:<\/h3>\n<ul>\n<li>Graduaci\u00f3n: 13,5% vol.<\/li>\n<\/ul>\n<h3>Nota de Cata:<\/h3>\n<div>\n<ul>\n<li>Color amarillo pajizo brillante, con reflejos verdosos.<\/li>\n<li>Aroma intenso y complejo, con notas de fruta blanca madura y apuntes minerales.<\/li>\n<li>Fresco y franco en boca, con volumen, suave y persistente.<\/li>\n<\/ul>\n<h3>Maridaje<\/h3>\n<ul>\n<li>Pasta al pesto, quesos suaves, arroces y pescado azul.<\/li>\n<\/ul>\n<\/div>\n","protected":false},"excerpt":{"rendered":"<p>Con el nombre de \u201cLa Caprichosa\u201d hemos querido rendir homenaje a nuestro vi\u00f1edo m\u00e1s especial, de suelo cascajoso y con baja fertilidad, plantado en vaso y con m\u00e1s de treinta a\u00f1os de antig\u00fcedad. En su cuidada elaboraci\u00f3n ha jugado un papel muy importante la crianza de seis meses sobre l\u00edas, que permite lograr un vino de mayor car\u00e1cter, cuerpo y untuosidad.<\/p>\n","protected":false},"featured_media":24395,"template":"","meta":{"spay_email":""},"yoast_head":"<!-- This site is optimized with the Yoast SEO plugin v15.9 - https:\/\/yoast.com\/wordpress\/plugins\/seo\/ -->\n<title>Palacio de Bornos La Caprichosa 75cl. - Comercial de Hosteleria Anma<\/title>\n<meta name=\"description\" content=\"Palacio de Bornos La Caprichosa | 75cl.| Con el nombre de \u201cLa Caprichosa\u201d hemos querido rendir homenaje a nuestro vi\u00f1edo m\u00e1s especial.\" \/>\n<meta name=\"robots\" content=\"index, follow, max-snippet:-1, max-image-preview:large, max-video-preview:-1\" \/>\n<link rel=\"canonical\" href=\"https:\/\/www.comercialanma.es\/?product=la-caprichosa\" \/>\n<meta property=\"og:locale\" content=\"es_ES\" \/>\n<meta property=\"og:type\" content=\"article\" \/>\n<meta property=\"og:title\" content=\"Palacio de Bornos La Caprichosa 75cl. - Comercial de Hosteleria Anma\" \/>\n<meta property=\"og:description\" content=\"Palacio de Bornos La Caprichosa | 75cl.| Con el nombre de \u201cLa Caprichosa\u201d hemos querido rendir homenaje a nuestro vi\u00f1edo m\u00e1s especial.\" \/>\n<meta property=\"og:url\" content=\"https:\/\/www.comercialanma.es\/?product=la-caprichosa\" \/>\n<meta property=\"og:site_name\" content=\"Comercial de Hosteleria Anma\" \/>\n<meta property=\"article:publisher\" content=\"https:\/\/www.facebook.com\/AnmaHosteleria\" \/>\n<meta property=\"article:modified_time\" content=\"2025-09-22T10:07:39+00:00\" \/>\n<meta property=\"og:image\" content=\"https:\/\/i2.wp.com\/www.comercialanma.es\/wp-content\/uploads\/2025\/09\/La-Caprichosa-Palacio-de-bornos.jpg?fit=1080%2C1080&#038;ssl=1\" \/>\n\t<meta property=\"og:image:width\" content=\"1080\" \/>\n\t<meta property=\"og:image:height\" content=\"1080\" \/>\n<meta name=\"twitter:card\" content=\"summary_large_image\" \/>\n<meta name=\"twitter:label1\" content=\"Tiempo de lectura\">\n\t<meta name=\"twitter:data1\" content=\"1 minuto\">\n<script type=\"application\/ld+json\" class=\"yoast-schema-graph\">{\"@context\":\"https:\/\/schema.org\",\"@graph\":[{\"@type\":\"Organization\",\"@id\":\"https:\/\/www.comercialanma.es\/#organization\",\"name\":\"Comercial Anma\",\"url\":\"https:\/\/www.comercialanma.es\/\",\"sameAs\":[\"https:\/\/www.facebook.com\/AnmaHosteleria\",\"https:\/\/www.instagram.com\/anmahosteleria\/?hl=es\",\"https:\/\/www.youtube.com\/channel\/UCT2nmn08Ntks0hmpZPnDgCA\"],\"logo\":{\"@type\":\"ImageObject\",\"@id\":\"https:\/\/www.comercialanma.es\/#logo\",\"inLanguage\":\"es\",\"url\":\"https:\/\/i2.wp.com\/www.comercialanma.es\/wp-content\/uploads\/2019\/06\/logo-anma-color.png?fit=247%2C101&ssl=1\",\"width\":247,\"height\":101,\"caption\":\"Comercial Anma\"},\"image\":{\"@id\":\"https:\/\/www.comercialanma.es\/#logo\"}},{\"@type\":\"WebSite\",\"@id\":\"https:\/\/www.comercialanma.es\/#website\",\"url\":\"https:\/\/www.comercialanma.es\/\",\"name\":\"Comercial de Hosteleria Anma\",\"description\":\"\",\"publisher\":{\"@id\":\"https:\/\/www.comercialanma.es\/#organization\"},\"potentialAction\":[{\"@type\":\"SearchAction\",\"target\":\"https:\/\/www.comercialanma.es\/?s={search_term_string}\",\"query-input\":\"required name=search_term_string\"}],\"inLanguage\":\"es\"},{\"@type\":\"ImageObject\",\"@id\":\"https:\/\/www.comercialanma.es\/?product=la-caprichosa#primaryimage\",\"inLanguage\":\"es\",\"url\":\"https:\/\/i2.wp.com\/www.comercialanma.es\/wp-content\/uploads\/2025\/09\/La-Caprichosa-Palacio-de-bornos.jpg?fit=1080%2C1080&ssl=1\",\"width\":1080,\"height\":1080},{\"@type\":\"WebPage\",\"@id\":\"https:\/\/www.comercialanma.es\/?product=la-caprichosa#webpage\",\"url\":\"https:\/\/www.comercialanma.es\/?product=la-caprichosa\",\"name\":\"Palacio de Bornos La Caprichosa 75cl. - Comercial de Hosteleria Anma\",\"isPartOf\":{\"@id\":\"https:\/\/www.comercialanma.es\/#website\"},\"primaryImageOfPage\":{\"@id\":\"https:\/\/www.comercialanma.es\/?product=la-caprichosa#primaryimage\"},\"datePublished\":\"2025-09-22T09:53:24+00:00\",\"dateModified\":\"2025-09-22T10:07:39+00:00\",\"description\":\"Palacio de Bornos La Caprichosa | 75cl.| Con el nombre de \\u201cLa Caprichosa\\u201d hemos querido rendir homenaje a nuestro vi\\u00f1edo m\\u00e1s especial.\",\"breadcrumb\":{\"@id\":\"https:\/\/www.comercialanma.es\/?product=la-caprichosa#breadcrumb\"},\"inLanguage\":\"es\",\"potentialAction\":[{\"@type\":\"ReadAction\",\"target\":[\"https:\/\/www.comercialanma.es\/?product=la-caprichosa\"]}]},{\"@type\":\"BreadcrumbList\",\"@id\":\"https:\/\/www.comercialanma.es\/?product=la-caprichosa#breadcrumb\",\"itemListElement\":[{\"@type\":\"ListItem\",\"position\":1,\"item\":{\"@type\":\"WebPage\",\"@id\":\"https:\/\/www.comercialanma.es\/\",\"url\":\"https:\/\/www.comercialanma.es\/\",\"name\":\"Portada\"}},{\"@type\":\"ListItem\",\"position\":2,\"item\":{\"@type\":\"WebPage\",\"@id\":\"https:\/\/www.comercialanma.es\/?page_id=3963\",\"url\":\"https:\/\/www.comercialanma.es\/?page_id=3963\",\"name\":\"Cat\\u00e1logo de Productos\"}},{\"@type\":\"ListItem\",\"position\":3,\"item\":{\"@type\":\"WebPage\",\"@id\":\"https:\/\/www.comercialanma.es\/?product=la-caprichosa\",\"url\":\"https:\/\/www.comercialanma.es\/?product=la-caprichosa\",\"name\":\"Palacio de Bornos La Caprichosa 75cl.\"}}]}]}<\/script>\n<!-- \/ Yoast SEO plugin. -->","_links":{"self":[{"href":"https:\/\/www.comercialanma.es\/index.php?rest_route=\/wp\/v2\/product\/24394"}],"collection":[{"href":"https:\/\/www.comercialanma.es\/index.php?rest_route=\/wp\/v2\/product"}],"about":[{"href":"https:\/\/www.comercialanma.es\/index.php?rest_route=\/wp\/v2\/types\/product"}],"version-history":[{"count":1,"href":"https:\/\/www.comercialanma.es\/index.php?rest_route=\/wp\/v2\/product\/24394\/revisions"}],"predecessor-version":[{"id":24396,"href":"https:\/\/www.comercialanma.es\/index.php?rest_route=\/wp\/v2\/product\/24394\/revisions\/24396"}],"wp:featuredmedia":[{"embeddable":true,"href":"https:\/\/www.comercialanma.es\/index.php?rest_route=\/wp\/v2\/media\/24395"}],"wp:attachment":[{"href":"https:\/\/www.comercialanma.es\/index.php?rest_route=%2Fwp%2Fv2%2Fmedia&parent=24394"}],"curies":[{"name":"wp","href":"https:\/\/api.w.org\/{rel}","templated":true}]}}