
{"id":24574,"date":"2026-01-20T16:53:11","date_gmt":"2026-01-20T15:53:11","guid":{"rendered":"https:\/\/www.comercialanma.es\/?post_type=product&#038;p=24574"},"modified":"2026-01-20T17:00:07","modified_gmt":"2026-01-20T16:00:07","slug":"godeval-re-vi-val-75cl","status":"publish","type":"product","link":"https:\/\/www.comercialanma.es\/?product=godeval-re-vi-val-75cl","title":{"rendered":"Godeval Re.Vi.Val 75cl."},"content":{"rendered":"<h3>D.O.:<\/h3>\n<ul>\n<li>Valdeorras<\/li>\n<\/ul>\n<h3>Variedades de uva:<\/h3>\n<ul>\n<li>Godello 100%.<\/li>\n<\/ul>\n<h3>Graduaci\u00f3n:<\/h3>\n<ul>\n<li>Graduaci\u00f3n: 13,5% vol.<\/li>\n<\/ul>\n<h3>Nota de cata:<\/h3>\n<ul>\n<li>El color se viste de amarillo con muchos reflejos verdosos, amable y fresco a la vista.<\/li>\n<li>En nariz destaca su intensidad arom\u00e1tica y su gran personalidad. En aromas frutales destacan los c\u00edtricos, lima, pomelo rosa y notas entre herb\u00e1ceas y c\u00edtricas de jengibre. Al fondo aparece la fruta blanca, pera de agua, la manzana ex\u00f3tica y recuerdos a fruta de hueso como el melocot\u00f3n. Tambi\u00e9n aparecen los recuerdos vegetales de hinojo, laurel y menta.<\/li>\n<li>En boca sin duda habla su intensidad, persistencia y acidez equilibrada. Es sedoso y envolvente con un gran final arom\u00e1tico y un ligero amargosillo. Con el paso de los a\u00f1os ofrecer\u00e1 un gran abanico de sensaciones.<\/li>\n<\/ul>\n","protected":false},"excerpt":{"rendered":"<p>Godeval Re.Vi.Val | 75cl.| D.O Valdeorras | Godeval Revival manifiesta todo el componente arom\u00e1tico y gustativo de la variedad godello.<\/p>\n","protected":false},"featured_media":24572,"template":"","meta":{"spay_email":""},"yoast_head":"<!-- This site is optimized with the Yoast SEO plugin v15.9 - https:\/\/yoast.com\/wordpress\/plugins\/seo\/ -->\n<title>Godeval Re.Vi.Val 75cl. - Comercial de Hosteleria Anma<\/title>\n<meta name=\"description\" content=\"Godeval Re.Vi.Val | 75cl.| D.O Valdeorras | Godeval Revival manifiesta todo el componente arom\u00e1tico y gustativo de la variedad godello.\" \/>\n<meta name=\"robots\" content=\"index, follow, max-snippet:-1, max-image-preview:large, max-video-preview:-1\" \/>\n<link rel=\"canonical\" href=\"https:\/\/www.comercialanma.es\/?product=godeval-re-vi-val-75cl\" \/>\n<meta property=\"og:locale\" content=\"es_ES\" \/>\n<meta property=\"og:type\" content=\"article\" \/>\n<meta property=\"og:title\" content=\"Godeval Re.Vi.Val 75cl. - Comercial de Hosteleria Anma\" \/>\n<meta property=\"og:description\" content=\"Godeval Re.Vi.Val | 75cl.| D.O Valdeorras | Godeval Revival manifiesta todo el componente arom\u00e1tico y gustativo de la variedad godello.\" \/>\n<meta property=\"og:url\" content=\"https:\/\/www.comercialanma.es\/?product=godeval-re-vi-val-75cl\" \/>\n<meta property=\"og:site_name\" content=\"Comercial de Hosteleria Anma\" \/>\n<meta property=\"article:publisher\" content=\"https:\/\/www.facebook.com\/AnmaHosteleria\" \/>\n<meta property=\"article:modified_time\" content=\"2026-01-20T16:00:07+00:00\" \/>\n<meta property=\"og:image\" content=\"https:\/\/i0.wp.com\/www.comercialanma.es\/wp-content\/uploads\/2026\/01\/godeval-vin\u0303as-velles.jpg?fit=1080%2C1080&#038;ssl=1\" \/>\n\t<meta property=\"og:image:width\" content=\"1080\" \/>\n\t<meta property=\"og:image:height\" content=\"1080\" \/>\n<meta name=\"twitter:card\" content=\"summary_large_image\" \/>\n<meta name=\"twitter:label1\" content=\"Tiempo de lectura\">\n\t<meta name=\"twitter:data1\" content=\"1 minuto\">\n<script type=\"application\/ld+json\" class=\"yoast-schema-graph\">{\"@context\":\"https:\/\/schema.org\",\"@graph\":[{\"@type\":\"Organization\",\"@id\":\"https:\/\/www.comercialanma.es\/#organization\",\"name\":\"Comercial Anma\",\"url\":\"https:\/\/www.comercialanma.es\/\",\"sameAs\":[\"https:\/\/www.facebook.com\/AnmaHosteleria\",\"https:\/\/www.instagram.com\/anmahosteleria\/?hl=es\",\"https:\/\/www.youtube.com\/channel\/UCT2nmn08Ntks0hmpZPnDgCA\"],\"logo\":{\"@type\":\"ImageObject\",\"@id\":\"https:\/\/www.comercialanma.es\/#logo\",\"inLanguage\":\"es\",\"url\":\"https:\/\/i2.wp.com\/www.comercialanma.es\/wp-content\/uploads\/2019\/06\/logo-anma-color.png?fit=247%2C101&ssl=1\",\"width\":247,\"height\":101,\"caption\":\"Comercial Anma\"},\"image\":{\"@id\":\"https:\/\/www.comercialanma.es\/#logo\"}},{\"@type\":\"WebSite\",\"@id\":\"https:\/\/www.comercialanma.es\/#website\",\"url\":\"https:\/\/www.comercialanma.es\/\",\"name\":\"Comercial de Hosteleria Anma\",\"description\":\"\",\"publisher\":{\"@id\":\"https:\/\/www.comercialanma.es\/#organization\"},\"potentialAction\":[{\"@type\":\"SearchAction\",\"target\":\"https:\/\/www.comercialanma.es\/?s={search_term_string}\",\"query-input\":\"required name=search_term_string\"}],\"inLanguage\":\"es\"},{\"@type\":\"ImageObject\",\"@id\":\"https:\/\/www.comercialanma.es\/?product=godeval-re-vi-val-75cl#primaryimage\",\"inLanguage\":\"es\",\"url\":\"https:\/\/i0.wp.com\/www.comercialanma.es\/wp-content\/uploads\/2026\/01\/godeval-vin\\u0303as-velles.jpg?fit=1080%2C1080&ssl=1\",\"width\":1080,\"height\":1080},{\"@type\":\"WebPage\",\"@id\":\"https:\/\/www.comercialanma.es\/?product=godeval-re-vi-val-75cl#webpage\",\"url\":\"https:\/\/www.comercialanma.es\/?product=godeval-re-vi-val-75cl\",\"name\":\"Godeval Re.Vi.Val 75cl. - Comercial de Hosteleria Anma\",\"isPartOf\":{\"@id\":\"https:\/\/www.comercialanma.es\/#website\"},\"primaryImageOfPage\":{\"@id\":\"https:\/\/www.comercialanma.es\/?product=godeval-re-vi-val-75cl#primaryimage\"},\"datePublished\":\"2026-01-20T15:53:11+00:00\",\"dateModified\":\"2026-01-20T16:00:07+00:00\",\"description\":\"Godeval Re.Vi.Val | 75cl.| D.O Valdeorras | Godeval Revival manifiesta todo el componente arom\\u00e1tico y gustativo de la variedad godello.\",\"breadcrumb\":{\"@id\":\"https:\/\/www.comercialanma.es\/?product=godeval-re-vi-val-75cl#breadcrumb\"},\"inLanguage\":\"es\",\"potentialAction\":[{\"@type\":\"ReadAction\",\"target\":[\"https:\/\/www.comercialanma.es\/?product=godeval-re-vi-val-75cl\"]}]},{\"@type\":\"BreadcrumbList\",\"@id\":\"https:\/\/www.comercialanma.es\/?product=godeval-re-vi-val-75cl#breadcrumb\",\"itemListElement\":[{\"@type\":\"ListItem\",\"position\":1,\"item\":{\"@type\":\"WebPage\",\"@id\":\"https:\/\/www.comercialanma.es\/\",\"url\":\"https:\/\/www.comercialanma.es\/\",\"name\":\"Portada\"}},{\"@type\":\"ListItem\",\"position\":2,\"item\":{\"@type\":\"WebPage\",\"@id\":\"https:\/\/www.comercialanma.es\/?page_id=3963\",\"url\":\"https:\/\/www.comercialanma.es\/?page_id=3963\",\"name\":\"Cat\\u00e1logo de Productos\"}},{\"@type\":\"ListItem\",\"position\":3,\"item\":{\"@type\":\"WebPage\",\"@id\":\"https:\/\/www.comercialanma.es\/?product=godeval-re-vi-val-75cl\",\"url\":\"https:\/\/www.comercialanma.es\/?product=godeval-re-vi-val-75cl\",\"name\":\"Godeval Re.Vi.Val 75cl.\"}}]}]}<\/script>\n<!-- \/ Yoast SEO plugin. -->","_links":{"self":[{"href":"https:\/\/www.comercialanma.es\/index.php?rest_route=\/wp\/v2\/product\/24574"}],"collection":[{"href":"https:\/\/www.comercialanma.es\/index.php?rest_route=\/wp\/v2\/product"}],"about":[{"href":"https:\/\/www.comercialanma.es\/index.php?rest_route=\/wp\/v2\/types\/product"}],"version-history":[{"count":1,"href":"https:\/\/www.comercialanma.es\/index.php?rest_route=\/wp\/v2\/product\/24574\/revisions"}],"predecessor-version":[{"id":24575,"href":"https:\/\/www.comercialanma.es\/index.php?rest_route=\/wp\/v2\/product\/24574\/revisions\/24575"}],"wp:featuredmedia":[{"embeddable":true,"href":"https:\/\/www.comercialanma.es\/index.php?rest_route=\/wp\/v2\/media\/24572"}],"wp:attachment":[{"href":"https:\/\/www.comercialanma.es\/index.php?rest_route=%2Fwp%2Fv2%2Fmedia&parent=24574"}],"curies":[{"name":"wp","href":"https:\/\/api.w.org\/{rel}","templated":true}]}}