
{"id":24630,"date":"2026-02-03T09:36:09","date_gmt":"2026-02-03T08:36:09","guid":{"rendered":"https:\/\/www.comercialanma.es\/?post_type=product&#038;p=24630"},"modified":"2026-02-03T10:20:17","modified_gmt":"2026-02-03T09:20:17","slug":"laieta-rose-brut-nature-gran-reserva-75cl","status":"publish","type":"product","link":"https:\/\/www.comercialanma.es\/?product=laieta-rose-brut-nature-gran-reserva-75cl","title":{"rendered":"Laiet\u00e0 Ros\u00e9 Brut Nature Gran Reserva 75cl."},"content":{"rendered":"<h3>D.O.:<\/h3>\n<ul>\n<li>Cava<\/li>\n<\/ul>\n<h3>Variedad:<\/h3>\n<ul>\n<li>Matar\u00f3<\/li>\n<\/ul>\n<h3>Graduaci\u00f3n:<\/h3>\n<ul>\n<li>Graduaci\u00f3n: 12,0% vol.<\/li>\n<\/ul>\n<h3>Nota de Cata:<\/h3>\n<div class=\"field field--name-field-visual field--type-string field--label-above\">\n<div class=\"field field--name-field-visual field--type-string field--label-above\">\n<ul>\n<li><strong>Vista<\/strong>\u00a0 El color var\u00eda seg\u00fan la a\u00f1ada, abarcando desde un vibrante tono fresa hasta matices m\u00e1s suaves que evocan el color terracota.<\/li>\n<li><strong>Nariz<\/strong>\u00a0 Aromas de violetas y frutos rojos, propias de la variedad Matar\u00f3 con un trasfondo de almendras, fruto de la larga crianza en botella.<\/li>\n<li><strong>Boca<\/strong>\u00a0 \u00a0Burbuja fina con un paso fino por boca, recordando los aromas de frutas rojas y los aromes procedentes de larga crianza en botella. Mineralidad y salinidad marcadas. Muy sabroso y persistente.<\/li>\n<\/ul>\n<\/div>\n<\/div>\n<h3>Maridaje:<\/h3>\n<ul>\n<li data-hveid=\"CAMQAA\" data-processed=\"true\"><span class=\"T286Pc\" data-sfc-cp=\"\" data-processed=\"true\"><strong class=\"Yjhzub\" data-processed=\"true\">Mariscos y Pescados:<\/strong>\u00a0Ostras, camarones, pescados grasos\/azules, y arroces mediterr\u00e1neos.<\/span><\/li>\n<li data-hveid=\"CAMQAQ\" data-processed=\"true\"><span class=\"T286Pc\" data-sfc-cp=\"\" data-processed=\"true\"><strong class=\"Yjhzub\" data-processed=\"true\">Platos Principales:<\/strong>\u00a0Platos de pasta con salsas ligeras, aves, y carnes blancas.<\/span><\/li>\n<li data-hveid=\"CAMQAg\" data-processed=\"true\"><span class=\"T286Pc\" data-sfc-cp=\"\" data-processed=\"true\"><strong class=\"Yjhzub\" data-processed=\"true\">Aperitivos y Acompa\u00f1amientos:<\/strong>\u00a0Quesos cremosos (brie, camembert), ensaladas frescas, verduras a la plancha y charcuter\u00eda.<\/span><\/li>\n<li data-hveid=\"CAMQAw\" data-processed=\"true\"><span class=\"T286Pc\" data-sfc-cp=\"\" data-processed=\"true\"><strong class=\"Yjhzub\" data-processed=\"true\">Cocina Internacional:<\/strong>\u00a0Excelente con toques asi\u00e1ticos o platos ligeramente especiados.<\/span><span class=\"uJ19be notranslate\" data-wiz-uids=\"dikNrb_z,dikNrb_10\" data-processed=\"true\"><span class=\"vKEkVd\" data-animation-atomic=\"\" data-wiz-attrbind=\"class=dikNrb_y\/TKHnVd\" data-processed=\"true\"><span aria-hidden=\"true\" data-processed=\"true\">\u00a0<\/span><\/span><\/span><\/li>\n<\/ul>\n","protected":false},"excerpt":{"rendered":"<p><img loading=\"lazy\" class=\"alignnone wp-image-24593\" src=\"https:\/\/www.comercialanma.es\/wp-content\/uploads\/2026\/01\/ETIQUETAS-ECO.png\" alt=\"\" width=\"50\" height=\"50\" srcset=\"https:\/\/i0.wp.com\/www.comercialanma.es\/wp-content\/uploads\/2026\/01\/ETIQUETAS-ECO.png?w=300&amp;ssl=1 300w, https:\/\/i0.wp.com\/www.comercialanma.es\/wp-content\/uploads\/2026\/01\/ETIQUETAS-ECO.png?resize=150%2C150&amp;ssl=1 150w, https:\/\/i0.wp.com\/www.comercialanma.es\/wp-content\/uploads\/2026\/01\/ETIQUETAS-ECO.png?resize=104%2C104&amp;ssl=1 104w, https:\/\/i0.wp.com\/www.comercialanma.es\/wp-content\/uploads\/2026\/01\/ETIQUETAS-ECO.png?resize=260%2C260&amp;ssl=1 260w, https:\/\/i0.wp.com\/www.comercialanma.es\/wp-content\/uploads\/2026\/01\/ETIQUETAS-ECO.png?resize=78%2C78&amp;ssl=1 78w, https:\/\/i0.wp.com\/www.comercialanma.es\/wp-content\/uploads\/2026\/01\/ETIQUETAS-ECO.png?resize=100%2C100&amp;ssl=1 100w, https:\/\/i0.wp.com\/www.comercialanma.es\/wp-content\/uploads\/2026\/01\/ETIQUETAS-ECO.png?resize=64%2C64&amp;ssl=1 64w\" sizes=\"(max-width: 50px) 100vw, 50px\" \/> <img loading=\"lazy\" class=\"alignnone wp-image-24595\" src=\"https:\/\/www.comercialanma.es\/wp-content\/uploads\/2026\/01\/ETIQUETAS-VEGANO.png\" alt=\"\" width=\"50\" height=\"50\" srcset=\"https:\/\/i1.wp.com\/www.comercialanma.es\/wp-content\/uploads\/2026\/01\/ETIQUETAS-VEGANO.png?w=300&amp;ssl=1 300w, https:\/\/i1.wp.com\/www.comercialanma.es\/wp-content\/uploads\/2026\/01\/ETIQUETAS-VEGANO.png?resize=150%2C150&amp;ssl=1 150w, https:\/\/i1.wp.com\/www.comercialanma.es\/wp-content\/uploads\/2026\/01\/ETIQUETAS-VEGANO.png?resize=104%2C104&amp;ssl=1 104w, https:\/\/i1.wp.com\/www.comercialanma.es\/wp-content\/uploads\/2026\/01\/ETIQUETAS-VEGANO.png?resize=260%2C260&amp;ssl=1 260w, https:\/\/i1.wp.com\/www.comercialanma.es\/wp-content\/uploads\/2026\/01\/ETIQUETAS-VEGANO.png?resize=78%2C78&amp;ssl=1 78w, https:\/\/i1.wp.com\/www.comercialanma.es\/wp-content\/uploads\/2026\/01\/ETIQUETAS-VEGANO.png?resize=100%2C100&amp;ssl=1 100w, https:\/\/i1.wp.com\/www.comercialanma.es\/wp-content\/uploads\/2026\/01\/ETIQUETAS-VEGANO.png?resize=64%2C64&amp;ssl=1 64w\" sizes=\"(max-width: 50px) 100vw, 50px\" \/><\/p>\n<p><a href=\"https:\/\/www.comercialanma.es\/wp-content\/uploads\/2026\/02\/4.-Art-Laieta\u0300-LAIETA\u0300-Rose\u0301-GR_cast_2020.pdf\"><strong>FICHA T\u00c9CNICA<\/strong><\/a><\/p>\n<p>Cava rosado ecol\u00f3gico y elegante, elaborado con la variedad Matar\u00f3, la m\u00e1s genuina de Alella \u2013y tambi\u00e9n nombre de la capital de la comarca del Maresme\u2013. Tras una suave maceraci\u00f3n de 10 horas para conseguir su delicado color, la uva se prensa cuidadosamente para obtener el mosto, que fermenta en dep\u00f3sitos de acero inoxidable. Siguiendo el M\u00e9todo Tradicional, el Laiet\u00e0 Ros\u00e9 tiene una crianza sobre l\u00edas m\u00ednima de 49 meses. Con el sello de Elaborador Integral, garantiza su trazabilidad y autenticidad, expresando el verdadero origen e identidad de nuestra bodega.<\/p>\n","protected":false},"featured_media":24631,"template":"","meta":{"spay_email":""},"yoast_head":"<!-- This site is optimized with the Yoast SEO plugin v15.9 - https:\/\/yoast.com\/wordpress\/plugins\/seo\/ -->\n<title>Laiet\u00e0 Ros\u00e9 Brut Nature Gran Reserva 75cl. - Comercial de Hosteleria Anma<\/title>\n<meta name=\"description\" content=\"Laiet\u00e0 Ros\u00e9 Brut Nature Gran Reserva | 75cl.| Cava rosado ecol\u00f3gico y elegante, elaborado con la variedad Matar\u00f3, la m\u00e1s genuina de Alella.\" \/>\n<meta name=\"robots\" content=\"index, follow, max-snippet:-1, max-image-preview:large, max-video-preview:-1\" \/>\n<link rel=\"canonical\" href=\"https:\/\/www.comercialanma.es\/?product=laieta-rose-brut-nature-gran-reserva-75cl\" \/>\n<meta property=\"og:locale\" content=\"es_ES\" \/>\n<meta property=\"og:type\" content=\"article\" \/>\n<meta property=\"og:title\" content=\"Laiet\u00e0 Ros\u00e9 Brut Nature Gran Reserva 75cl. - Comercial de Hosteleria Anma\" \/>\n<meta property=\"og:description\" content=\"Laiet\u00e0 Ros\u00e9 Brut Nature Gran Reserva | 75cl.| Cava rosado ecol\u00f3gico y elegante, elaborado con la variedad Matar\u00f3, la m\u00e1s genuina de Alella.\" \/>\n<meta property=\"og:url\" content=\"https:\/\/www.comercialanma.es\/?product=laieta-rose-brut-nature-gran-reserva-75cl\" \/>\n<meta property=\"og:site_name\" content=\"Comercial de Hosteleria Anma\" \/>\n<meta property=\"article:publisher\" content=\"https:\/\/www.facebook.com\/AnmaHosteleria\" \/>\n<meta property=\"article:modified_time\" content=\"2026-02-03T09:20:17+00:00\" \/>\n<meta property=\"og:image\" content=\"https:\/\/i2.wp.com\/www.comercialanma.es\/wp-content\/uploads\/2026\/02\/laieta-rose.jpg?fit=1080%2C1080&#038;ssl=1\" \/>\n\t<meta property=\"og:image:width\" content=\"1080\" \/>\n\t<meta property=\"og:image:height\" content=\"1080\" \/>\n<meta name=\"twitter:card\" content=\"summary_large_image\" \/>\n<meta name=\"twitter:label1\" content=\"Tiempo de lectura\">\n\t<meta name=\"twitter:data1\" content=\"1 minuto\">\n<script type=\"application\/ld+json\" class=\"yoast-schema-graph\">{\"@context\":\"https:\/\/schema.org\",\"@graph\":[{\"@type\":\"Organization\",\"@id\":\"https:\/\/www.comercialanma.es\/#organization\",\"name\":\"Comercial Anma\",\"url\":\"https:\/\/www.comercialanma.es\/\",\"sameAs\":[\"https:\/\/www.facebook.com\/AnmaHosteleria\",\"https:\/\/www.instagram.com\/anmahosteleria\/?hl=es\",\"https:\/\/www.youtube.com\/channel\/UCT2nmn08Ntks0hmpZPnDgCA\"],\"logo\":{\"@type\":\"ImageObject\",\"@id\":\"https:\/\/www.comercialanma.es\/#logo\",\"inLanguage\":\"es\",\"url\":\"https:\/\/i2.wp.com\/www.comercialanma.es\/wp-content\/uploads\/2019\/06\/logo-anma-color.png?fit=247%2C101&ssl=1\",\"width\":247,\"height\":101,\"caption\":\"Comercial Anma\"},\"image\":{\"@id\":\"https:\/\/www.comercialanma.es\/#logo\"}},{\"@type\":\"WebSite\",\"@id\":\"https:\/\/www.comercialanma.es\/#website\",\"url\":\"https:\/\/www.comercialanma.es\/\",\"name\":\"Comercial de Hosteleria Anma\",\"description\":\"\",\"publisher\":{\"@id\":\"https:\/\/www.comercialanma.es\/#organization\"},\"potentialAction\":[{\"@type\":\"SearchAction\",\"target\":\"https:\/\/www.comercialanma.es\/?s={search_term_string}\",\"query-input\":\"required name=search_term_string\"}],\"inLanguage\":\"es\"},{\"@type\":\"ImageObject\",\"@id\":\"https:\/\/www.comercialanma.es\/?product=laieta-rose-brut-nature-gran-reserva-75cl#primaryimage\",\"inLanguage\":\"es\",\"url\":\"https:\/\/i2.wp.com\/www.comercialanma.es\/wp-content\/uploads\/2026\/02\/laieta-rose.jpg?fit=1080%2C1080&ssl=1\",\"width\":1080,\"height\":1080},{\"@type\":\"WebPage\",\"@id\":\"https:\/\/www.comercialanma.es\/?product=laieta-rose-brut-nature-gran-reserva-75cl#webpage\",\"url\":\"https:\/\/www.comercialanma.es\/?product=laieta-rose-brut-nature-gran-reserva-75cl\",\"name\":\"Laiet\\u00e0 Ros\\u00e9 Brut Nature Gran Reserva 75cl. - Comercial de Hosteleria Anma\",\"isPartOf\":{\"@id\":\"https:\/\/www.comercialanma.es\/#website\"},\"primaryImageOfPage\":{\"@id\":\"https:\/\/www.comercialanma.es\/?product=laieta-rose-brut-nature-gran-reserva-75cl#primaryimage\"},\"datePublished\":\"2026-02-03T08:36:09+00:00\",\"dateModified\":\"2026-02-03T09:20:17+00:00\",\"description\":\"Laiet\\u00e0 Ros\\u00e9 Brut Nature Gran Reserva | 75cl.| Cava rosado ecol\\u00f3gico y elegante, elaborado con la variedad Matar\\u00f3, la m\\u00e1s genuina de Alella.\",\"breadcrumb\":{\"@id\":\"https:\/\/www.comercialanma.es\/?product=laieta-rose-brut-nature-gran-reserva-75cl#breadcrumb\"},\"inLanguage\":\"es\",\"potentialAction\":[{\"@type\":\"ReadAction\",\"target\":[\"https:\/\/www.comercialanma.es\/?product=laieta-rose-brut-nature-gran-reserva-75cl\"]}]},{\"@type\":\"BreadcrumbList\",\"@id\":\"https:\/\/www.comercialanma.es\/?product=laieta-rose-brut-nature-gran-reserva-75cl#breadcrumb\",\"itemListElement\":[{\"@type\":\"ListItem\",\"position\":1,\"item\":{\"@type\":\"WebPage\",\"@id\":\"https:\/\/www.comercialanma.es\/\",\"url\":\"https:\/\/www.comercialanma.es\/\",\"name\":\"Portada\"}},{\"@type\":\"ListItem\",\"position\":2,\"item\":{\"@type\":\"WebPage\",\"@id\":\"https:\/\/www.comercialanma.es\/?page_id=3963\",\"url\":\"https:\/\/www.comercialanma.es\/?page_id=3963\",\"name\":\"Cat\\u00e1logo de Productos\"}},{\"@type\":\"ListItem\",\"position\":3,\"item\":{\"@type\":\"WebPage\",\"@id\":\"https:\/\/www.comercialanma.es\/?product=laieta-rose-brut-nature-gran-reserva-75cl\",\"url\":\"https:\/\/www.comercialanma.es\/?product=laieta-rose-brut-nature-gran-reserva-75cl\",\"name\":\"Laiet\\u00e0 Ros\\u00e9 Brut Nature Gran Reserva 75cl.\"}}]}]}<\/script>\n<!-- \/ Yoast SEO plugin. -->","_links":{"self":[{"href":"https:\/\/www.comercialanma.es\/index.php?rest_route=\/wp\/v2\/product\/24630"}],"collection":[{"href":"https:\/\/www.comercialanma.es\/index.php?rest_route=\/wp\/v2\/product"}],"about":[{"href":"https:\/\/www.comercialanma.es\/index.php?rest_route=\/wp\/v2\/types\/product"}],"version-history":[{"count":1,"href":"https:\/\/www.comercialanma.es\/index.php?rest_route=\/wp\/v2\/product\/24630\/revisions"}],"predecessor-version":[{"id":24633,"href":"https:\/\/www.comercialanma.es\/index.php?rest_route=\/wp\/v2\/product\/24630\/revisions\/24633"}],"wp:featuredmedia":[{"embeddable":true,"href":"https:\/\/www.comercialanma.es\/index.php?rest_route=\/wp\/v2\/media\/24631"}],"wp:attachment":[{"href":"https:\/\/www.comercialanma.es\/index.php?rest_route=%2Fwp%2Fv2%2Fmedia&parent=24630"}],"curies":[{"name":"wp","href":"https:\/\/api.w.org\/{rel}","templated":true}]}}