
{"id":24779,"date":"2026-04-13T09:52:56","date_gmt":"2026-04-13T07:52:56","guid":{"rendered":"https:\/\/www.comercialanma.es\/?post_type=product&#038;p=24779"},"modified":"2026-04-13T10:30:04","modified_gmt":"2026-04-13T08:30:04","slug":"isabel-arranz-75cl","status":"publish","type":"product","link":"https:\/\/www.comercialanma.es\/?product=isabel-arranz-75cl","title":{"rendered":"Isabel Arranz 75cl."},"content":{"rendered":"<h3>D.O.:<\/h3>\n<ul>\n<li>Rueda<\/li>\n<\/ul>\n<h3>Variedades de uva:<\/h3>\n<ul>\n<li><span class=\"tlid-translation translation\" lang=\"es\"><span title=\"\"><span class=\"tablaValorContenido\">Verdejo<br \/>\n<\/span><\/span><\/span><\/li>\n<\/ul>\n<h3>Graduaci\u00f3n:<\/h3>\n<ul>\n<li>Graduaci\u00f3n: 12,5% vol.<\/li>\n<\/ul>\n<h3>Nota de Cata:<\/h3>\n<div>\n<ul>\n<li>Amarillo verdoso &#8220;alimonado&#8221; y luminoso.<\/li>\n<li>Nariz intensa con notas de fruta de hueso como el melocot\u00f3n y tropicales como la pi\u00f1a, que van dejando paso a los perfumes de la barrica francesa, vainilla, piel de naranja y azahar.<\/li>\n<li>En boca es amplio, estructurado, con volumen y su paso es largo y persistente, con una acidez equilibrada.<\/li>\n<\/ul>\n<h3>Maridaje<\/h3>\n<ul>\n<li>Es un vino excelente como aperitivo.<\/li>\n<li>Muy rico con quesos cremosos y curados.<\/li>\n<li>Perfecto con los arroces y pescados al horno e incluso se atreve con carnes blancas y asados.<\/li>\n<\/ul>\n<\/div>\n","protected":false},"excerpt":{"rendered":"<p>Este vino es un homenaje a nuestra fundadora.<br \/>\nSu car\u00e1cter emprendedor, su constancia en el trabajo y su amor por la familia, definieron su larga vida. Como este verdejo de vi\u00f1as viejas, arraigadas en suelos singulares y criado en alma de roble franc\u00e9s sobre sus l\u00edas.<\/p>\n","protected":false},"featured_media":24780,"template":"","meta":{"spay_email":""},"yoast_head":"<!-- This site is optimized with the Yoast SEO plugin v15.9 - https:\/\/yoast.com\/wordpress\/plugins\/seo\/ -->\n<title>Isabel Arranz 75cl. - Comercial de Hosteleria Anma<\/title>\n<meta name=\"description\" content=\"Vaya Pasada | 75cl.| Vino blanco joven elaborado exclusivamente con uva Verdejo, lo que le confiere un car\u00e1cter fresco y aut\u00e9ntico.\" \/>\n<meta name=\"robots\" content=\"index, follow, max-snippet:-1, max-image-preview:large, max-video-preview:-1\" \/>\n<link rel=\"canonical\" href=\"https:\/\/www.comercialanma.es\/?product=isabel-arranz-75cl\" \/>\n<meta property=\"og:locale\" content=\"es_ES\" \/>\n<meta property=\"og:type\" content=\"article\" \/>\n<meta property=\"og:title\" content=\"Isabel Arranz 75cl. - Comercial de Hosteleria Anma\" \/>\n<meta property=\"og:description\" content=\"Vaya Pasada | 75cl.| Vino blanco joven elaborado exclusivamente con uva Verdejo, lo que le confiere un car\u00e1cter fresco y aut\u00e9ntico.\" \/>\n<meta property=\"og:url\" content=\"https:\/\/www.comercialanma.es\/?product=isabel-arranz-75cl\" \/>\n<meta property=\"og:site_name\" content=\"Comercial de Hosteleria Anma\" \/>\n<meta property=\"article:publisher\" content=\"https:\/\/www.facebook.com\/AnmaHosteleria\" \/>\n<meta property=\"article:modified_time\" content=\"2026-04-13T08:30:04+00:00\" \/>\n<meta property=\"og:image\" content=\"https:\/\/i2.wp.com\/www.comercialanma.es\/wp-content\/uploads\/2026\/04\/Isabel-Arranz.jpg?fit=1080%2C1080&#038;ssl=1\" \/>\n\t<meta property=\"og:image:width\" content=\"1080\" \/>\n\t<meta property=\"og:image:height\" content=\"1080\" \/>\n<meta name=\"twitter:card\" content=\"summary_large_image\" \/>\n<meta name=\"twitter:label1\" content=\"Tiempo de lectura\">\n\t<meta name=\"twitter:data1\" content=\"1 minuto\">\n<script type=\"application\/ld+json\" class=\"yoast-schema-graph\">{\"@context\":\"https:\/\/schema.org\",\"@graph\":[{\"@type\":\"Organization\",\"@id\":\"https:\/\/www.comercialanma.es\/#organization\",\"name\":\"Comercial Anma\",\"url\":\"https:\/\/www.comercialanma.es\/\",\"sameAs\":[\"https:\/\/www.facebook.com\/AnmaHosteleria\",\"https:\/\/www.instagram.com\/anmahosteleria\/?hl=es\",\"https:\/\/www.youtube.com\/channel\/UCT2nmn08Ntks0hmpZPnDgCA\"],\"logo\":{\"@type\":\"ImageObject\",\"@id\":\"https:\/\/www.comercialanma.es\/#logo\",\"inLanguage\":\"es\",\"url\":\"https:\/\/i2.wp.com\/www.comercialanma.es\/wp-content\/uploads\/2019\/06\/logo-anma-color.png?fit=247%2C101&ssl=1\",\"width\":247,\"height\":101,\"caption\":\"Comercial Anma\"},\"image\":{\"@id\":\"https:\/\/www.comercialanma.es\/#logo\"}},{\"@type\":\"WebSite\",\"@id\":\"https:\/\/www.comercialanma.es\/#website\",\"url\":\"https:\/\/www.comercialanma.es\/\",\"name\":\"Comercial de Hosteleria Anma\",\"description\":\"\",\"publisher\":{\"@id\":\"https:\/\/www.comercialanma.es\/#organization\"},\"potentialAction\":[{\"@type\":\"SearchAction\",\"target\":\"https:\/\/www.comercialanma.es\/?s={search_term_string}\",\"query-input\":\"required name=search_term_string\"}],\"inLanguage\":\"es\"},{\"@type\":\"ImageObject\",\"@id\":\"https:\/\/www.comercialanma.es\/?product=isabel-arranz-75cl#primaryimage\",\"inLanguage\":\"es\",\"url\":\"https:\/\/i2.wp.com\/www.comercialanma.es\/wp-content\/uploads\/2026\/04\/Isabel-Arranz.jpg?fit=1080%2C1080&ssl=1\",\"width\":1080,\"height\":1080},{\"@type\":\"WebPage\",\"@id\":\"https:\/\/www.comercialanma.es\/?product=isabel-arranz-75cl#webpage\",\"url\":\"https:\/\/www.comercialanma.es\/?product=isabel-arranz-75cl\",\"name\":\"Isabel Arranz 75cl. - Comercial de Hosteleria Anma\",\"isPartOf\":{\"@id\":\"https:\/\/www.comercialanma.es\/#website\"},\"primaryImageOfPage\":{\"@id\":\"https:\/\/www.comercialanma.es\/?product=isabel-arranz-75cl#primaryimage\"},\"datePublished\":\"2026-04-13T07:52:56+00:00\",\"dateModified\":\"2026-04-13T08:30:04+00:00\",\"description\":\"Vaya Pasada | 75cl.| Vino blanco joven elaborado exclusivamente con uva Verdejo, lo que le confiere un car\\u00e1cter fresco y aut\\u00e9ntico.\",\"breadcrumb\":{\"@id\":\"https:\/\/www.comercialanma.es\/?product=isabel-arranz-75cl#breadcrumb\"},\"inLanguage\":\"es\",\"potentialAction\":[{\"@type\":\"ReadAction\",\"target\":[\"https:\/\/www.comercialanma.es\/?product=isabel-arranz-75cl\"]}]},{\"@type\":\"BreadcrumbList\",\"@id\":\"https:\/\/www.comercialanma.es\/?product=isabel-arranz-75cl#breadcrumb\",\"itemListElement\":[{\"@type\":\"ListItem\",\"position\":1,\"item\":{\"@type\":\"WebPage\",\"@id\":\"https:\/\/www.comercialanma.es\/\",\"url\":\"https:\/\/www.comercialanma.es\/\",\"name\":\"Portada\"}},{\"@type\":\"ListItem\",\"position\":2,\"item\":{\"@type\":\"WebPage\",\"@id\":\"https:\/\/www.comercialanma.es\/?page_id=3963\",\"url\":\"https:\/\/www.comercialanma.es\/?page_id=3963\",\"name\":\"Cat\\u00e1logo de Productos\"}},{\"@type\":\"ListItem\",\"position\":3,\"item\":{\"@type\":\"WebPage\",\"@id\":\"https:\/\/www.comercialanma.es\/?product=isabel-arranz-75cl\",\"url\":\"https:\/\/www.comercialanma.es\/?product=isabel-arranz-75cl\",\"name\":\"Isabel Arranz 75cl.\"}}]}]}<\/script>\n<!-- \/ Yoast SEO plugin. -->","_links":{"self":[{"href":"https:\/\/www.comercialanma.es\/index.php?rest_route=\/wp\/v2\/product\/24779"}],"collection":[{"href":"https:\/\/www.comercialanma.es\/index.php?rest_route=\/wp\/v2\/product"}],"about":[{"href":"https:\/\/www.comercialanma.es\/index.php?rest_route=\/wp\/v2\/types\/product"}],"version-history":[{"count":1,"href":"https:\/\/www.comercialanma.es\/index.php?rest_route=\/wp\/v2\/product\/24779\/revisions"}],"predecessor-version":[{"id":24781,"href":"https:\/\/www.comercialanma.es\/index.php?rest_route=\/wp\/v2\/product\/24779\/revisions\/24781"}],"wp:featuredmedia":[{"embeddable":true,"href":"https:\/\/www.comercialanma.es\/index.php?rest_route=\/wp\/v2\/media\/24780"}],"wp:attachment":[{"href":"https:\/\/www.comercialanma.es\/index.php?rest_route=%2Fwp%2Fv2%2Fmedia&parent=24779"}],"curies":[{"name":"wp","href":"https:\/\/api.w.org\/{rel}","templated":true}]}}