
{"id":24813,"date":"2026-04-23T16:49:35","date_gmt":"2026-04-23T14:49:35","guid":{"rendered":"https:\/\/www.comercialanma.es\/?post_type=product&#038;p=24813"},"modified":"2026-04-23T16:54:58","modified_gmt":"2026-04-23T14:54:58","slug":"roncavall-75cl","status":"publish","type":"product","link":"https:\/\/www.comercialanma.es\/?product=roncavall-75cl","title":{"rendered":"Ron\u00e7avall 75cl."},"content":{"rendered":"<h3>D.O.Q:<\/h3>\n<ul>\n<li>Priorat.<\/li>\n<\/ul>\n<h3>Variedades de uva:<\/h3>\n<ul>\n<li>\n<p class=\"title label \">100% Cari\u00f1ena<\/p>\n<\/li>\n<\/ul>\n<h3>Graduaci\u00f3n:<\/h3>\n<ul>\n<li>Graduaci\u00f3n: 15,0% vol.<\/li>\n<\/ul>\n<h3>Nota de cata:<\/h3>\n<div class=\"field\">\n<div class=\"field-items\">\n<div class=\"field field--name-field-nose field--type-string-long field--label-above\">\n<ul>\n<li class=\"field__item\">Complejo, elegante, con cuerpo, afrutado y fresco, notas minerales y especiadas. En boca presenta volumen y frescor, textura sedosa, equilibrado y final largo, todo un placer y carism\u00e1tico. Para beber ahora y durante la siguiente d\u00e9cada.<\/li>\n<\/ul>\n<\/div>\n<\/div>\n<\/div>\n","protected":false},"excerpt":{"rendered":"<p>Vi de Paratge \u2022\u00a0<em>Les Costes &#8211; Torroja<\/em><\/p>\n<div class=\"mcb-wrap-background-overlay\">\n<p>Ron\u00e7avall es el vino m\u00e1s peque\u00f1o. Cien por cien Cari\u00f1ena de vi\u00f1a muy vieja, de una sola finca, Ron\u00e7avall, en Torroja del Priorat. Plantada en la pendiente de pizarra hace 75 a\u00f1os por el abuelo materno de Marc Ripoll.<\/p>\n<p>Expresa el car\u00e1cter \u00fanico de esta singular finca. Mineral, pero con una extremada finura. Elegante y delicado, lleno, fruta, sedoso, equilibrado, con frescor, largo, seductor\u2026<\/p>\n<\/div>\n","protected":false},"featured_media":24814,"template":"","meta":{"spay_email":""},"yoast_head":"<!-- This site is optimized with the Yoast SEO plugin v15.9 - https:\/\/yoast.com\/wordpress\/plugins\/seo\/ -->\n<title>Ron\u00e7avall 75cl. - Comercial de Hosteleria Anma<\/title>\n<meta name=\"description\" content=\"Ron\u00e7avall | 75cl. | D.O.Q Priorat | Ron\u00e7avall es el vino m\u00e1s peque\u00f1o. Cien por cien Cari\u00f1ena de vi\u00f1a muy vieja, de una sola finca.\" \/>\n<meta name=\"robots\" content=\"index, follow, max-snippet:-1, max-image-preview:large, max-video-preview:-1\" \/>\n<link rel=\"canonical\" href=\"https:\/\/www.comercialanma.es\/?product=roncavall-75cl\" \/>\n<meta property=\"og:locale\" content=\"es_ES\" \/>\n<meta property=\"og:type\" content=\"article\" \/>\n<meta property=\"og:title\" content=\"Ron\u00e7avall 75cl. - Comercial de Hosteleria Anma\" \/>\n<meta property=\"og:description\" content=\"Ron\u00e7avall | 75cl. | D.O.Q Priorat | Ron\u00e7avall es el vino m\u00e1s peque\u00f1o. Cien por cien Cari\u00f1ena de vi\u00f1a muy vieja, de una sola finca.\" \/>\n<meta property=\"og:url\" content=\"https:\/\/www.comercialanma.es\/?product=roncavall-75cl\" \/>\n<meta property=\"og:site_name\" content=\"Comercial de Hosteleria Anma\" \/>\n<meta property=\"article:publisher\" content=\"https:\/\/www.facebook.com\/AnmaHosteleria\" \/>\n<meta property=\"article:modified_time\" content=\"2026-04-23T14:54:58+00:00\" \/>\n<meta property=\"og:image\" content=\"https:\/\/i0.wp.com\/www.comercialanma.es\/wp-content\/uploads\/2026\/04\/ronc\u0327avall.jpg?fit=1080%2C1080&#038;ssl=1\" \/>\n\t<meta property=\"og:image:width\" content=\"1080\" \/>\n\t<meta property=\"og:image:height\" content=\"1080\" \/>\n<meta name=\"twitter:card\" content=\"summary_large_image\" \/>\n<meta name=\"twitter:label1\" content=\"Tiempo de lectura\">\n\t<meta name=\"twitter:data1\" content=\"1 minuto\">\n<script type=\"application\/ld+json\" class=\"yoast-schema-graph\">{\"@context\":\"https:\/\/schema.org\",\"@graph\":[{\"@type\":\"Organization\",\"@id\":\"https:\/\/www.comercialanma.es\/#organization\",\"name\":\"Comercial Anma\",\"url\":\"https:\/\/www.comercialanma.es\/\",\"sameAs\":[\"https:\/\/www.facebook.com\/AnmaHosteleria\",\"https:\/\/www.instagram.com\/anmahosteleria\/?hl=es\",\"https:\/\/www.youtube.com\/channel\/UCT2nmn08Ntks0hmpZPnDgCA\"],\"logo\":{\"@type\":\"ImageObject\",\"@id\":\"https:\/\/www.comercialanma.es\/#logo\",\"inLanguage\":\"es\",\"url\":\"https:\/\/i2.wp.com\/www.comercialanma.es\/wp-content\/uploads\/2019\/06\/logo-anma-color.png?fit=247%2C101&ssl=1\",\"width\":247,\"height\":101,\"caption\":\"Comercial Anma\"},\"image\":{\"@id\":\"https:\/\/www.comercialanma.es\/#logo\"}},{\"@type\":\"WebSite\",\"@id\":\"https:\/\/www.comercialanma.es\/#website\",\"url\":\"https:\/\/www.comercialanma.es\/\",\"name\":\"Comercial de Hosteleria Anma\",\"description\":\"\",\"publisher\":{\"@id\":\"https:\/\/www.comercialanma.es\/#organization\"},\"potentialAction\":[{\"@type\":\"SearchAction\",\"target\":\"https:\/\/www.comercialanma.es\/?s={search_term_string}\",\"query-input\":\"required name=search_term_string\"}],\"inLanguage\":\"es\"},{\"@type\":\"ImageObject\",\"@id\":\"https:\/\/www.comercialanma.es\/?product=roncavall-75cl#primaryimage\",\"inLanguage\":\"es\",\"url\":\"https:\/\/i0.wp.com\/www.comercialanma.es\/wp-content\/uploads\/2026\/04\/ronc\\u0327avall.jpg?fit=1080%2C1080&ssl=1\",\"width\":1080,\"height\":1080},{\"@type\":\"WebPage\",\"@id\":\"https:\/\/www.comercialanma.es\/?product=roncavall-75cl#webpage\",\"url\":\"https:\/\/www.comercialanma.es\/?product=roncavall-75cl\",\"name\":\"Ron\\u00e7avall 75cl. - Comercial de Hosteleria Anma\",\"isPartOf\":{\"@id\":\"https:\/\/www.comercialanma.es\/#website\"},\"primaryImageOfPage\":{\"@id\":\"https:\/\/www.comercialanma.es\/?product=roncavall-75cl#primaryimage\"},\"datePublished\":\"2026-04-23T14:49:35+00:00\",\"dateModified\":\"2026-04-23T14:54:58+00:00\",\"description\":\"Ron\\u00e7avall | 75cl. | D.O.Q Priorat | Ron\\u00e7avall es el vino m\\u00e1s peque\\u00f1o. Cien por cien Cari\\u00f1ena de vi\\u00f1a muy vieja, de una sola finca.\",\"breadcrumb\":{\"@id\":\"https:\/\/www.comercialanma.es\/?product=roncavall-75cl#breadcrumb\"},\"inLanguage\":\"es\",\"potentialAction\":[{\"@type\":\"ReadAction\",\"target\":[\"https:\/\/www.comercialanma.es\/?product=roncavall-75cl\"]}]},{\"@type\":\"BreadcrumbList\",\"@id\":\"https:\/\/www.comercialanma.es\/?product=roncavall-75cl#breadcrumb\",\"itemListElement\":[{\"@type\":\"ListItem\",\"position\":1,\"item\":{\"@type\":\"WebPage\",\"@id\":\"https:\/\/www.comercialanma.es\/\",\"url\":\"https:\/\/www.comercialanma.es\/\",\"name\":\"Portada\"}},{\"@type\":\"ListItem\",\"position\":2,\"item\":{\"@type\":\"WebPage\",\"@id\":\"https:\/\/www.comercialanma.es\/?page_id=3963\",\"url\":\"https:\/\/www.comercialanma.es\/?page_id=3963\",\"name\":\"Cat\\u00e1logo de Productos\"}},{\"@type\":\"ListItem\",\"position\":3,\"item\":{\"@type\":\"WebPage\",\"@id\":\"https:\/\/www.comercialanma.es\/?product=roncavall-75cl\",\"url\":\"https:\/\/www.comercialanma.es\/?product=roncavall-75cl\",\"name\":\"Ron\\u00e7avall 75cl.\"}}]}]}<\/script>\n<!-- \/ Yoast SEO plugin. -->","_links":{"self":[{"href":"https:\/\/www.comercialanma.es\/index.php?rest_route=\/wp\/v2\/product\/24813"}],"collection":[{"href":"https:\/\/www.comercialanma.es\/index.php?rest_route=\/wp\/v2\/product"}],"about":[{"href":"https:\/\/www.comercialanma.es\/index.php?rest_route=\/wp\/v2\/types\/product"}],"version-history":[{"count":1,"href":"https:\/\/www.comercialanma.es\/index.php?rest_route=\/wp\/v2\/product\/24813\/revisions"}],"predecessor-version":[{"id":24815,"href":"https:\/\/www.comercialanma.es\/index.php?rest_route=\/wp\/v2\/product\/24813\/revisions\/24815"}],"wp:featuredmedia":[{"embeddable":true,"href":"https:\/\/www.comercialanma.es\/index.php?rest_route=\/wp\/v2\/media\/24814"}],"wp:attachment":[{"href":"https:\/\/www.comercialanma.es\/index.php?rest_route=%2Fwp%2Fv2%2Fmedia&parent=24813"}],"curies":[{"name":"wp","href":"https:\/\/api.w.org\/{rel}","templated":true}]}}

Ronçavall 75cl.

<h3>D.O.Q:</h3>
<ul>
<li>Priorat.</li>
</ul>
<h3>Variedades de uva:</h3>
<ul>
<li>
<p class="title label ">100% Cariñena</p>
</li>
</ul>
<h3>Graduación:</h3>
<ul>
<li>Graduación: 15,0% vol.</li>
</ul>
<h3>Nota de cata:</h3>
<div class="field">
<div class="field-items">
<div class="field field--name-field-nose field--type-string-long field--label-above">
<ul>
<li class="field__item">Complejo, elegante, con cuerpo, afrutado y fresco, notas minerales y especiadas. En boca presenta volumen y frescor, textura sedosa, equilibrado y final largo, todo un placer y carismático. Para beber ahora y durante la siguiente década.</li>
</ul>
</div>
</div>
</div>

<p>Vi de Paratge • <em>Les Costes &#8211; Torroja</em></p>
<div class="mcb-wrap-background-overlay">
<p>Ronçavall es el vino más pequeño. Cien por cien Cariñena de viña muy vieja, de una sola finca, Ronçavall, en Torroja del Priorat. Plantada en la pendiente de pizarra hace 75 años por el abuelo materno de Marc Ripoll.</p>
<p>Expresa el carácter único de esta singular finca. Mineral, pero con una extremada finura. Elegante y delicado, lleno, fruta, sedoso, equilibrado, con frescor, largo, seductor…</p>
</div>

<!-- This site is optimized with the Yoast SEO plugin v15.9 - https://yoast.com/wordpress/plugins/seo/ -->
<title>Ronçavall 75cl. - Comercial de Hosteleria Anma</title>
<meta name="description" content="Ronçavall | 75cl. | D.O.Q Priorat | Ronçavall es el vino más pequeño. Cien por cien Cariñena de viña muy vieja, de una sola finca." />
<meta name="robots" content="index, follow, max-snippet:-1, max-image-preview:large, max-video-preview:-1" />
<link rel="canonical" href="https://www.comercialanma.es/?product=roncavall-75cl" />
<meta property="og:locale" content="es_ES" />
<meta property="og:type" content="article" />
<meta property="og:title" content="Ronçavall 75cl. - Comercial de Hosteleria Anma" />
<meta property="og:description" content="Ronçavall | 75cl. | D.O.Q Priorat | Ronçavall es el vino más pequeño. Cien por cien Cariñena de viña muy vieja, de una sola finca." />
<meta property="og:url" content="https://www.comercialanma.es/?product=roncavall-75cl" />
<meta property="og:site_name" content="Comercial de Hosteleria Anma" />
<meta property="article:publisher" content="https://www.facebook.com/AnmaHosteleria" />
<meta property="article:modified_time" content="2026-04-23T14:54:58+00:00" />
<meta property="og:image" content="https://i0.wp.com/www.comercialanma.es/wp-content/uploads/2026/04/ronçavall.jpg?fit=1080%2C1080&#038;ssl=1" />
	<meta property="og:image:width" content="1080" />
	<meta property="og:image:height" content="1080" />
<meta name="twitter:card" content="summary_large_image" />
<meta name="twitter:label1" content="Tiempo de lectura">
	<meta name="twitter:data1" content="1 minuto">
<script type="application/ld+json" class="yoast-schema-graph">{"@context":"https://schema.org","@graph":[{"@type":"Organization","@id":"https://www.comercialanma.es/#organization","name":"Comercial Anma","url":"https://www.comercialanma.es/","sameAs":["https://www.facebook.com/AnmaHosteleria","https://www.instagram.com/anmahosteleria/?hl=es","https://www.youtube.com/channel/UCT2nmn08Ntks0hmpZPnDgCA"],"logo":{"@type":"ImageObject","@id":"https://www.comercialanma.es/#logo","inLanguage":"es","url":"https://i2.wp.com/www.comercialanma.es/wp-content/uploads/2019/06/logo-anma-color.png?fit=247%2C101&ssl=1","width":247,"height":101,"caption":"Comercial Anma"},"image":{"@id":"https://www.comercialanma.es/#logo"}},{"@type":"WebSite","@id":"https://www.comercialanma.es/#website","url":"https://www.comercialanma.es/","name":"Comercial de Hosteleria Anma","description":"","publisher":{"@id":"https://www.comercialanma.es/#organization"},"potentialAction":[{"@type":"SearchAction","target":"https://www.comercialanma.es/?s={search_term_string}","query-input":"required name=search_term_string"}],"inLanguage":"es"},{"@type":"ImageObject","@id":"https://www.comercialanma.es/?product=roncavall-75cl#primaryimage","inLanguage":"es","url":"https://i0.wp.com/www.comercialanma.es/wp-content/uploads/2026/04/ronc\u0327avall.jpg?fit=1080%2C1080&ssl=1","width":1080,"height":1080},{"@type":"WebPage","@id":"https://www.comercialanma.es/?product=roncavall-75cl#webpage","url":"https://www.comercialanma.es/?product=roncavall-75cl","name":"Ron\u00e7avall 75cl. - Comercial de Hosteleria Anma","isPartOf":{"@id":"https://www.comercialanma.es/#website"},"primaryImageOfPage":{"@id":"https://www.comercialanma.es/?product=roncavall-75cl#primaryimage"},"datePublished":"2026-04-23T14:49:35+00:00","dateModified":"2026-04-23T14:54:58+00:00","description":"Ron\u00e7avall | 75cl. | D.O.Q Priorat | Ron\u00e7avall es el vino m\u00e1s peque\u00f1o. Cien por cien Cari\u00f1ena de vi\u00f1a muy vieja, de una sola finca.","breadcrumb":{"@id":"https://www.comercialanma.es/?product=roncavall-75cl#breadcrumb"},"inLanguage":"es","potentialAction":[{"@type":"ReadAction","target":["https://www.comercialanma.es/?product=roncavall-75cl"]}]},{"@type":"BreadcrumbList","@id":"https://www.comercialanma.es/?product=roncavall-75cl#breadcrumb","itemListElement":[{"@type":"ListItem","position":1,"item":{"@type":"WebPage","@id":"https://www.comercialanma.es/","url":"https://www.comercialanma.es/","name":"Portada"}},{"@type":"ListItem","position":2,"item":{"@type":"WebPage","@id":"https://www.comercialanma.es/?page_id=3963","url":"https://www.comercialanma.es/?page_id=3963","name":"Cat\u00e1logo de Productos"}},{"@type":"ListItem","position":3,"item":{"@type":"WebPage","@id":"https://www.comercialanma.es/?product=roncavall-75cl","url":"https://www.comercialanma.es/?product=roncavall-75cl","name":"Ron\u00e7avall 75cl."}}]}]}</script>
<!-- / Yoast SEO plugin. -->
